{"id":10981,"date":"2026-03-15T12:49:20","date_gmt":"2026-03-15T10:49:20","guid":{"rendered":"https:\/\/www.hitit.fi\/?page_id=10981"},"modified":"2026-03-15T12:50:27","modified_gmt":"2026-03-15T10:50:27","slug":"uutuuslevyt-2026","status":"publish","type":"page","link":"http:\/\/www.hitit.fi\/index.php\/uutuuslevyt-2026\/","title":{"rendered":"Uutuuslevyt 2026"},"content":{"rendered":"\n<p><strong>Mikko Kartano &#8211; Suomalainen mies<\/strong><\/p>\n\n\n\n<p>&#8211; Lopultakin saatiin uusi kansallislaulu \u201dOlen suomalainen\u201d-genreen! Klassikko jo syntyess\u00e4\u00e4n. Hitti! &#8211; Pete &#8211;<\/p>\n\n\n\n<p>&#8211; T\u00e4ll\u00e4 sinkulla menn\u00e4\u00e4n rauhallisissa merkeiss\u00e4 eteenp\u00e4in, vaikka toisiin nojaillen. Hyvin laitettu yhteen iskelm\u00e4n ja poppismusiikin jutut kesken\u00e4\u00e4n yhteen. Hyvin on tuotettu ja toteutettu ett\u00e4 my\u00f6skin sovitettu kokonaisuus t\u00e4ll\u00e4 sinkulla. T\u00e4t\u00e4 kuunnellessa paikassa kuin paikassa, hyv\u00e4ilee musiikilliset kuviot miellytt\u00e4v\u00e4sti korvia ja mahdollisesti muitakin paikkoja. T\u00e4ss\u00e4 on kovan menon iltaan sopiva rauhallisten hetkien&nbsp; tunnelmallinen pl\u00e4j\u00e4ys artistilta. &#8211; Harold &#8211;<\/p>\n\n\n\n<p><strong>Leia &#8211; Kauniita ja kest\u00e4vii<\/strong><\/p>\n\n\n\n<p>&#8211; USAssa lapsuutensa viett\u00e4nyt artisti laulaa tarttuvaa poppia. K\u00e4ytt\u00f6musaa radioon ja my\u00f6s tanssiparketeille. &#8211; Pete &#8211;<\/p>\n\n\n\n<p>&#8211; T\u00e4ss\u00e4 on tarjolla j\u00e4lleen kerran uutta musiikkia iskelm\u00e4discopopgenreen. Kappale on tosin hyvin tehty, onnistunut ja jotenkin mukaansa ottava, varsinkin melodian osalta. Hyv\u00e4n\u00e4 pointtina on tuo konekomppimainen tausta, mit\u00e4 pystyy tanssimaa vaihtarilla ett\u00e4 vapaalla tyylill\u00e4. Lupaavasti alkava kappale ottaa jo ensitahdista mukaansa kuitenkin, anyway, fusku-\/bugkansa kyl\u00e4 tulee tykk\u00e4\u00e4m\u00e4\u00e4n t\u00e4t\u00e4 saadessaan tanssia. Selke\u00e4ll\u00e4 \u00e4\u00e4nell\u00e4 laulava artisti on hyvin sovitettu taustaan ja kokonaisuuteen. Hyv\u00e4\u00e4 materiaalia tanssipaikoille kuten muuallekkin. &#8211; Harold &#8211;<\/p>\n\n\n\n<p><strong>Hyv\u00e4, paras, parempi &#8211; <\/strong>\u00c4ss\u00e4t &#8211; Poptori<\/p>\n\n\n\n<p>&#8211; Oululainen \u00c4ss\u00e4t ja sanoittaja Kari Tynin ylistys pitk\u00e4lle parisuhteelle. Kokemus puhuu, onhan asialla jo l\u00e4hes 50 v toiminut \u00c4ss\u00e4t, laulusolistinaan alkuper\u00e4isj\u00e4sen, tyylik\u00e4s Lare Siltala S\u00e4vellys ja sovitus kultasormi Petri Kokko. &#8211; Pete &#8211;<\/p>\n\n\n\n<p><strong>Auringon Lapset ft. Arja Koriseva &#8211; Napanuora<\/strong><\/p>\n\n\n\n<p>&#8211; T\u00e4ss\u00e4 on tarjolla j\u00e4lleen kerran uutta musiikkia iskelm\u00e4discopopgenreen. Kappale on tosin hyvin tehty, onnistunut ja jotenkin mukaansa ottava, varsinkin melodian osalta. Hyv\u00e4n\u00e4 pointtina on tuo konekomppimainen tausta, mit\u00e4 pystyy tanssimaa vaihtarilla ett\u00e4 vapaalla tyylill\u00e4. Lupaavasti alkava kappale ottaa jo ensitahdista mukaansa kuitenkin, anyway, fusku-\/bugkansa kyl\u00e4 tulee tykk\u00e4\u00e4m\u00e4\u00e4n t\u00e4t\u00e4 saadessaan tanssia, eli eiv\u00e4t j\u00e4\u00e4 lattian reunoille makoilemaan vaan mukavan hell\u00e4sti kutsuttuna vain lattialle p\u00e4in meno k\u00e4y. Selke\u00e4ll\u00e4 \u00e4\u00e4nell\u00e4 laulava artisti on hyvin sovitettu taustaan ja kokonaisuuteen. Hyv\u00e4\u00e4 materiaalia tanssipaikoille kuten muuallekkin. T\u00e4m\u00e4 kappale vain on hyv\u00e4 toimien ik\u00e4\u00e4n katsomatta t\u00e4ydellisen mukavasti. T\u00e4ss\u00e4 on k\u00e4ytt\u00f6kelpoinen kokonaisuus k\u00e4sill\u00e4 moniin paikkoihin soittoon. Kunnon iskelm\u00e4soittajan pakista l\u00f6ytyv\u00e4 kappale on kyll\u00e4, minulla ainakin. &#8211; Harold &#8211;<\/p>\n\n\n\n<p><strong>P. Orava &amp; Pohjavire &#8211; Aallonharjat<\/strong><\/p>\n\n\n\n<p>&#8211; T\u00e4ss\u00e4 sinkussa on erinomaiset Suomi-iskelm\u00e4taustat, mit\u00e4 tykk\u00e4\u00e4 kansa tanssia mielell\u00e4\u00e4n. Hyvin soitetut ett\u00e4 sovitetut taustat ovat kappaleen perusta ja t\u00e4ss\u00e4 on siin\u00e4 onnistuttu eritt\u00e4in hyvin ja viel\u00e4 artistikin siihen hyvin sopiva laulamassa. Musiikin tahtiin alkaa jalka nytk\u00e4htelem\u00e4\u00e4n ja jos tanssilattia olisi vieress\u00e4, niin kohti sit\u00e4 ment\u00e4isiin takuuvarmasti, my\u00f6skin fuskukansa takuuvarmasti tykk\u00e4\u00e4 t\u00e4st\u00e4. En usko t\u00e4m\u00e4n olevan yhden illan t\u00e4hdenlentokappaleen. &#8211; Harold &#8211;<\/p>\n\n\n\n<p><strong>Teemu Ahtonen &#8211; Kyl\u00e4h\u00e4\u00e4t<\/strong><\/p>\n\n\n\n<p>&#8211; Marion levytti 1977 espanjalais &#8211; ranskalaisen Georgie Dannin tunnetuksi tekem\u00e4n El Campesino-hitin, jonka s\u00e4velsi alun perin italialainen n\u00e4yttelij\u00e4-muusikko Franco Bracardi. Suomalaiset sanat riimitteli Juha Vainio. Nyt kappaleesta on laulanut l\u00e4hes 40 vuoden j\u00e4lkeen uuden version kajaanilainen maisteris- ja virkamies, kovan luokan laulaja Teemu Ahtonen<strong>. <\/strong>Sovituksen teki t\u00e4h\u00e4nkin Petri Kokko. &#8211; Pete &#8211;<\/p>\n\n\n\n<p>&#8211; T\u00e4m\u00e4 sinkku pist\u00e4\u00e4 jalan koetukselle rasituksesta. Kappale on todella hyvin tehty ett\u00e4 toteutettu ja tanssivan kansan vie tunteiden hurmioon. T\u00e4m\u00e4 kappale vain vie vain mukanaan kohti hyvi\u00e4 fiiliksi\u00e4 ja tuntemuksia uudelleen. T\u00e4m\u00e4 kappale vain vet\u00e4\u00e4 tasaselle tanssimaan ja nauttimaan uusista versioista iskelm\u00e4musiikin maailmassa. Hyvin tehty l\u00e4mmittely vanhasta, kaikkien tuntemasta kappaleesta. &#8211; Harold &#8211;<\/p>\n\n\n\n<p><strong>Nina &amp; Harri Piiroinen &#8211; Meit\u00e4 suurempaa<\/strong><\/p>\n\n\n\n<p>&#8211; T\u00e4ll\u00e4 sinkulla menn\u00e4\u00e4n lantiot j\u00e4lleen kerran keinuen eteenp\u00e4in latinotyyppisill\u00e4 rytmeill\u00e4. Kappale soveltuu hyvin kaupallisen tuotannon sekaan. Mukavan ilmava rytmi on t\u00e4m\u00e4n kappaleen suola ja pit\u00e4\u00e4 kaiken koossa loppuun asti. Kappaleet on tehty ja tuotettu hyvin ja sovitettu duo-artisteille. T\u00e4m\u00e4n tyyliset kappaleet vain jotenkin pirist\u00e4v\u00e4t normikes\u00e4sadeilmastoa t\u00e4\u00e4ll\u00e4 meill\u00e4. Kappale on varmasti Suomi-iskelm\u00e4paikkojen lattarifanien mieleen t\u00e4ysin. &#8211; Harold &#8211;<\/p>\n\n\n\n<p><strong>King Drapes &#8211; S\u00e4\u00e4nn\u00f6t rakkauden<\/strong><\/p>\n\n\n\n<p>&#8211; T\u00e4ll\u00e4 sinkulla menn\u00e4\u00e4n kyll\u00e4 rautaisen hienosti ett\u00e4 reippaasti eteenp\u00e4in. T\u00e4ll\u00e4 kappaleella voipi tanssilattialla todella ottaa lennokkaita askelia kohti t\u00e4yttymyst\u00e4, kun heikommat j\u00e4\u00e4 lavan reunalle ruikuttamaan. Todella hyvin tehty kokonaisuus ja selkeill\u00e4 rytmeill\u00e4 ja soundeilla ett\u00e4 sanoilla menn\u00e4\u00e4n koko kappale l\u00e4pi. Artistin \u00e4\u00e4ni sopii hyvin kappaleeseen ja riitt\u00e4isi jopa vaikeampiinkin melodisiinkin kuvioihin edelleen. Hyv\u00e4 kokonaisuus rautaisella tyylill\u00e4 tehtyn\u00e4, mik\u00e4 ei j\u00e4t\u00e4 tanssijaakaan kylm\u00e4ksi. T\u00e4m\u00e4 kappale ei vain j\u00e4\u00e4 paikoilleen ja tuskin j\u00e4tt\u00e4\u00e4 kuuntelijakaan tai tanssijaa, on sevverran menev\u00e4 rytmitys ja meno t\u00e4ss\u00e4 tarjolla ett\u00e4 toimiva kaikin puolin. Fusku-\/bugkansa kyl\u00e4 tulee tykk\u00e4\u00e4m\u00e4\u00e4n t\u00e4st\u00e4 kappaleesta saadessaan tanssia. &#8211; Harold &#8211;<\/p>\n\n\n\n<p><strong>Olavi Wilenius &#8211; Illan viimeinen s\u00e4vel<\/strong><\/p>\n\n\n\n<p>&#8211; T\u00e4ll\u00e4 sinkulla menn\u00e4\u00e4n perinteit\u00e4 kunnioittaen perusiskelm\u00e4tahdissa eteenp\u00e4in tasatarkasti tahdilleen. Erinomainen kappale perinteisen iskelm\u00e4musiikin yst\u00e4ville on t\u00e4ss\u00e4 tarjolla tanssilattialle ja k\u00e4ytett\u00e4viin soittimiin. Tarkasti tehty kokonaisuus ja oman k\u00e4ytt\u00e4j\u00e4nkuntansa ehdoton hankinta k\u00e4ytt\u00f6\u00f6n kuin k\u00e4ytt\u00f6\u00f6n. &#8211; Harold &#8211;<\/p>\n\n\n\n<p><strong>Jarmo Ranta &#8211; Valkoiset joutsenet<\/strong><\/p>\n\n\n\n<p>&#8211; T\u00e4ll\u00e4 sinkulla on hyv\u00e4t perinteiset iskelm\u00e4soundit, tahdeista puhumattakaan sanoitusten kera. T\u00e4m\u00e4n tahdissa alkaa vanhankansan jalka vipahtamaan takuuvarmasti tahtiin kuitenkii. Toimii takuuvarmasti monessa t\u00e4m\u00e4n musiikin paikassa. Artistin esitystapa vain sopii hyvin t\u00e4h\u00e4n kappaleeseen. Todellakin perinteinen genreen kuuluva tuotos, ei kaupallinen eik\u00e4 kruusailtu, omaksi edukseen. &#8211; Harold &#8211;<\/p>\n\n\n\n<p><strong>The Sounds &#8211; Myrskyluodon Maija<\/strong><\/p>\n\n\n\n<p>&#8211; Tuttu s\u00e4velm\u00e4 <strong>Myrskyluodon Maija <\/strong>ja Suomen ensimm\u00e4inen levymenestykseen ylt\u00e4nyt rautalankayhtye The Sounds, jonka Emma mullisti suomalaisen popmusiikin vuonna 1963, The Soundsien alkuper\u00e4isist\u00e4 j\u00e4senist\u00e4 b\u00e4ndiss\u00e4 soittaa edelleen basisti Peter Ekman, mutta alkuper\u00e4inen rumpali Johnny Liebkind viett\u00e4\u00e4 jo el\u00e4kep\u00e4ivi\u00e4 musiikista. Tyylik\u00e4s veto! &#8211; Pete &#8211;<\/p>\n\n\n\n<p>&#8211; T\u00e4ll\u00e4 sinkulla on hienosti l\u00e4mmitelty vanhaa&nbsp; klassikkoa. Todella hyvin toteutettuna ja tuotettuna on hyv\u00e4\u00e4 musiikkia suomalaisen iskelm\u00e4musiikin genreen kaikille k\u00e4ytett\u00e4viksi. N\u00e4iden tahdissa alkaa kyll\u00e4 tassu kuin tassu vipattamaan ja hyv\u00e4n fiiliksen muutenkin tuomaan kokonaisuudessaan. Todella upeat rautalankakitaran kuulemiskokemukset saadaan n\u00e4iden kappaleiden soidessa sek\u00e4 pianon kera ett\u00e4 ilman. Rautakitaralanka se vain on sit\u00e4 jotakin todella mukavaa kuunneltavaa ja jos mahdollista, tanssittavaakin. Hyv\u00e4t kappaleet ja valinnat j\u00e4lleen kerran artistilta. Ehdoton suosikki viimeisiksi hitaiksi paikkaan kuin paikkaan. Kunnon iskelm\u00e4soittajan pakista l\u00f6ytyv\u00e4 kappale on kyll\u00e4, minulla ainakin. &#8211; Harold &#8211;<\/p>\n\n\n\n<p><strong>K.O.Green ft.Pinya &#8211; Home By The Sea<\/strong><\/p>\n\n\n\n<p>&#8211; Mukaansa tempaavaa aikuisdiskoa ja kantripoppia sopivan sekoituksena radioaalloille ja tanssiparketeille. Hitti! &#8211; Pete &#8211;<\/p>\n\n\n\n<p>&#8211; T\u00e4ll\u00e4 sinkulla menn\u00e4\u00e4n countrysoundeilla eteenp\u00e4in hienosti &amp; reippaasti. Artistienn \u00e4\u00e4nnet sopii hyvin melodioihin ja t\u00e4ydent\u00e4\u00e4 kappaleita erinomaisesti. Hyv\u00e4\u00e4 kantri-iskelm\u00e4\u00e4 tanssivalle kansalle tanssilattioille ja tanssi-iltoihin. Kappale on hyvin toteutettu ja tuotettu kokonaisuus, miss\u00e4 artistit ja orkesteri menev\u00e4t sopusoinnussa kesken\u00e4\u00e4n. Todella mukavaa kantrimusaa kuitenkin tarjolla kansalle kuultavaksi\/tansittavaksi on tarjolla hyvin tehtyjen taustojen my\u00f6t\u00e4 joko tasaselle tai tienp\u00e4\u00e4lle. Kunnon iskelm\u00e4- ett\u00e4 sekasoittajan pakista l\u00f6ytyv\u00e4 kappale on kyll\u00e4, minulla ainakin. &#8211; Harold &#8211;<\/p>\n\n\n\n<p><strong>Tuija Koberg &#8211; Pyyd\u00e4n j\u00e4\u00e4<\/strong><\/p>\n\n\n\n<p>&#8211; Kaunis tunnelmapala, iso iskelm\u00e4, laadukas tuotanto. &#8211; Pete &#8211;<\/p>\n\n\n\n<p>&#8211; T\u00e4ll\u00e4 sinkulla voi sanoa kiireelle hyv\u00e4stit mukavan rauhallisilla rytmeill\u00e4 j\u00e4lleen kerran. Melodian ett\u00e4 sanoitusten parissa on mukava sitten hiljenty\u00e4 rauhoittumaan t\u00e4m\u00e4n soidessa. Onneksi t\u00e4m\u00e4 levy ei ole tusinatavaraa, mihin nyky\u00e4\u00e4n t\u00f6rm\u00e4\u00e4 aikas usein. Eli rauhallinen slowari ja sen rauhallisella tahdituksella. Niin ja artistinkin \u00e4\u00e4ni sopii todella hyvin kappaleeseen. &#8211; Harold &#8211;<\/p>\n\n\n\n<p><strong>Jari Penttil\u00e4 &#8211; Viikon viimeinen keikka<\/strong><\/p>\n\n\n\n<p>&#8211; T\u00e4ss\u00e4 sinkussa on perinteiset Suomi-iskelm\u00e4taustat, mit\u00e4 tykk\u00e4\u00e4 kansa tanssia. Hyvin soitetut ett\u00e4 sovitetut taustat ovat kappaleen perusta ja t\u00e4ss\u00e4 on siin\u00e4 onnistuttu eritt\u00e4in hyvin. Kantrahtavan musiikin tahtiin alkaa jalka nytk\u00e4htelem\u00e4\u00e4n ja jos tanssilattia olisi vieress\u00e4, niin kohti sit\u00e4 ment\u00e4isiin takuuvarmasti. Artistin klabbiimainen esitystapa vain sopii hyvin kappaleisiin. Eli kaikki t\u00e4ydent\u00e4\u00e4 toisiaan hyvin yhteen jne. &#8211; Harold &#8211;<\/p>\n\n\n\n<p>&#8211; T\u00e4sm\u00e4isku autoradioon puhuttelee erityisesti automiehi\u00e4 ja heid\u00e4n l\u00e4heisi\u00e4\u00e4n. &#8211; Pete &#8211;<\/p>\n\n\n\n<p><strong>Benjamin Enroth &#8211; Aikuisten leikkei<\/strong><\/p>\n\n\n\n<p>&#8211; T\u00e4ss\u00e4 on tarjolla j\u00e4lleen kerran uutta musiikkia iskelm\u00e4discogenreen. Kappale on tosin hyvin tehty, onnistunut ja jotenkin todella mukaansa ottava, varsinkin melodian osalta. Hyv\u00e4n\u00e4 pointtina on tuo konekomppimainen tausta, mit\u00e4 pystyy tanssimaa vaihtarilla ett\u00e4 vapaalla tyylill\u00e4. Lupaavasti alkava kappale ottaa jo ensitahdista mukaansa kuitenkin, anyway, fusku-\/bugkansa kyl\u00e4 tulee tykk\u00e4\u00e4m\u00e4\u00e4n t\u00e4t\u00e4 saadessaan tanssia, eli eiv\u00e4t j\u00e4\u00e4 lattian reunoille makoilemaan vaan mukavan hell\u00e4sti kutsuttuna vain lattialle p\u00e4in meno k\u00e4y. Selke\u00e4ll\u00e4 \u00e4\u00e4nell\u00e4 laulava nuori ja teknisesti proartisti on hyvin sovitettu taustaan ja kokonaisuuteen. Hyv\u00e4\u00e4 materiaalia tanssipaikoille kuten muuallekkin. T\u00e4m\u00e4 kappale vain on hyv\u00e4 toimien ik\u00e4\u00e4n katsomatta paikassa kuin paikassa. T\u00e4ss\u00e4 on k\u00e4ytt\u00f6kelpoinen kokonaisuus k\u00e4sill\u00e4 moniin paikkoihin soittoon. Kunnon iskelm\u00e4soittajan pakista l\u00f6ytyv\u00e4 kappale on kyll\u00e4, minulla ainakin. &#8211; Harold &#8211;<\/p>\n\n\n\n<p>&#8211; Tangoprinssin eka oma biisi on tarttuvaa aikuisdiskoa. Moderni eurodance-soundi ja tarttuva melodia. Hitti! &#8211; Pete &#8211;<\/p>\n\n\n\n<p><strong>Jaska M\u00e4kynen &#8211; Luonnonlapsi<\/strong><\/p>\n\n\n\n<p>&#8211; Komea\u00e4\u00e4ninen klassikon p\u00e4ivitys, Jaska l\u00e4htee samalle viivalle Olavi Virran kanssa ja onnistuu. K\u00e4ytt\u00f6musaa. &#8211; Pete &#8211;<\/p>\n\n\n\n<p>&#8211; T\u00e4m\u00e4 sinkku pist\u00e4\u00e4 jalan koetukselle rasituksesta sek\u00e4 kappaleen tunnettavuuden ett\u00e4 esitt\u00e4v\u00e4n artistin toimesta. Kappale on todella hyvin tehty ett\u00e4 toteutettu ja tanssivan kansan vie tunteiden hurmioon. T\u00e4m\u00e4 kappale vain vie vain mukanaan kohti hyvi\u00e4 fiiliksi\u00e4 ja tuntemuksia uudelleen. T\u00e4m\u00e4 kappale vain yksinkertaisesti vet\u00e4\u00e4 tasaselle tanssimaan ja nauttimaan t\u00e4st\u00e4 uudesta versiosta iskelm\u00e4musiikin maailmassa. Todella hyvin koottu l\u00e4mmittely vanhasta, kaikkien tuntemasta kappaleesta. Kunnon iskelm\u00e4soittajan pakista l\u00f6ytyv\u00e4 kappale on kyll\u00e4, minulla ainakin. &#8211; Harold &#8211;<\/p>\n\n\n\n<p><strong>Anne-Marie Hannonen &#8211; Mun oma kultani<\/strong><\/p>\n\n\n\n<p>&#8211; Tanssittavaa iskelm\u00e4\u00e4 tanssijalan alle ja korvien v\u00e4liin. &#8211; Pete &#8211;<\/p>\n\n\n\n<p>&#8211; T\u00e4ll\u00e4 sinkulla menn\u00e4\u00e4n perinteit\u00e4 kunnioittaen perinteisell\u00e4 tyylill\u00e4 eteenp\u00e4in. Haitari soi ja rytmeiss\u00e4 menn\u00e4\u00e4n tasatarkkatahdeissa selke\u00e4sti ett\u00e4 ripe\u00e4sti. Perinteisen iskelm\u00e4tyylin kannattajien mustpakko hankinta menoon mukaan, paikasta riippumattomissa hetkiss\u00e4 oleviin aikoihin. Kokeneemman tanssikansan tai perinteisen tyylin tansseihin eritt\u00e4in sopiva kokonaisuus on t\u00e4m\u00e4 tuotos. T\u00e4m\u00e4 on hyvin pelkistetyn oloinen kokonaisuus haitarikansalle. &#8211; Harold &#8211;<\/p>\n\n\n\n<p><strong>Anitta Mattila &#8211;&nbsp;Onnelliset p\u00e4iv\u00e4t<\/strong><\/p>\n\n\n\n<p>&#8211; T\u00e4m\u00e4 sinkku pist\u00e4\u00e4 jalan koetukselle rasituksesta, kuinka kauan jaksaa polkea tahtia lavalla tai sen vieress\u00e4. Kappale on todella hyvin tehty ett\u00e4 toteutettu ja tanssivan kansan, varsinkin fusku- ett\u00e4 bugkansan hurmioon ottavasti. Todella tarttuva rytmitys tehty ja melodia on mit\u00e4 kauneinta, jopa vain pelk\u00e4st\u00e4\u00e4n kuunnella, mutta tasaselle pit\u00e4\u00e4 p\u00e4\u00e4st\u00e4 jalkoja lepuuttamaan t\u00e4m\u00e4n tahdissa kuitenkin. T\u00e4m\u00e4 kappale vain vie jotenkin vain mukanaan kohti hyvi\u00e4 fiiliksi\u00e4 ja tuntemuksia. On vain todella hyvin toteutettu ja tehty ett\u00e4 sovitettu. Kaikki tekniset jutut ovat 10 arvoisesti tehty, my\u00f6s laulaminen ;), onhan siell\u00e4 Suomen k\u00e4rki\u00e4\u00e4ninen artisti laulamassa. T\u00e4m\u00e4 kappale vain vet\u00e4\u00e4 tasaselle tanssimaan ja nauttimaan iskelm\u00e4musiikin maailmassa. T\u00e4ss\u00e4 on hyv\u00e4\u00e4 ja nautittavaa musiikkia tanssivalle kansalle. Kunnon iskelm\u00e4soittajan pakista l\u00f6ytyv\u00e4 kappale on kyll\u00e4, minulla ainakin. &#8211; Harold &#8211;<\/p>\n\n\n\n<p>&#8211; Tarttuva pop-iskelm\u00e4, laatuty\u00f6t\u00e4. Hittimateriaalia.S\u00e4v. Jari R\u00f6nkk\u00f6, san. Reijo P\u00e4kkil\u00e4 ja sov. Toni Nyg\u00e5rd. &#8211; Pete &#8211;<\/p>\n\n\n\n<p><strong>Juho Backman &#8211; Valon lapsi<\/strong><\/p>\n\n\n\n<p>&#8211; T\u00e4ll\u00e4 sinkulla menn\u00e4\u00e4n perinteisesti slowarimusiikin hengess\u00e4 eteenp\u00e4in mukavan rauhallisesti iskelm\u00e4llisin rytmein. Erinomainen kappale iskelm\u00e4isen musiikin yst\u00e4ville on t\u00e4ss\u00e4 tarjolla &#8221;sesonkihetkiin&#8221;. Artistin rauhallinen \u00e4\u00e4ni sopii erinomaisesti kappaleiden sovituksiin ja sen kuulee hienosti kappaleita kuunnellessa tai tanssiessa. &#8211; Harold &#8211;<\/p>\n\n\n\n<p>&#8211; Voimaannuttava rakkaudentunnustus omalle lapselle. Klassikkoainesta radiosoittoon. &#8211; Pete &#8211;<\/p>\n\n\n\n<p><strong>Toni Rossi ja Sinitaivas &#8211; Labrador<\/strong><\/p>\n\n\n\n<p>&#8211; T\u00e4ss\u00e4 kappaleessa vain menn\u00e4\u00e4n eik\u00e4 meinata eteenp\u00e4in kevyen oloisesti. Mukavan ilmava kappale soittaa ett\u00e4 tansahdella tanssilattialla. T\u00e4ss\u00e4 on n\u00e4it\u00e4 kitara olomuotoja taustassa, mutta ne kyll\u00e4 tuntuu toimivan todella hyvin. Positiivinen yll\u00e4tys oli ekalla kuuntelukerralla, kun ihan jotakin muuta perinteist\u00e4 odotin. T\u00e4ss\u00e4 on sit\u00e4 jotakin, mik\u00e4 j\u00e4\u00e4 soimaan pitk\u00e4\u00e4n mieliin, vaikka kappale on loppunut ajat sitten. Todella mukava ja nautinnollinen pl\u00e4j\u00e4ys artistilta. Niin ja artistinkin \u00e4\u00e4ni sopii todella hyvin kappaleeseen. &#8211; Harold &#8211;<\/p>\n\n\n\n<p>&#8211; Toni Rossi &amp; Sinitaivas oli 90-luvun suosittu iskelm\u00e4b\u00e4ndi, joka levytti ison nipun hittej\u00e4 ennen kuin lopetti 1998. Nyt ryhm\u00e4 tekee komeaa paluuta iskelm\u00e4taivaalle vanhan tuottajansa Ilkka Vainion kanssa. <strong>Labrador-hitin<\/strong> teossa on ollut mukana koko b\u00e4ndi. S\u00e4v. Toni Rossi, san. Kari Kukkola ja sov. Peter Parkkonen, Jukka Viljamaa. Toni Rossi on oikealta nimelt\u00e4\u00e4n Timo Allan Kipahti, eik\u00e4 t\u00e4t\u00e4 ryhm\u00e4\u00e4 pid\u00e4 sekoittaa Juha-Matti Aholan ja kumppaneiden Sinitaivas-orkesteriin. No kyll\u00e4 Suomeen kaksi Sinitaivasta mahtuu. &#8211; Pete &#8211;<\/p>\n\n\n\n<p><strong>Paul Oxley&#8217;s Unit &#8211; Fighters<\/strong><\/p>\n\n\n\n<p>&#8211; T\u00e4ss\u00e4 on tarjolla uutta musiikkia iskelm\u00e4poprockgenreen. Kappale on tosin hyvin tehty, onnistunut ja mielt\u00e4 pirist\u00e4v\u00e4 tuotos kyll\u00e4 tarjolla t\u00e4ss\u00e4, onhan artistina uraa tehnyt henkil\u00f6. Lupaavasti alkava kappale ottaa jo ensitahdista mukaansa kuitenkin, anyway. Kuitenkin k\u00e4ytt\u00f6kelpoinen kokonaisuus on t\u00e4ss\u00e4 k\u00e4sill\u00e4 moniin paikkoihin soittoon. Fusku- ja buggkansan ehdoton lettisuoranamenokappale on t\u00e4ss\u00e4 tarjolla. Kappale vain on hyvin tehty ja toteutettu ett\u00e4 laittaa jalkaa vipattamaan tahtomattaan. Kunnon DJn pakista l\u00f6ytyv\u00e4 kappale on kyll\u00e4, minulla ainakin. &#8211; Harold &#8211;<\/p>\n\n\n\n<p>&#8211; Kasarihenkist\u00e4 poppia 80-luvun supermiehelt\u00e4. Kansainv\u00e4list\u00e4 popmusiikkia kuulee tanssilistalla aniharvoin, mutta nyt sekin ihme koetaan, kun suomalaisten 80-luvun supersuosikki Paul Oxley (oikealta nimelt\u00e4\u00e4n&nbsp;<strong>Malcolm Campbell) <\/strong>on tehnyt selke\u00e4n tanssibiisin aikuiseen makuun. Taustalla soittavat huippumuusikot ja tuottajana on kultasormi Janne Hy\u00f6ty. &#8211; Pete &#8211;<\/p>\n\n\n\n<p><strong>Tenho Gr\u00f6nstrand &#8211; Farkkurakkaus<\/strong><\/p>\n\n\n\n<p>&#8211; T\u00e4ll\u00e4 sinkulla menn\u00e4\u00e4n perinteit\u00e4 kunnioittaen perusiskelm\u00e4tahdissa eteenp\u00e4in tasatarkasti tahdilleen. Perinteisen bupimusiikin yst\u00e4ville on t\u00e4ss\u00e4 tarjolla k\u00e4ytett\u00e4viin soittimiin oman harkinnan mukaan. Artikulointi on todella tarkkaa n\u00e4iss\u00e4 kappaleissa edelleen, mutta ei pelottavasti. Tarkasti tehty kokonaisuus, kun artisti kuuluu paremmin kuin tausta ja oman k\u00e4ytt\u00e4j\u00e4nkuntansa ehdoton hankinta k\u00e4ytt\u00f6\u00f6n kuin k\u00e4ytt\u00f6\u00f6n. &#8211; Harold &#8211;<\/p>\n\n\n\n<p>&#8211; Uusi tulokas n\u00e4iss\u00e4 kuvioissa, nimitt\u00e4in karaokekisoissa kunnostautunut satakuntalainen Tenho Gr\u00f6nstrand. Farkkurakkaus-biisin s\u00e4v. Peter \u00c5hs ja san. Aappo I Piippo. Biisi saattaa olla joillekin tuttu Lasse Hoikan ja Souvareiden versiona parinkymmenen vuoden takaa. &#8211; Pete &#8211;<\/p>\n\n\n\n<p><strong>The Sounds &#8211; Singin&#8217; The Blues<\/strong><\/p>\n\n\n\n<p>&#8211; T\u00e4ll\u00e4 sinkulla menn\u00e4\u00e4n mukavan rennoilla tunnelmilla eteenp\u00e4in. Hyvin on kappaleessa bluesahtavia soundeja tuotu esille koko kappaleen ajan. Kappale vie menness\u00e4\u00e4n kohti hyv\u00e4\u00e4 fiilist\u00e4 kun antaa vain tunteiden vied\u00e4 menness\u00e4\u00e4n. Rauhallisiin ja tunnelmallisiin hetkiin on todella hyv\u00e4\u00e4 kamaa soitettavaksi. Todella hyvin tuotettu ett\u00e4 tehty ja t\u00e4ss\u00e4 sitten vain pitk\u00e4 soittoa odottelemaan. T\u00e4m\u00e4 vain on hyv\u00e4\u00e4 tavaraa tarjottavaksi bluesista pit\u00e4v\u00e4lle kansalle. Hyvin tuotettu kokonaisuus on kaikenkaikkiaan. &#8211; Harold &#8211;<\/p>\n\n\n\n<p><strong>Mikko Alatalo &amp; Kuopion Kaupunginorkesteri &#8211; Maalaispoika oon (2026)<\/strong><\/p>\n\n\n\n<p>&#8211; T\u00e4ll\u00e4 sinkulla menn\u00e4\u00e4n rauhallisesti kappaleen verran todella hyvin tehdyin sovituksin ett\u00e4 viihteellisen toteutuksen yhteensopivalla kokonaisuudella vanhasta klassikosta, mik\u00e4 monen suomalaisen suusta alkuper\u00e4isen\u00e4 kuulu laulettavan. Todella hienon kuuloinen kappale, kun kunnollinen orkesteri kuulostaa olevan taustalla ja oman viihteellisen genrens\u00e4 mentaliteetilla menn\u00e4\u00e4n t\u00e4t\u00e4 kappaletta l\u00e4pi, mutta todella hyvin sovitettuna ett\u00e4 tuotettuna. Hyv\u00e4 kokonaisuus on t\u00e4m\u00e4n tyylisen genren kappalevalikoimaan tehtyn\u00e4 t\u00e4ss\u00e4 tarjolla kansalle k\u00e4ytt\u00f6\u00f6n paikasta riippumatta. Eli tarjolla todella viihteellinen kokonaisuus kansalle k\u00e4ytt\u00e4v\u00e4lle. &#8211; Harold &#8211;<\/p>\n\n\n\n<p>&#8211; Varsin tuttu laulaja-lauluntekij\u00e4 on levytt\u00e4nyt isoja hittej\u00e4\u00e4n uusina versioina sinfoniaorkestereiden kanssa. Alatalon l\u00e4pimurtohitti Maalaispoika oon on saanut swing-tyyppisen k\u00e4sittelyn Kuopion Kaupunginorkesterilta.Hyvin menee t\u00e4m\u00e4kin tanssijalan alle. &#8211; Pete &#8211;<\/p>\n\n\n\n<p><strong>Lululai &#8211; <\/strong>Komiat<\/p>\n\n\n\n<p>&#8211; Tanssipaikkojen suosikkiyhtye Komiat tuli UMK:ssa kolmanneksi erinomaisella kappaleella. Tanssilistan laatijat nostivat Lululai-kappaleen heti ensi yritt\u00e4m\u00e4ll\u00e4 tanssilsitan kolmoseksi ja sitten listaykk\u00f6seksi. T\u00e4m\u00e4 on vuoden suurin juttu tanssittavan iskelm\u00e4musiikin saralla. &#8211; Pete &#8211;<\/p>\n","protected":false},"excerpt":{"rendered":"<p>Mikko Kartano &#8211; Suomalainen mies &#8211; Lopultakin saatiin uusi kansallislaulu \u201dOlen suomalainen\u201d-genreen! Klassikko jo syntyess\u00e4\u00e4n. Hitti! &#8211; Pete &#8211; &#8211;&#8230;<\/p>\n","protected":false},"author":2,"featured_media":0,"parent":0,"menu_order":0,"comment_status":"closed","ping_status":"closed","template":"","meta":[],"_links":{"self":[{"href":"http:\/\/www.hitit.fi\/index.php\/wp-json\/wp\/v2\/pages\/10981"}],"collection":[{"href":"http:\/\/www.hitit.fi\/index.php\/wp-json\/wp\/v2\/pages"}],"about":[{"href":"http:\/\/www.hitit.fi\/index.php\/wp-json\/wp\/v2\/types\/page"}],"author":[{"embeddable":true,"href":"http:\/\/www.hitit.fi\/index.php\/wp-json\/wp\/v2\/users\/2"}],"replies":[{"embeddable":true,"href":"http:\/\/www.hitit.fi\/index.php\/wp-json\/wp\/v2\/comments?post=10981"}],"version-history":[{"count":2,"href":"http:\/\/www.hitit.fi\/index.php\/wp-json\/wp\/v2\/pages\/10981\/revisions"}],"predecessor-version":[{"id":10984,"href":"http:\/\/www.hitit.fi\/index.php\/wp-json\/wp\/v2\/pages\/10981\/revisions\/10984"}],"wp:attachment":[{"href":"http:\/\/www.hitit.fi\/index.php\/wp-json\/wp\/v2\/media?parent=10981"}],"curies":[{"name":"wp","href":"https:\/\/api.w.org\/{rel}","templated":true}]}}