{"id":23,"date":"2014-12-22T21:16:52","date_gmt":"2014-12-22T21:16:52","guid":{"rendered":"http:\/\/www.hitit.fi\/wordpress\/?page_id=23"},"modified":"2022-04-28T19:28:32","modified_gmt":"2022-04-28T16:28:32","slug":"viihdeuutiset","status":"publish","type":"page","link":"http:\/\/www.hitit.fi\/index.php\/viihdeuutiset\/","title":{"rendered":"Viihdeuutiset"},"content":{"rendered":"<p>Hitit!-sivuston viihdeuutisia tuottaa Kari Helopaltio yhdess\u00e4 Hitit!-toimituksen kanssa.<\/p>\n<p>L\u00e4het\u00e4 palautetta toimitukselle: <a href=\"mailto:discopress@kolumbus.fi\" target=\"_blank\" rel=\"noopener\">discopress@kolumbus.fi<\/a><\/p>\n<p><script>\/\/ <![CDATA[\n  (function(i,s,o,g,r,a,m){i['GoogleAnalyticsObject']=r;i[r]=i[r]||function(){<br \/>\n  (i[r].q=i[r].q||[]).push(arguments)},i[r].l=1*new Date();a=s.createElement(o),<br \/>\n  m=s.getElementsByTagName(o)[0];a.async=1;a.src=g;m.parentNode.insertBefore(a,m)<br \/>\n  })(window,document,'script','\/\/www.google-analytics.com\/analytics.js','ga');<\/p>\n\n\n\n\n<p>  ga('create', 'UA-58541555-1', 'auto');<br \/>\n  ga('send', 'pageview');<\/p>\n\n\n\n\n<p>\/\/ ]]><\/p>\n<p><\/script><\/p>\n","protected":false},"excerpt":{"rendered":"<p>Hitit!-sivuston viihdeuutisia tuottaa Kari Helopaltio yhdess\u00e4 Hitit!-toimituksen kanssa. L\u00e4het\u00e4 palautetta toimitukselle: discopress@kolumbus.fi<\/p>\n","protected":false},"author":1,"featured_media":150,"parent":0,"menu_order":0,"comment_status":"closed","ping_status":"closed","template":"","meta":[],"_links":{"self":[{"href":"http:\/\/www.hitit.fi\/index.php\/wp-json\/wp\/v2\/pages\/23"}],"collection":[{"href":"http:\/\/www.hitit.fi\/index.php\/wp-json\/wp\/v2\/pages"}],"about":[{"href":"http:\/\/www.hitit.fi\/index.php\/wp-json\/wp\/v2\/types\/page"}],"author":[{"embeddable":true,"href":"http:\/\/www.hitit.fi\/index.php\/wp-json\/wp\/v2\/users\/1"}],"replies":[{"embeddable":true,"href":"http:\/\/www.hitit.fi\/index.php\/wp-json\/wp\/v2\/comments?post=23"}],"version-history":[{"count":1,"href":"http:\/\/www.hitit.fi\/index.php\/wp-json\/wp\/v2\/pages\/23\/revisions"}],"predecessor-version":[{"id":8047,"href":"http:\/\/www.hitit.fi\/index.php\/wp-json\/wp\/v2\/pages\/23\/revisions\/8047"}],"wp:featuredmedia":[{"embeddable":true,"href":"http:\/\/www.hitit.fi\/index.php\/wp-json\/wp\/v2\/media\/150"}],"wp:attachment":[{"href":"http:\/\/www.hitit.fi\/index.php\/wp-json\/wp\/v2\/media?parent=23"}],"curies":[{"name":"wp","href":"https:\/\/api.w.org\/{rel}","templated":true}]}}