{"id":10328,"date":"2024-11-02T16:20:01","date_gmt":"2024-11-02T14:20:01","guid":{"rendered":"https:\/\/www.hitit.fi\/?page_id=10328"},"modified":"2024-11-02T16:53:46","modified_gmt":"2024-11-02T14:53:46","slug":"dj-hall-of-fame-dj-igor-eero-kiiskinen","status":"publish","type":"page","link":"https:\/\/www.hitit.fi\/index.php\/dj-hall-of-fame-dj-igor-eero-kiiskinen\/","title":{"rendered":"DJ Hall of Fame \/ DJ Igor, Eero Kiiskinen"},"content":{"rendered":"\n<p><strong>1. NIMI: Eero Kiiskinen<\/strong><\/p>\n\n\n\n<figure class=\"wp-block-image size-full\"><img decoding=\"async\" loading=\"lazy\" width=\"434\" height=\"960\" src=\"https:\/\/www.hitit.fi\/wp-content\/uploads\/2024\/11\/eerokiiskinen.jpg\" alt=\"\" class=\"wp-image-10331\" srcset=\"https:\/\/www.hitit.fi\/wp-content\/uploads\/2024\/11\/eerokiiskinen.jpg 434w, https:\/\/www.hitit.fi\/wp-content\/uploads\/2024\/11\/eerokiiskinen-136x300.jpg 136w\" sizes=\"(max-width: 434px) 100vw, 434px\" \/><figcaption class=\"wp-element-caption\">DJ Igorin ja DJ Edwardin talvikiertueesta Tony Princen (Radio Luxemburg) kerrotaan kirjassa. <\/figcaption><\/figure>\n\n\n\n<p><strong>A. DJ NIMI: Dj.Igor<\/strong><\/p>\n\n\n\n<p>B. Syntym\u00e4vuosi: 1959<\/p>\n\n\n\n<p>C. Kotipaikkakunta, my\u00f6hemm\u00e4t asuinpaikat: Joensuu ja nykyisin M\u00e4nts\u00e4l\u00e4<\/p>\n\n\n\n<p>D. Koulutus, tutkinnot: Merkonomi<\/p>\n\n\n\n<p>E. P\u00e4iv\u00e4ty\u00f6, muut ammatit: Tapahtumatuottaja, yritt\u00e4j\u00e4<\/p>\n\n\n\n<p><strong>2. MITEN MINUSTA TULI DJ?<\/strong><\/p>\n\n\n\n<p>A. Millaisessa perheess\u00e4 kasvoit, mit\u00e4 teill\u00e4 kuunneltiin, kun olit lapsi?<\/p>\n\n\n\n<p>&#8211; Kodissa kuunneltiin paljon musiikkia, koska \u00e4itini oli laulaja. Musiikki oli hyvin monimuotoista aina klassisesta musiikista 60-luvun iskelm\u00e4\u00e4n ja rokkiin.<\/p>\n\n\n\n<p>B. Oliko musiikki mukana pienest\u00e4 pit\u00e4en, oliko kotona levysoitin\/radio\/nauhuri?<\/p>\n\n\n\n<p>&#8211; Oma ensimm\u00e4inen is\u00e4ni ostaman levysoitin oli Philipsin paristok\u00e4ytt\u00f6inen levysoitin, sitten tuli Toshiba, sitten kelanauhuri ja c-kasettisoittimet.<\/p>\n\n\n\n<p>C. Soititko jotain instrumenttia, lauloitko?<\/p>\n\n\n\n<p>&#8211; Nuorena aloitin bassokitaran soittamisen ja jatkoin sit\u00e4 aina teiniksi saakka, kun Joensuussa treenik\u00e4mpill\u00e4 huomasi ett\u00e4 ei minusta muusikkoa tule, niin sitten piti valita joko roudarin tai dj:n ura, no minusta tuli sitten aluksi molemmat.<\/p>\n\n\n\n<p>D. Mitk\u00e4 olivat ensimm\u00e4iset omat levysi ja mist\u00e4 hankittu?<\/p>\n\n\n\n<p>&#8211; Ensimm\u00e4iset levyt olivat<strong> Rolling Stonesien<\/strong> LP ja <strong>The Beatle<\/strong>s -albumit, levyt hankittiin silloisesta Sokoksen levy-osastolta ja muutamia levyj\u00e4 sain my\u00f6s tutuilta lahjaksi.<\/p>\n\n\n\n<p>E. Ensimm\u00e4iset omat kokemukset diskoista asiakkaana? Mitk\u00e4 hitit silloin soivat?<\/p>\n\n\n\n<p>&#8211; Oli ensimm\u00e4isi\u00e4 kertoja diskossa \u201dkonvassa\u201d muistaakseni 1975 ja silloin musiikki oli<strong> Bay City Rollersia, Carl Douglasta, Stevie Wonderia<\/strong> ja <strong>Elton Johnin<\/strong> biisej\u00e4 mm.<\/p>\n\n\n\n<p>F. Milt\u00e4 tuntui &#8211; miten, miss\u00e4 ja miksi kiinnostuit DJ-ty\u00f6st\u00e4, mist\u00e4 kipin\u00e4? Halusitko \u201dy\u00f6n kingiksi\u201d, tytt\u00f6jen\/poikien suosikiksi, soittamaan parempaa musaa kuin muut jne.<\/p>\n\n\n\n<p>&#8211; Oma urani alkoi sattumalta kun Joensuun tytt\u00f6 lyseon konvan dj. sairastui ja olin tavannut diskoissa n\u00e4it\u00e4 minua hieman vanhempia tiskijukkia jo aiemmin, minulta kysyttiin tuutko soittamaan lainalevyill\u00e4, ajattelin ett\u00e4 kaikkea pit\u00e4\u00e4 kokea ja niinp\u00e4 p\u00e4\u00e4sin mukaan discofiilikseen ja innostuin. Tiskijukat olivat silloin musiikin ja fiiliksen sanasaattajia ja kyll\u00e4h\u00e4n tyt\u00f6t alkoivat arvostaa tai katsella minua ja muita tiskujukkia ns. sill\u00e4 silm\u00e4ll\u00e4.<\/p>\n\n\n\n<p>G. Miten p\u00e4\u00e4sit \/ pyrit \/ jouduit ensimm\u00e4iselle DJ-keikalle? Mitk\u00e4 hitit silloin soivat?<\/p>\n\n\n\n<p>&#8211; Niin ja sitten ik\u00e4\u00e4n kuin jatkumona sain mahdollisuuden jatkaa koulubileitten soittajana ja sitten kun ik\u00e4\u00e4 tuli lis\u00e4\u00e4 niin p\u00e4\u00e4sin v\u00e4h\u00e4n saman kaavan kautta soittamaan oikeissa aikuisten diskoissa 18-vuotiaana 1977, eli silloin oli jo 2 vuotta ollut jonkinasteinen tuntuma miten keikkoja tehd\u00e4\u00e4n ja miten yleis\u00f6 otetaan haltuun. Juontamalla, hyvill\u00e4 biisivalinnoilla ym.<\/p>\n\n\n\n<p>H. Saitko palkkaa tai jotain muuta hyv\u00e4\u00e4 jo ekoilta keikoilta?<\/p>\n\n\n\n<p>&#8211; Ensimm\u00e4iset koulukeikat tehtiin ihan pelk\u00e4st\u00e4 uteliausuudesta, ilman palkkaa, sitten kun p\u00e4\u00e4sin ravintoloihin soittamaan Wienit\u00e4r ja Shemeikka, oli palkkap\u00e4iv\u00e4 2 kertaa kuussa.<\/p>\n\n\n\n<figure class=\"wp-block-image size-large\"><img decoding=\"async\" loading=\"lazy\" width=\"1024\" height=\"684\" src=\"https:\/\/www.hitit.fi\/wp-content\/uploads\/2024\/11\/Igor-2020-1024x684.jpg\" alt=\"\" class=\"wp-image-10340\" srcset=\"https:\/\/www.hitit.fi\/wp-content\/uploads\/2024\/11\/Igor-2020-1024x684.jpg 1024w, https:\/\/www.hitit.fi\/wp-content\/uploads\/2024\/11\/Igor-2020-300x200.jpg 300w, https:\/\/www.hitit.fi\/wp-content\/uploads\/2024\/11\/Igor-2020-768x513.jpg 768w, https:\/\/www.hitit.fi\/wp-content\/uploads\/2024\/11\/Igor-2020-1536x1026.jpg 1536w, https:\/\/www.hitit.fi\/wp-content\/uploads\/2024\/11\/Igor-2020-120x80.jpg 120w, https:\/\/www.hitit.fi\/wp-content\/uploads\/2024\/11\/Igor-2020-255x170.jpg 255w, https:\/\/www.hitit.fi\/wp-content\/uploads\/2024\/11\/Igor-2020-345x230.jpg 345w, https:\/\/www.hitit.fi\/wp-content\/uploads\/2024\/11\/Igor-2020.jpg 1920w\" sizes=\"(max-width: 1024px) 100vw, 1024px\" \/><\/figure>\n\n\n\n<p><strong>3.MILLAINEN ON OLLUT DJ-URASI?<\/strong><\/p>\n\n\n\n<p>A. Aktiivivuodet, mist\u00e4 mihin?<\/p>\n\n\n\n<p>&#8211; Oma aktiiviura alkoi siis 1977 ja v\u00e4lip\u00e4\u00e4t\u00f6s tuli 1994, ja aloitin taas uudelleen 2010 soittamaan pienen telakalla olon j\u00e4lkeen.<\/p>\n\n\n\n<p>B. P\u00e4\u00e4asialliset soittopaikat?<\/p>\n\n\n\n<p>&#8211; Keikkapaikkoja oli Joensuussa Kimmel, Shemeikka, Wienit\u00e4r, Simo Hurtta Lieksassa, Nurmeshovi Nurmeksessa, Kaavin Iloharju ja paljon jo silloin tein b\u00e4ndien l\u00e4mmittelykeikkoja ymp\u00e4ri suomea, my\u00f6hemmin Helsingin ja uudenmaan ykk\u00f6sdiskot.<\/p>\n\n\n\n<p>C. Ty\u00f6nantajat?<\/p>\n\n\n\n<p>&#8211; Discofeeling Ky. (Lappeenranta), Ravintola Shemeikka, Hotelli Kimmel, Ravintola Wienit\u00e4r, Forssan Discopalvelu, Kaiffari Team, Magnum Music ym.<\/p>\n\n\n\n<p>D. Keikkojen kalusto, tekniikka?<\/p>\n\n\n\n<p>&#8211; Joensuu aikana keikkakalusto oli Lahtelaisen HJN-Soundin valmistama laitekokonaisuus, koko\u00e4\u00e4nialueen kaiuttimet, Discop\u00f6yt\u00e4 hihnavetosoittimilla HJN:n valmistama, HJN-valo-ohjaimet ja valop\u00f6nt\u00f6t, jotka olivat puulaatikot, jonka sis\u00e4ll\u00e4 oli kussakin p\u00f6nt\u00f6ss\u00e4 4 kpl E27 kannalla olevia hehkulamppuja ja boxin edess\u00e4 eriv\u00e4risi\u00e4 muoveja, jotka olivat sen ajan parasta mit\u00e4 oli saatavana osastoa.<\/p>\n\n\n\n<p>E. Oma yritys (jos on), milloin, miksi ja millaista toimintaa?<\/p>\n\n\n\n<p>&#8211; Magnum Music oli oma yritys jota py\u00f6ritin Vaasalaisen Dj. Jessen kanssa. Ostimme yrityksen 80-luvun alussa Junttilan veljeksilt\u00e4 ja toiminta kattoi Dj.palveluita, tekniikan vuokrausta ja kiertueita mittavalla kalustolla, jotka siirtyiv\u00e4t osittain kaupan my\u00f6t\u00e4 Light &amp; Soundilta meille.<\/p>\n\n\n\n<p>F. Ansiotaso, pystyik\u00f6 DJ-ty\u00f6ll\u00e4 el\u00e4m\u00e4\u00e4n?<\/p>\n\n\n\n<p>&#8211; 80-luvulla ansiotaso oli mielest\u00e4ni hyv\u00e4ll\u00e4 tasolla ja el\u00e4tti useamman ihmisen tston ja silloin oli varaa my\u00f6s hankkia uutta kalustoa niin laitepuolelle kuin my\u00f6s nykyaikaista ajokalustoa.<\/p>\n\n\n\n<p>G. Mit\u00e4 tapahtui keikkojen v\u00e4lill\u00e4, miss\u00e4 p\u00e4iv\u00e4t\u00f6iss\u00e4 olit?<\/p>\n\n\n\n<p>&#8211; Joensuussa asuessani olin t\u00f6iss\u00e4 <strong>Hallman<\/strong>-nimisen tavaratalon musiikkiosastolla myym\u00e4ss\u00e4 levyj\u00e4 ja my\u00f6hemmin oli perustamassa \u00e4\u00e4nilevy-osastoa Joensuuhun avattuun <strong>Citymarkettiin<\/strong>. Muu aika meni keikkoja myydess\u00e4, b\u00e4ndej\u00e4 buukatessa ja oman uran kehitt\u00e4miseen.<\/p>\n\n\n\n<p>H. Radio, miss\u00e4 olet tehnyt radiot\u00f6it\u00e4?<\/p>\n\n\n\n<p>&#8211; En ole varsinaisesti ollut radion palkkalistoilla, mutta Joensuussa teimme sen aikaisen <strong>Radio Jokisen <\/strong>kanssa suoria disco-ohjelmia paikallisesta Jokela-nimisest\u00e4 ravintolasta ja tietenkin olen vieraillut kymmeniss\u00e4 radio-ohjelmissa ei paikkakunnilla vierailevana tiskijukkana koko historian aikana.<\/p>\n\n\n\n<p><strong>4. KEIKOILLA<\/strong><\/p>\n\n\n\n<p>A. Millainen DJ olet (ollut) esim. showmies, spiikkeri, biittimiksaaja, skr\u00e4ts\u00e4\u00e4j\u00e4&#8230;. kuvaile tyyli\u00e4si, esiintymisasut?<\/p>\n\n\n\n<p>&#8211; Tiskijukan ty\u00f6 on alusta alkaen k\u00e4sitt\u00e4nyt sanan \u201dShow\u201d, eli viihteellinen spiikattu ilta, jolla saadaan discoilijat hyv\u00e4\u00e4 tanssivireeseen, esiintymisasut olivat aina muodin ykk\u00f6st\u00e4 p\u00e4\u00e4ll\u00e4 ja samoin ajokalusto, laitteet, leffakoneet, diaheittimet ym.<\/p>\n\n\n\n<p>B.Hienoimmat keikkakokemukset? Paras yleis\u00f6, palaute, tipit ja lahjonta&#8230;Uran huippuhetket?<\/p>\n\n\n\n<p><\/p>\n\n\n\n<p>C. Pahimmat \/ Kamalimmat keikkakokemukset? Huonoin yleis\u00f6, palaute, jankuttajat, k\u00e4nnil\u00e4iset, pirip\u00e4\u00e4t<\/p>\n\n\n\n<p>&#8211; Ehk\u00e4 hankalin ja rankin keikkakokemus oli kun olin ns. l\u00e4mpp\u00e4rin\u00e4 <strong>Paul Oxleys Uniti<\/strong>n keikalla, jonne oli sovittu huvipaikan kanssa ett\u00e4 he hakevat luvan ett\u00e4 saan k\u00e4ytt\u00e4\u00e4 heid\u00e4n \u00e4\u00e4nitekniikkaa ja samaa lavaa. B\u00e4ndin \u00e4\u00e4niteknikko Ossi Ruusunen ei siihen suostunut, ei samaan lavaan, ei \u00e4\u00e4neen, joten peruutushan siit\u00e4 tuli juuri ennen keikan alkua. Ei muuta kuin j\u00e4rjest\u00e4j\u00e4lt\u00e4 nostamaan keikkapalkkio ja eip\u00e4 siin\u00e4 tarvinnut j\u00e4\u00e4d\u00e4 heid\u00e4n keikkaa katselemaan, sen verran otti pannuun ja taisi jopa olla ett\u00e4 mainoksissa oli Dj.Igor\/b\u00e4ndin ilmoitus yht\u00e4 isolla ja siihen aikaan oli itsell\u00e4 iso suosio keikka dj:n\u00e4. Muuten en ole jurrijuttuja kuunnellut.<\/p>\n\n\n\n<p>&#8211; Toinen ikimuistoinen keikka oli Kes\u00e4lahden Paviljongissa, jonne jouduin paikkaamaan Dj. Jasun sairastumisen takia, oli siis h\u00e4nen iltansa. No Jasu ei ollut muuta infonnut kuin ett\u00e4 hyv\u00e4\u00e4 tanssijengi\u00e4, soita my\u00f6s kotimaisia hittej\u00e4. Aloitin keikan Baccaran Yes Sir\u2026Ja 20 s. sen j\u00e4lkeen ravintolap\u00e4\u00e4llikk\u00f6 tuli b\u00e4ndilavan mikkiin spiikkaamaan.. No niin, nyt ei tiskijukka ollut ajan tasalla, aloitetaanpa perinteisesti sill\u00e4 Kes\u00e4illan valssilla. No oliko mulla tanssimusiikkia mukana, No\u2026<\/p>\n\n\n\n<p>D. Miten rakennat \/ rakensit illan ohjelmiston?<\/p>\n\n\n\n<p>&#8211; Kyll\u00e4 jokaisen keikan ohjelmisto tehtiin juurikin kohdeyleis\u00f6n mukaan, ei ollut mit\u00e4\u00e4n kaavaa mill\u00e4 mentiin. Keikkamestan ja yleis\u00f6n ehdoilla elettiin ja palveltiin juurikin sit\u00e4 tanssiporukkaa joka paikalla oli.<\/p>\n\n\n\n<p>E. Itselle tai muille tapahtuneita s\u00e4hl\u00e4yksi\u00e4, anekdootteja, hyvi\u00e4 kuittauksia?<\/p>\n\n\n\n<p>&#8211; Raahessa oli sovittu Dj. Edwardin keikka, jonne Eetulla ei sitten ollut juna tai matkarahaa l\u00e4hte\u00e4, joten l\u00e4ksin Joensuusta 8h varoitusajalla Ravintola N\u00e4tterporiin keikalle Joensuusta. Ennen keikkaa sy\u00f6dess\u00e4ni lukaisin paikallista lehte\u00e4 ja huomasin N\u00e4tterporin \u00bd sivun kokoisen ilmoituksen. T\u00e4n\u00e4\u00e4n Suomen Diskokuningas Dj. Edward juhla &amp; v\u00e4rivaloshow? No, siin\u00e4 hieman tuli paniikinomaisia ajatuksia itselle kun olin Joensuusta l\u00e4htenyt Kinnusen Harrin (Hassisen Kone) Fiat 850 pikkuautolla ja 150 sinkkuu mukana keikalle.. No tuota keikka hoidettiin ja y\u00f6vyttiin paikallisessa Eetulle tutussa matkustajakodissa\u2026Hieman joutui selittelem\u00e4\u00e4n sek\u00e4 tilaajalle ett\u00e4 my\u00f6s yleis\u00f6lle.<\/p>\n\n\n\n<p><strong>5. LIEVEILMI\u00d6T<\/strong><\/p>\n\n\n\n<p>A. Tarjottiinko n\u00e4it\u00e4 DJ:lle: viina, huumeet ja seksi?<\/p>\n\n\n\n<p>&#8211; Naisia ja seksi\u00e4 oli melkein joka ilta tarjolla ja tietenkin ilmaista viinaa usein keikkapaikalta ja paikalla olevalta yleis\u00f6lt\u00e4. Silloin pid\u00e4tt\u00e4ydyin viinasta, mutta naisista en. Huumeita ei tarjoiltu.<\/p>\n\n\n\n<p>En tied\u00e4 montako daamia on kaadettu keikkamatkoilla, mutta satoja joka tapauksessa. Kun oli vapaa ja viriili poikamies.<\/p>\n\n\n\n<p>B. Olivatko kaikki DJ:t aina selvin p\u00e4in keikoilla, vrt. b\u00e4ndit?<\/p>\n\n\n\n<p>&#8211; Keikoilla oli erona se ett\u00e4 Dj:t olivat 100% selvinp\u00e4in kun taas b\u00e4ndeill\u00e4 oli juomaa ja he sit\u00e4 p\u00e4\u00e4s\u00e4\u00e4nt\u00f6isesti my\u00f6s nauttivat. Toki on my\u00f6s poikeustapauksia, en t\u00e4ss\u00e4 nyt nime\u00e4 mainitse, vaikka rikos on jo vanhentunut. Tein usein keikkoja err\u00e4n tunnetun Huittisissa asuavan dj:n kanssa ja yleens\u00e4 Porin Yyteriss\u00e4. Asuin silloin Forssassa, josta matkasin Huittisiin. Sielt\u00e4 l\u00e4hdettiin sitten Nissan Micralla yhteiskeikalle, min\u00e4 y\u00f6kerhoon ja t\u00e4m\u00e4 yst\u00e4v\u00e4ni tanssiravintolan puolelle. Joka kerta noiden matkojen aikana t\u00e4m\u00e4 kollegani joi keltaisen Carillopullon automatkan aikana ja mik\u00e4 siin\u00e4 oli erikoista, h\u00e4n ei antanut minun ajaa, vaan meni aina riskill\u00e4\u2026 Keikat vedettiin kyll\u00e4 mallikkaasti ja t\u00e4m\u00e4 yst\u00e4v\u00e4ni ei Carillopullon j\u00e4lkeen ollut moksiskaan eik\u00e4 se viina miss\u00e4\u00e4n n\u00e4kynyt.<\/p>\n\n\n\n<p>C. Millainen teid\u00e4n paikoissa suhtauduttiin huumeporukoihin?<\/p>\n\n\n\n<p>&#8211; Huumeporukat olivat tuoloin aktiiviaikanani aika marginaalisia ja niit\u00e4 ei juurikan n\u00e4kynyt tai ei tunnistettu keikamestoilla.<\/p>\n\n\n\n<p>D. Monien mielest\u00e4 DJ on vapaata riistaa. Iskettiink\u00f6 DJ jatkoille, kuskiksi tai y\u00f6seuraksi?<\/p>\n\n\n\n<p>&#8211; Kyll\u00e4 se n\u00e4in oli, muistan yhden keikan Kermankosken lavalla kun olin er\u00e4\u00e4n tunnetun b\u00e4ndin kanssa siell\u00e4 keikalla, keikan j\u00e4lkeen hengari Hertta tuli kylkeen kiinni ja siin\u00e4 sitten keikan j\u00e4lkeen naukattiin b\u00e4ndin kanssa juomia. Oma auto j\u00e4i siihen, hypp\u00e4sin keikkabussiin Hertan kanssa ja b\u00e4ndi oli menossa Iisalmeen keikalle, joten pudottivat meid\u00e4t Joensuuhun, Hertta vietti viikon asunnossani ja siin\u00e4h\u00e4n tuli puuhattua kaikkea kivaa viikon ajan. Saatoin bussille ja siit\u00e4 ei j\u00e4\u00e4nyt muuta kuin k\u00e4ynti sukupuoliklinikalla.. heh\u2026<\/p>\n\n\n\n<p><strong>6. OSALLISTUITKO DJ-YHTEISTOIMINTAAN?<\/strong><\/p>\n\n\n\n<p>A. Oliko teill\u00e4 p\u00e4in DJ-yhteistoimintaa, mahtuivatko tyypit saman p\u00f6yd\u00e4n \u00e4\u00e4reen?<\/p>\n\n\n\n<p>&#8211; Meill\u00e4 perustettiin 80-luvun taitteessa Joensuuhun tiskijukkien yhteenliittym\u00e4 <strong>North Carelian DJ Association Ry. <\/strong>, joka yll\u00e4piti kulttuuria, tehtiin hyv\u00e4ntekev\u00e4isyyskeikkoja, oltiin alueen musiikin \u00e4\u00e4nitorvena ja meno oli mukavaa, mutta hauskaa. Yhdistykseen kuului 12 tiskijukkaa.<\/p>\n\n\n\n<p>B. Osallistuitko DJ-meetingeihin ja esim. hyv\u00e4ntekev\u00e4isyysdiskojen tekemiseen?<\/p>\n\n\n\n<p>&#8211; Olen osallistunut niihin ja tehnyt paljon hyv\u00e4ntekev\u00e4isyyskeikkoja el\u00e4m\u00e4 aikana, ne ovat l\u00e4hell\u00e4 syd\u00e4nt\u00e4ni.<\/p>\n\n\n\n<p>C. Osallistuitko DJ-kisoihin ja miten menestyit niiss\u00e4? Tuliko niist\u00e4 potkua omalle uralle?<\/p>\n\n\n\n<p>&#8211; En ole koskaan niihin osallistunut, koska oma varmuus tekemisist\u00e4 ja riitt\u00e4v\u00e4 m\u00e4\u00e4r\u00e4 keikkoja ajoi kisojen ohi. Mutta monet kolegani olivat mukana.<\/p>\n\n\n\n<p><strong>7. MUSIIKIN HANKINTA?<\/strong><\/p>\n\n\n\n<p>A. Miten ja mit\u00e4 kautta seurasit uutuusmusiikkia esim. ennen nettiaikaa?<\/p>\n\n\n\n<p>&#8211; Aktiiviaikanani seurasin musiikkia Melody Makerin ja kotimaisten Suosikki, Help ym. lehtien kautta, tuolloin ei ollut netti\u00e4 k\u00e4yt\u00f6ss\u00e4, toki kuuntelin my\u00f6s paljon mm. Radio Luxemburgia, josta sai my\u00f6s paljon infoa trendeist\u00e4.<\/p>\n\n\n\n<p>B. Mist\u00e4 levykaupoista ostit uutuuslevyj\u00e4?<\/p>\n\n\n\n<p>&#8211; Kyll\u00e4 ne olivat Discus, Forssan Musiikkipalvelu, Levy-yhti\u00f6iden promot, Diskeri, Street Beat ja Fazer Music.<\/p>\n\n\n\n<p>C. Olitko promopalvelujen piiriss\u00e4 (esim. Discopress, DeeJay Promotion)?<\/p>\n\n\n\n<p>&#8211; Kyll\u00e4 oli sek\u00e4 <strong>Discopressin <\/strong>mutta my\u00f6s <strong>Emin, CBS<\/strong>:n ja <strong>Polarvoxin <\/strong>jakelussa mukana. Oli loistava palvelu. K\u00e4vin nelj\u00e4 kertaa vuodessa kiert\u00e4m\u00e4ss\u00e4 my\u00f6s levy-yhti\u00f6t l\u00e4pi ja ker\u00e4\u00e4m\u00e4ss\u00e4 puuttuvat vinyyylit itselleni. Tuolloin oli k\u00e4yt\u00f6ss\u00e4 my\u00f6s omassa show:ssani leffakoneet, ja mm. sain uutuusleffat my\u00f6s keikoille esitett\u00e4v\u00e4ksi. Oli se hienoa aikaa!!!<\/p>\n\n\n\n<p>D. Oletko erikoistunut johonkin musiikkigenreen?<\/p>\n\n\n\n<p>&#8211; Koko urani olen erikoistunut disacomusiikkiin 70-80-luvuilta ja se on pit\u00e4nyt sis\u00e4ll\u00e4\u00e4n koko sen musiikin kirjon, ehk\u00e4 Funky ja Eurodisco ovat olleet niit\u00e4, mihin olin enemm\u00e4n keskittynyt.<\/p>\n\n\n\n<p>E. Seuraatko nykyist\u00e4 dancemusiikkia?<\/p>\n\n\n\n<p>&#8211; Kyll\u00e4 seuraan, koska toimin my\u00f6s tapahtumien ja festivaalien j\u00e4rjest\u00e4j\u00e4n\u00e4.<\/p>\n\n\n\n<p><strong>8. MIT\u00c4 DJ-URA ON MERKINNYT SINULLE?<\/strong><\/p>\n\n\n\n<p>A. Onko DJ-ty\u00f6 antanut valmiuksia muuhun (ty\u00f6)el\u00e4m\u00e4\u00e4n?<\/p>\n\n\n\n<p>&#8211; Dj-ty\u00f6 on tuonut ty\u00f6el\u00e4m\u00e4\u00e4n varmuutta esiintymisist\u00e4, vaikuttamisesta sek\u00e4 avannut lajan yst\u00e4v\u00e4piirin, joka olisi ilman tiskijukan ty\u00f6t\u00e4 j\u00e4\u00e4nyt kokematta.<\/p>\n\n\n\n<p>B. Vaikuttikoy\u00f6ty\u00f6 ihmissuhteisiin, jaksamiseen, yst\u00e4v\u00e4piirin muotoutumiseen ja pysyvyyteen?<\/p>\n\n\n\n<p>&#8211; Dj-ty\u00f6 vaikutti aina positiivisesti ihmissuhteisiin, koska tiskijukkia ei ollut paljon, he saivat arvostusta ja itse ainakin olin eritt\u00e4in energinen ja jaksoin tehd\u00e4 jopa 280 keikkaa parhaana vuonna. Ainut negatiivinen vaikutus oli tytt\u00f6yst\u00e4v\u00e4t, jotka usein n\u00e4kiv\u00e4t sen sellaisena ty\u00f6n\u00e4, joka aiheutti heiss\u00e4 mustasukkaisuutta, josta syntyi usein my\u00f6s draamaa.<\/p>\n\n\n\n<p>C. Millainen kuva sulle on j\u00e4\u00e4nyt alasta ja kollegoista?<\/p>\n\n\n\n<p>&#8211; En vaihtaisi yht\u00e4\u00e4n p\u00e4iv\u00e4\u00e4 pois, on ollut huikea kokemus, keikkoja eri paikoissa, b\u00e4ndien kiertueilla, ulkolaisten artistien l\u00e4mpp\u00e4rin\u00e4. 100% kaikki kollegat ovat pysyneet my\u00f6s t\u00e4h\u00e4n p\u00e4iv\u00e4\u00e4 saakka yst\u00e4vin\u00e4 ja yhteist\u00e4 muisteltavaa on huikeat m\u00e4\u00e4r\u00e4t.<\/p>\n\n\n\n<p>D. Onko DJ-ty\u00f6 vaikuttanut siihen, millainen olet nyky\u00e4\u00e4n?<\/p>\n\n\n\n<p>&#8211; Kyll\u00e4 se on vaikuttanut paljonkin, itsevarmuus, tekemisen meininki, laaja yst\u00e4v\u00e4piiri, hienoja kokemuksia ja tapahtumia ja kun teen samaa ty\u00f6t\u00e4, sen laajennetussa muodossa edelleen, niin on se ollut l\u00e4hes koko el\u00e4m\u00e4n pohjana minulle.<\/p>\n\n\n\n<p>E. Alan ongelmat (normaaliaikoina, ei korona-aikana)?<\/p>\n\n\n\n<p>&#8211; Ongelman n\u00e4en omasta n\u00e4k\u00f6kulmasta, joka kyll\u00e4kin ymm\u00e4rrett\u00e4v\u00e4\u00e4, ett\u00e4 diskot ja keikkamestat ovat huvenneet ja niit\u00e4 on en\u00e4\u00e4 vain ripaus siit\u00e4 mit\u00e4 niit\u00e4 oli esim. 80-luvulla.<\/p>\n","protected":false},"excerpt":{"rendered":"<p>1. NIMI: Eero Kiiskinen DJ Igorin ja DJ Edwardin talvikiertueesta Tony Princen (Radio Luxemburg) kerrotaan kirjassa. A. DJ NIMI: Dj.Igor&#8230;<\/p>\n","protected":false},"author":2,"featured_media":0,"parent":0,"menu_order":0,"comment_status":"closed","ping_status":"closed","template":"","meta":[],"_links":{"self":[{"href":"https:\/\/www.hitit.fi\/index.php\/wp-json\/wp\/v2\/pages\/10328"}],"collection":[{"href":"https:\/\/www.hitit.fi\/index.php\/wp-json\/wp\/v2\/pages"}],"about":[{"href":"https:\/\/www.hitit.fi\/index.php\/wp-json\/wp\/v2\/types\/page"}],"author":[{"embeddable":true,"href":"https:\/\/www.hitit.fi\/index.php\/wp-json\/wp\/v2\/users\/2"}],"replies":[{"embeddable":true,"href":"https:\/\/www.hitit.fi\/index.php\/wp-json\/wp\/v2\/comments?post=10328"}],"version-history":[{"count":3,"href":"https:\/\/www.hitit.fi\/index.php\/wp-json\/wp\/v2\/pages\/10328\/revisions"}],"predecessor-version":[{"id":10341,"href":"https:\/\/www.hitit.fi\/index.php\/wp-json\/wp\/v2\/pages\/10328\/revisions\/10341"}],"wp:attachment":[{"href":"https:\/\/www.hitit.fi\/index.php\/wp-json\/wp\/v2\/media?parent=10328"}],"curies":[{"name":"wp","href":"https:\/\/api.w.org\/{rel}","templated":true}]}}