{"id":10385,"date":"2024-11-09T12:16:48","date_gmt":"2024-11-09T10:16:48","guid":{"rendered":"https:\/\/www.hitit.fi\/?page_id=10385"},"modified":"2024-11-09T12:16:49","modified_gmt":"2024-11-09T10:16:49","slug":"dj-hall-of-fame-dj-jyrays-jyrki-hamalainen-r-i-p","status":"publish","type":"page","link":"https:\/\/www.hitit.fi\/index.php\/dj-hall-of-fame-dj-jyrays-jyrki-hamalainen-r-i-p\/","title":{"rendered":"DJ Hall of Fame \/ DJ Jyr\u00e4ys, Jyrki H\u00e4m\u00e4l\u00e4inen R.I.P."},"content":{"rendered":"\n<figure class=\"wp-block-image size-large\"><img decoding=\"async\" loading=\"lazy\" width=\"1024\" height=\"768\" src=\"https:\/\/www.hitit.fi\/wp-content\/uploads\/2024\/11\/Jyrki4-1024x768.jpg\" alt=\"\" class=\"wp-image-10386\" srcset=\"https:\/\/www.hitit.fi\/wp-content\/uploads\/2024\/11\/Jyrki4-1024x768.jpg 1024w, https:\/\/www.hitit.fi\/wp-content\/uploads\/2024\/11\/Jyrki4-300x225.jpg 300w, https:\/\/www.hitit.fi\/wp-content\/uploads\/2024\/11\/Jyrki4-768x576.jpg 768w, https:\/\/www.hitit.fi\/wp-content\/uploads\/2024\/11\/Jyrki4-1536x1152.jpg 1536w, https:\/\/www.hitit.fi\/wp-content\/uploads\/2024\/11\/Jyrki4.jpg 1600w\" sizes=\"(max-width: 1024px) 100vw, 1024px\" \/><\/figure>\n\n\n\n<p><strong>Jyrki \u201dJyr\u00e4ys\u201d H\u00e4m\u00e4l\u00e4inen<\/strong> voitti 60-luvun lopulla maan ensimm\u00e4isen DJ-kilpailun, jossa taitojaan mitteliv\u00e4t radiosta tutut levyjuontajat. Tiskijukkien kunniagalleriaan h\u00e4net kutsuttiin j\u00e4seneksi 90-luvun lopulla.<\/p>\n\n\n\n<p><br>Jyrki H\u00e4m\u00e4l\u00e4inen toimi <strong>Suosikin <\/strong>p\u00e4\u00e4toimittajana 34 vuotta ja teki lehdest\u00e4 maailman suurimman lajissaan v\u00e4kilukuun suhteutettuna. My\u00f6s Suosikin kappalem\u00e4\u00e4r\u00e4inen levikki oli maailman suurimpia.<\/p>\n\n\n\n<p>Jyrki\u00e4 kutsuttiin \u201dSuomen vanhimmaksi teini-ik\u00e4iseksi\u201d. H\u00e4n oli el\u00e4v\u00e4 esimerkki siit\u00e4, kuinka rock&#8217;n roll pident\u00e4\u00e4 murrosik\u00e4\u00e4. Jyrki jaksoi innostua aina uudestaan ja uudestaan nuorisokulttuurin uusista virtauksista.<br><br>Jyrki H\u00e4m\u00e4l\u00e4inen kirjoitti kahdeksan viihdealaa k\u00e4sittelev\u00e4\u00e4 kirjaa. H\u00e4n itse oli alan k\u00e4velev\u00e4 tietosanakirja, joka tunsi kaikki viihdealan tekij\u00e4t kotimaassa ja laajan joukon kansainv\u00e4lisi\u00e4 legendoja. H\u00e4m\u00e4l\u00e4inen oli esimerkiksi ainoa suomalainen toimittaja, joka tapasi henkil\u00f6kohtaisesti <strong>Elvis Presleyn.<br><\/strong><\/p>\n\n\n\n<p>Suosikin tekemisen ohella Jyrki toimi mm. promoottorina, seremoniamestarina ja juontajana. H\u00e4n k\u00e4sikirjoitti lukuisia<strong> Danny-show<\/strong>-kokonaisuuksia ja oli usein mukana kiertueilla. H\u00e4net n\u00e4htiin viel\u00e4 90-luvulla rockfestareiden vauhdikkaana juontajana.<\/p>\n\n\n\n<p><br>&#8211; Jyrki oli mainio seuramies, jonka kanssa ei koskaan pitk\u00e4stynyt. H\u00e4nell\u00e4 oli ehtym\u00e4t\u00f6n juttuaarteisto. Siin\u00e4 mieless\u00e4 Jyrki oli t\u00e4ysin ep\u00e4suomalainen kaveri, ett\u00e4 h\u00e4n ei milloinkaan puhunut pahaa kenest\u00e4k\u00e4\u00e4n, muistelee <strong>Pentti Ter\u00e4v\u00e4inen<\/strong>.<\/p>\n\n\n\n<p>&#8211; Kun <strong>Mix<\/strong>-lehti v\u00e4rv\u00e4si 90-luvulla koko Suosikin henkil\u00f6kunnan palvelukseensa ja yritti kaataa Suosikin, Jyrki ei j\u00e4\u00e4nyt tuleen makaamaan. H\u00e4n pyysi minutkin mukaan uuteen tiimiin. Suostuin oitis, koska arvasin, kuka tuonkin kisan voittaisi. Ja olihan se makeeta, kun saattoi sanoa koulukaverilleni, sosiologian professori Pertti Alasuutarille, ett\u00e4 meik\u00e4l\u00e4isest\u00e4 tuli sitten Suosikin <strong>Proffa.<\/strong><\/p>\n\n\n\n<p>Jyrki oli mukana, kun DJ Hall Of Fame luovutti kev\u00e4\u00e4ll\u00e4 2007 muistotaulun Suomen ensimm\u00e4iselle diskoteekille, <strong>Kulosaaren Casinolle<\/strong>. H\u00e4nell\u00e4 riitti muisteltavaa, kun Stadin jetset joutui 1966 matkustamaan \u201dkauas\u201d Kulosaareen aistimaan mannermaisia virtauksia. Jyrki vieraili my\u00f6s DJ-kunniagallerian kotiluolassa <strong>Tabussa<\/strong> Penan \u201djulkkishaastattelussa\u201d.<\/p>\n\n\n\n<p><strong>Musiikki &amp; Media<\/strong> \u2013tapahtuma palkitsi Jyrkin el\u00e4m\u00e4nty\u00f6palkinnolla 2002. \u2013 Meill\u00e4 oli ilo ja kunnia \u201deskorteerata\u201d Jyrki\u00e4 ja h\u00e4nen silloista vaimoaan Tampereen y\u00f6ss\u00e4. Paikallisessa jazzkapakassa tilasin meille kierroksen, taisi olla siiderit. Seuraavan kierroksen tilasi Jyrki: nelj\u00e4 pulloa parasta punaviini\u00e4, jokaiselle omansa. Tuo <strong>Paapan kapakka<\/strong> ei ole varsinaisesti tanssipaikka, mutta kyll\u00e4 siell\u00e4 sitten tanssittiinkin\u2026<\/p>\n\n\n\n<p>&#8211; Jyrki oli varsinainen Turo-magneetti, jonka kaikki tunsivat ja halusivat sanoa h\u00e4nelle jotain. Moni muu olisi hermostunut ja alkanut v\u00e4istell\u00e4 suuria ihmisjoukkoja, mutta Jyrki oli komeasti julkinen el\u00e4in loppuun saakka.<\/p>\n\n\n\n<p>Jyrki\u00e4 j\u00e4\u00e4 kaipaamaan laaja yst\u00e4v\u00e4- ja tuttavapiiri. H\u00e4n on nyt siell\u00e4, miss\u00e4 monet muutkin liian aikaisin l\u00e4hteneet viihdealan isot nimet.<\/p>\n\n\n\n<p><strong>xxxxxxxxxxxxxxxxxxxxxxxxxxxxxxxxxxx<\/strong><\/p>\n\n\n\n<p><strong>DJ Hall Of Fame ylpe\u00e4n\u00e4 esitti<\/strong><\/p>\n\n\n\n<h2>Jyrki Jyr\u00e4ys H\u00e4m\u00e4l\u00e4inen klubi-illassa<\/h2>\n\n\n\n<p><br>Jyrki tutustui orastavaan diskokulttuuriin jo 60-luvun puoliv\u00e4liss\u00e4 asuessaan ja ty\u00f6skennelless\u00e4\u00e4n ulkomailla Suosikin laskuun. Kotimaan menomestoissa h\u00e4n oli tuttu n\u00e4ky alusta alkaen.<\/p>\n\n\n\n<p><strong>Rajua menoa DJ-kisoissa<\/strong><br>Kaikkien aikojen ensimm\u00e4inen DJ-kisa k\u00e4ytiin Tampereen <strong>Linnasalilla<\/strong>, joka oli hankkinut ensimm\u00e4isen\u00e4 kunnon diskotekniikan. Kilpailijoiden suoritukset poikkesivat tuolloin huomattavasti my\u00f6hemm\u00e4n ajan DJ-kisoista. Kyse oli pikemminkin stand up-komiikan ja rajun kohkaamisen yhdist\u00e4misest\u00e4, l\u00e4hinn\u00e4 MC- eli seremoniamestarina toimimisesta.<\/p>\n\n\n\n<p>&#8211; Linnasalin kisassa meill\u00e4 oli toinen, ns. komentomikki, jolla annettiin lavalta viesti\u00e4 kaverille, joka laittoi levyt py\u00f6rim\u00e4\u00e4n toisaalta, Jyrki kertoi. Pena lis\u00e4si t\u00e4h\u00e4n, ett\u00e4 jostain oli selvinnyt tuon kaverin olleen <strong>Kai Luodes, <\/strong>joka sittemmin on toiminut vuosikymmeni\u00e4 <strong>Seitsem\u00e4n Sein\u00e4hullun<\/strong> autokuskina ja yleismiehen\u00e4. Yleis\u00f6n joukosta l\u00f6ytyi lis\u00e4tietoa tilanteesta. Laulaja <strong>Rale Koiviston<\/strong> seuralaisena ollut <strong>Mitsu <\/strong>muisti, ett\u00e4 Jyrkin edess\u00e4 riehui hurmoksessa kaksi notkeaa, pitk\u00e4tukkaista teinipoikaa. \u2013 He olivat<strong> Veltto Virtanen<\/strong> ja <strong>Moog Konttinen<\/strong>! Ex-kansanedustaja ja diplomi-insin\u00f6\u00f6ri, molemmat tuttuja rock-kuvioista.<\/p>\n\n\n\n<p><strong>Baccara ja terroriuhka<\/strong><br>Jyrki toimi monilla kiertueilla juontajana, DJ:n\u00e4 ja yleismiehen\u00e4. Yksi hupaisista muistoista liittyi <strong>Baccara<\/strong>-duon kiertueeseen Suomen lavoilla. &#8211; Leidit olivat liev\u00e4sti sanottuna ihmeiss\u00e4\u00e4n, kun heit\u00e4 kuskattiin metsien l\u00e4pi oikoteit\u00e4 pitkin kovalla kiireell\u00e4<strong> K\u00f6yli\u00f6n Lallintalolle<\/strong>. V\u00e4lill\u00e4 eksyttiin niin pahasti, ett\u00e4 tultiin jonkun sikalan pihaan, josta talon em\u00e4nt\u00e4 tuli h\u00e4tistelem\u00e4\u00e4n \u201dmustalaisnaisia matkoihinsa\u201d. Jyrki k\u00e4\u00e4nsi em\u00e4nn\u00e4n viestin vain osittain kansainv\u00e4lisille leideille\u2026<\/p>\n\n\n\n<p>Lopulta p\u00e4\u00e4stiin Lallikselle, jonne leidej\u00e4 varten oli rakennettu oikein uudet vessat. Ylpe\u00e4t rakentajat halusivat tietenkin Jyrkin usuttavan leidit k\u00e4ytt\u00e4m\u00e4\u00e4n vessaa ja antamaan arvionsa siit\u00e4. \u2013 Eih\u00e4n sellaista kehdannut tehd\u00e4. Lopulta he k\u00e4yttiv\u00e4t tietysti vessaa, mutta kommenttia en kysynyt. &#8211; Eik\u00e4 t\u00e4ss\u00e4 kaikki. Lallintalon tunnushahmoksi, <strong>Lalliksi <\/strong>pukeutunut kaveri tuli ojentamaan Baccaralle muistopystin. Kaverilla oli sel\u00e4ss\u00e4\u00e4n jousipyssy ja nuolikotelo, joka j\u00e4rkytti Baccaran managerin. T\u00e4m\u00e4 ep\u00e4ili, ett\u00e4 kyseess\u00e4 on joku kyl\u00e4hullu, joka on tullut listim\u00e4\u00e4n h\u00e4nen suojattinsa ja alkoi huutaa \u201dterrorist, terrorist\u201d. Ett\u00e4 t\u00e4llaista.<\/p>\n\n\n\n<p><strong>T\u00e4hdet ovat hyvi\u00e4 tyyppej\u00e4<\/strong><br>Jyrkill\u00e4 oli poptoimittajana tilaisuus tavata l\u00e4hes kaikki maailmant\u00e4hdet, osa moneen kertaan ja joistakin tuli hyvi\u00e4 tuttuja vuosien mittaan. N\u00e4ist\u00e4 esimerkkein\u00e4<strong> Rollarit, Tom Jones <\/strong>ja Ranskan legenda<strong> Johnny Hallyday. <\/strong>My\u00f6s <strong>Abba<\/strong>-tytt\u00f6jen kanssa h\u00e4n vietti p\u00e4iv\u00e4n Tukholmassa n\u00e4iden levytyssessioiden aikaan.<\/p>\n\n\n\n<p>&#8211; Yksi yhteinen piirre t\u00e4hdiss\u00e4 on. Mit\u00e4 suurempi nimi, sit\u00e4 rennompi ja tavallisempi tyyppi on kyseess\u00e4. Toki poikkeuksiakin on, mutta n\u00e4in se yleens\u00e4 menee. Angloamerikkalaisen kulttuurin hegemoniassa on ehk\u00e4 unohdettu, ett\u00e4 Saksan merkitys diskomusiikin kehityksess\u00e4 oli 70-luvulla huomattava.<\/p>\n\n\n\n<p>\u2013 Esimerkiksi Baccara, <strong>Amii Stewart<\/strong> ja <strong>Donna Summer <\/strong>olivat saksalaisten tuottamia ja uusi soundi syntyi siell\u00e4. Jyrki kertoi seuraavansa popmusiikkia edelleenkin, eik\u00e4 aio siit\u00e4 luopuakaan. Veteraani-DJ on t\u00e4ysin vakuuttunut, ett\u00e4 tanssiminen s\u00e4ilyy jatkossakin osana viihdekulttuuria. &#8211; Diskokulttuuri on nykyisin voimakkaampi kuin livemusakulttuuri. Eik\u00e4 netti ja s\u00e4hk\u00f6inen yhteydenpito korvaa ihmisten oikeaa livekontaktia.<\/p>\n\n\n\n<p>Mik\u00e4 levy saa Jyrki H\u00e4m\u00e4l\u00e4isen takuuvarmasti parketille? &#8211; Kyll\u00e4 se on <strong>Chubby Checkerin<\/strong> veto <em><strong>Let\u2019s Twist Again<\/strong><\/em>. * Tamperelaissyntyinen Jyrki H\u00e4m\u00e4l\u00e4inen on ollut aitiopaikalla suomalaiseen popkulttuuriin yli 45 vuoden ajan. H\u00e4n on toiminut Suosikki-lehden pitk\u00e4aikaisena p\u00e4\u00e4toimittajana sek\u00e4 muun muassa showkiertueiden juontajana, k\u00e4sikirjoittajana, TV-juontajana ja deejiin\u00e4. H\u00e4m\u00e4l\u00e4inen on kirjoittanut useita popmaailmaa k\u00e4sittelevi\u00e4 kirjoja.<\/p>\n","protected":false},"excerpt":{"rendered":"<p>Jyrki \u201dJyr\u00e4ys\u201d H\u00e4m\u00e4l\u00e4inen voitti 60-luvun lopulla maan ensimm\u00e4isen DJ-kilpailun, jossa taitojaan mitteliv\u00e4t radiosta tutut levyjuontajat. Tiskijukkien kunniagalleriaan h\u00e4net kutsuttiin j\u00e4seneksi&#8230;<\/p>\n","protected":false},"author":2,"featured_media":0,"parent":0,"menu_order":0,"comment_status":"closed","ping_status":"closed","template":"","meta":[],"_links":{"self":[{"href":"https:\/\/www.hitit.fi\/index.php\/wp-json\/wp\/v2\/pages\/10385"}],"collection":[{"href":"https:\/\/www.hitit.fi\/index.php\/wp-json\/wp\/v2\/pages"}],"about":[{"href":"https:\/\/www.hitit.fi\/index.php\/wp-json\/wp\/v2\/types\/page"}],"author":[{"embeddable":true,"href":"https:\/\/www.hitit.fi\/index.php\/wp-json\/wp\/v2\/users\/2"}],"replies":[{"embeddable":true,"href":"https:\/\/www.hitit.fi\/index.php\/wp-json\/wp\/v2\/comments?post=10385"}],"version-history":[{"count":1,"href":"https:\/\/www.hitit.fi\/index.php\/wp-json\/wp\/v2\/pages\/10385\/revisions"}],"predecessor-version":[{"id":10387,"href":"https:\/\/www.hitit.fi\/index.php\/wp-json\/wp\/v2\/pages\/10385\/revisions\/10387"}],"wp:attachment":[{"href":"https:\/\/www.hitit.fi\/index.php\/wp-json\/wp\/v2\/media?parent=10385"}],"curies":[{"name":"wp","href":"https:\/\/api.w.org\/{rel}","templated":true}]}}