{"id":10401,"date":"2024-11-24T17:35:43","date_gmt":"2024-11-24T15:35:43","guid":{"rendered":"https:\/\/www.hitit.fi\/?page_id=10401"},"modified":"2024-11-24T17:39:00","modified_gmt":"2024-11-24T15:39:00","slug":"dj-hall-of-fame-dj-aira-davidsson","status":"publish","type":"page","link":"https:\/\/www.hitit.fi\/index.php\/dj-hall-of-fame-dj-aira-davidsson\/","title":{"rendered":"DJ Aira Davidsson"},"content":{"rendered":"\n<p><strong>DJ Aira Davidsson (o.s. Lattunen<\/strong>, s.1952), Lahen ensimm\u00e4inen naispuolinen DJ, my\u00f6hemmin FM, MA, ty\u00f6ura koulutusbisneksess\u00e4, FINTRA &#8211; Kansainv\u00e4lisen kaupan koulutuskeskus, Helsingin kauppakorkeakoulu, Aalto-yliopisto.<\/p>\n\n\n\n<figure class=\"wp-block-image size-full\"><img decoding=\"async\" loading=\"lazy\" width=\"170\" height=\"223\" src=\"https:\/\/www.hitit.fi\/wp-content\/uploads\/2024\/11\/FB_IMG_1677606661955.jpg\" alt=\"\" class=\"wp-image-10402\"\/><\/figure>\n\n\n\n<p><strong>Miten sinusta tuli DJ?<\/strong><\/p>\n\n\n\n<p>Meit\u00e4 oli kuusilapsinen perhe, kolme tytt\u00f6\u00e4 ja kolme poikaa. Radio oli kaiken aikaa p\u00e4\u00e4ll\u00e4,<\/p>\n\n\n\n<p>\u201dLauantain toivotut\u201d oli viikon kohokohta (Aikamiehet ja Iltatuulen viesti ym.) Meill\u00e4 musisoitiin paljon: vanhemmat veljet soittivat kitaraa ja s\u00e4hk\u00f6pianoa. Itsell\u00e4ni oli ensimm\u00e4inen instrumentti viulu, sen j\u00e4lkeen tuli piano ja nyt vanhemmalla i\u00e4ll\u00e4 olen ryhtynyt soittamaan akustista kitaraa. Tuosta pianonsoitosta tuli mieleen yks kerta, kun osallistuin soittokilpailuihin. Olin ainoa omassa ik\u00e4ryhm\u00e4ss\u00e4ni ja sain kolmannen palkinnon.<\/p>\n\n\n\n<p>Kotoa l\u00f6ytyiv\u00e4t kaikki musiikintoistovehkeet. Kasettinauhurilla tuli sitten \u00e4\u00e4nitetty\u00e4 musaa radiosta ja auta armias, jos radiotoimittaja katkaisi jonkun hyv\u00e4n biisin pulistakseen siihen v\u00e4liin jotain, se oli tietty tarkoituksellista. Me lauloimme varsinkin sisarten kanssa aina. Virsikirjaa kannesta kanteen, koulun musiikkikirjaa samoin. \u00c4iti teki paljon moni\u00e4\u00e4nisi\u00e4 sovituksia varsinkin kansanlauluihin. Lauloimme pihalla keinuessamme ja kansantansseja tanssiessamme. Olimme mukana tanhuryhm\u00e4ss\u00e4 ja kerran Peikkovartiomme p\u00e4\u00e4si jopa televisioon esiintym\u00e4\u00e4n. Meill\u00e4 oli kulmakunnan ensimm\u00e4inen televisio ja kaikki naapurin lapset ker\u00e4\u00e4ntyiv\u00e4t katsomaan iltaisin televisiota meille. Istuttiin sohvalla kylkikyljess\u00e4, pime\u00e4ss\u00e4, hiiskumatta sanaakaan, jos tuli Rintintin tms. ohjelma.<\/p>\n\n\n\n<p>Vesa Lattunen, toiseksi vanhin veli, perusti Lahen ensimm\u00e4isen progeb\u00e4ndin, Haikaran. Sit\u00e4 ennen h\u00e4nell\u00e4 oli ollut monenmoisia kokoonpanoja b\u00e4ndein\u00e4, The Lords, Tinkle jne. Erityisesti Haikara ker\u00e4si mainetta ja kunniaa, my\u00f6s useita levytyksi\u00e4.<\/p>\n\n\n\n<p>Musiikki soi meill\u00e4 aina. K\u00e4vin Kannaksen yhteislyseota ja vanhaan hyv\u00e4\u00e4n aikaan j\u00e4rjestettiin my\u00f6s konva-iltoja varsinkin lukioaikana. Tuolloin olivat The Beatles, The Rolling Stones, The Kinks jne. kovia, nousevia b\u00e4ndej\u00e4. Esiinnyin em. Konva-illoissa kaksi kertaa: ensimm\u00e4isell\u00e4 kerralla lauloin \u201dYesterday\u00b4n\u201d ja toisella kerralla \u201dGirls\u00b4n\u201d. Vanhin veli suostui s\u00e4est\u00e4m\u00e4\u00e4n kitaralla laulujani, mutta sill\u00e4 ehdolla, ett\u00e4 sai olla soittamassa ja s\u00e4est\u00e4m\u00e4ss\u00e4 verhon takana \ud83d\ude00 H\u00e4n oli itsekin saman koulun oppilas. Lauloin soolona my\u00f6s muutaman kerran koulun yhteisiss\u00e4 aamunavauksissa.<\/p>\n\n\n\n<p>Ensimm\u00e4inen kokemukseni diskoista asiakkaana (Nuutti-grillist\u00e4, jossa sitten toimin levynpy\u00f6ritt\u00e4j\u00e4n\u00e4) oli se, kun k\u00e4r\u00e4hdin v\u00e4\u00e4rennetyist\u00e4 papereista. Eik\u00e4 ihme, henkkarit olivat tosi t\u00f6ker\u00f6sti v\u00e4\u00e4rennetyt XD.<\/p>\n\n\n\n<p>Omat levyt tulivat mukaan sit\u00e4 kautta, ett\u00e4 vanhemmat veljet tilasivat maailmalta Billboard-musiikkilehte\u00e4, jonka mukana tuli usein vinyylilevyj\u00e4. Meill\u00e4 oli koko kulmakunnan paras vinyylilevykokoelma. Olin koulun loma-aikoina useana vuonna Musiikkitalo Westerlundissa t\u00f6iss\u00e4 ja siell\u00e4 pysyi ajan tasalla uusista musiikkivirtauksista. Tampereelta tilasin jonkun kerran levyj\u00e4 (taisi olla Epe\u00b4s?).<\/p>\n\n\n\n<p>T\u00e4ysi-ik\u00e4iseksi tullessani olinkin sitten kuitenkin aika pian Nuutin palkkalistoilla. Silloin, 60- luvun loppupuolella, 70-luvulla olivat kovia b\u00e4ndej\u00e4 The Shadows, Boney M, Sonny &amp; Cher, Papa\u00b4s &amp; Mama\u00b4s. Ja tietty The Beatles ja The Rolling Stones. Aika paljon oli siis ulkomaisia artisteja ja b\u00e4ndej\u00e4.<\/p>\n\n\n\n<p>Kotimaisista olivat levylautasella usein Sleepy Sleepers, Leningrad Cowboys ja tietty The Hurriganes, joka oli my\u00f6s tuolloin kova b\u00e4ndi. Tapasin kerran Remu Aaltosen Kansantalon Lahen keikan j\u00e4lkeen.<\/p>\n\n\n\n<p>Tapaus oli seuraava: veljeni b\u00e4ndi oli esiintynyt samalla keikalla ja Hurriganeilta oli h\u00e4vinnyt yksi \u00e4myri. Remu asteli keikan j\u00e4lkeen meid\u00e4n pihaamme Tarmokadulle, kun oli saanut kuulla, ett\u00e4 veljen b\u00e4ndi harjoittelee meid\u00e4n omakotitalossamme. Olin yksin kotona ja Remu tivasi, josko b\u00e4ndin kamoihin olisi ilmestynyt yksi ylim\u00e4\u00e4r\u00e4inen \u00e4myri. Kielsin havainneeni mit\u00e4\u00e4n sen suuntaista. Remu nosti maassa lojuneen lapion sein\u00e4\u00e4 vasten ja tokaisi, ett\u00e4 <em>eip\u00e4 t\u00e4ss\u00e4 muuta, tulin vain nostamaan t\u00e4m\u00e4n lapion pystyyn<\/em>. En t\u00e4n\u00e4k\u00e4\u00e4n p\u00e4iv\u00e4n\u00e4 tied\u00e4, oliko Ganesien \u00e4myri eksynyt Haikaran keikkabussiin vai ei \ud83d\ude00<\/p>\n\n\n\n<p>Olin vakkarik\u00e4vij\u00e4 Nuutti-grilliss\u00e4, ja varmaankin jomman kumman veljen ansiosta tutustuin silloin DJ:n\u00e4 toimineisiin tyyppeihin. Olihan Vesa-veli my\u00f6s julkkis tuohon aikaan Lahessa. Tapani Ripatti ja Risto Tuhkala olivat silloin DJ-n\u00e4. He huomasivat kiinnostukseni musiikkiin ja v\u00e4rv\u00e4siv\u00e4t Nuutti-grilliin. Olihan siin\u00e4 tietty my\u00f6s n\u00e4ytt\u00e4misen ja esiintymisen halu. Lahessa oli tuolloin popparit ja rockarit, jotka olivat KOP:in aulan vakiojengi\u00e4. Itse kuuluin poppareihin, joiden kantapaikka oli juuri Nuutti- grilli.<\/p>\n\n\n\n<p>Minut rekrytoitiin siis Tapani Ripatin (Beaver) ja Risto Tuhkalan (Ripan) toimesta. Paljon soitettuja b\u00e4ndej\u00e4 tuohon aikaan olivat James Brown, Hot Butter, Moody Blues ja tietty kaikki rock \u00b4n roll levytykset. Nuutissa j\u00e4rjestettiin rock-kisat, joita emme kuitenkaan voittaneet silloisen poikayst\u00e4v\u00e4n kanssa.<\/p>\n\n\n\n<p>Palkka ei tainnut olla kovin h\u00e4\u00e4pp\u00f6inen, mutta tuli tarpeeseen lukiolaiselle. Nuutissa oli hyv\u00e4 ruoka ja ilmainen ateria\/ilta oli taattu. Yleis\u00f6 tiesi heti, kun laitoin James Brownin Get up soimaan, ett\u00e4 nyt DJ l\u00e4htee sy\u00f6m\u00e4\u00e4n. Biisi on yli 20 minuuttia pitk\u00e4, joten hyvin ehti sy\u00f6d\u00e4 ja h\u00f6rp\u00e4t\u00e4 kahvit p\u00e4\u00e4lle. Ihmeen hyvin tuo populaarimusa veti aina porukkaa tanssilattialle.<\/p>\n\n\n\n<p>Tein l\u00e4hinn\u00e4 viikonloppukeikkoja, koulunk\u00e4ynti oli kesken, joten keikoista saamani rahat meniv\u00e4t l\u00e4hinn\u00e4 uusiin kledjuihin. Parhaan kaverin kanssa k\u00e4ytiin v\u00e4lill\u00e4 Hesassa Beavers\u00b4iss\u00e4, miss\u00e4 usein t\u00f6rm\u00e4ttiin Ganesin tyyppeihin. Beaversist\u00e4 sai kaikkein makeimmat farkut. Mutta &#8211; ennenkuin hypp\u00e4simme Hesan junaan Lahesta, niin piti saada p\u00e4\u00e4lle jotain uudempaa asustetta, ennenkuin kehtasi l\u00e4hte\u00e4 p\u00e4\u00e4kaupunkiin \ud83d\ude09 (Ai mek\u00f6 muka pinnallisia)?!<\/p>\n\n\n\n<p>Olin p\u00e4\u00e4toiminen lukiolainen, kes\u00e4t\u00f6iss\u00e4 kaupungin uimavalvojana, lipun myyj\u00e4n\u00e4 Lahen hyppytornissa, Musiikkitalo Westerlundissa myyj\u00e4n\u00e4 jne. Aktiivivuoteni DJ:n\u00e4 olivat1969-1972, jolloin kirjoitin ylioppilaaksi ja pian sen j\u00e4lkeen l\u00e4hdin au-pairiksi Pariisiin ja sielt\u00e4 sitten Berliiniin opiskelemaan.<\/p>\n\n\n\n<p>En ollut mik\u00e4\u00e4n r\u00e4v\u00e4kk\u00e4 levynpy\u00f6ritt\u00e4j\u00e4. Halusin soittaa sellaista musiikkia, mik\u00e4 varmasti veti porukkaa tanssilattialle. Elikk\u00e4 valitsin biisit sen mukaan. Esiintymisasuja ei ollut muunlaisia, kuin mit\u00e4 silloinen muoti oli.Rytmittelin hitaita ja nopeita biisej\u00e4 v\u00e4h\u00e4n sen mukaan, mink\u00e4lainen yleis\u00f6 oli, mik\u00e4 kellonaika oli (=mik\u00e4 oli promilletaso), mihin reagoivat parhaiten jne.<\/p>\n\n\n\n<p>Yleisesti voisi sanoa, ett\u00e4 olin iloinen\/tyytyv\u00e4inen, ett\u00e4 sain porukat tanssilattialle. Seh\u00e4n on DJ:n ty\u00f6ss\u00e4 paras palaute. Yhden mukavan kokemuksen\/ huippuhetken muistan hyvin: olin ollut Nizzassa kes\u00e4lomalla, (minulla on nizzalainen k\u00e4ly) ja k\u00e4vin siell\u00e4 tietty paikallisissa discoissa. Yhdess\u00e4 niist\u00e4 paikoista oli todella hyv\u00e4 meininki: DJ toimi esitanssijana. No, pitih\u00e4n minunkin sitten heti ensimm\u00e4isell\u00e4 keikalla Nuutissa tehd\u00e4 sama: py\u00f6ritin levyj\u00e4 ja tanssin DJ-kopin p\u00f6yd\u00e4ll\u00e4 koko illan. Pelk\u00e4sin koko ajan, ett\u00e4 p\u00f6yt\u00e4levy pett\u00e4\u00e4, mutta hyvin kesti ja hyvin jaksoin koko illan bailata yleis\u00f6n mukana. Sain kovasti kehuja sen illan aikana. T\u00e4m\u00e4 siis 20 kiloa sitten \ud83d\ude09<\/p>\n\n\n\n<p>Toinen hieno kokemus, joka ei varsinaisesti liity DJ:n\u00e4 olemiseen, mutta v\u00e4lillisesti kyll\u00e4. Meill\u00e4 oli tuohon aikaan Lahessa yst\u00e4v\u00e4piiri, joka oli nimelt\u00e4\u00e4n \u201dTanssivat mannekiinit\u201d. Vet\u00e4j\u00e4n\u00e4 oli Kikka (Kirkan ex-vaimo). Yksi asia johti toiseen ja huomasin istuvani Kikan kanssa Kirkan mersussa matkalla Heinolaan, miss\u00e4 Kirkalla oli keikka. Saimme seurata keikkaa aitiopaikalta, valotornista. V\u00e4h\u00e4x oli mageeta!<\/p>\n\n\n\n<p>Lahen torikauppiaat tulivat tutuiksi, kun aamun varhaisina tunteina mentiin keikan j\u00e4lkeen ostamaan mansikoita ja sy\u00f6tiin niit\u00e4 altaan reunalla. Ja pakko tunnustaa, ett\u00e4 jos ylpp\u00e4rikirjoitusten edelt\u00e4v\u00e4n\u00e4 iltana oli keikka, niin ehk\u00e4 kirjoitukset olisivat voineet menn\u00e4 hieman paremmin. Magna cum laude sielt\u00e4 kuitenkin tuli.<\/p>\n\n\n\n<p><strong>Kamalimmat keikkakokemukset?<\/strong><\/p>\n\n\n\n<p>Irwin oli ollut keikalla Lahden Seurahuoneella ja tulivat sitten b\u00e4ndin kanssa illan p\u00e4\u00e4tteeksi Nuuttiin oluselle tms. Heti kun huomasin seurueen, tuli kiire kaivaa vinyyleist\u00e4 Irwinin levy. Pistin Poing poing poingin soimaan ja yht\u00e4kki\u00e4 Irwin seisoo DJ-kopin vieress\u00e4 tymp\u00e4\u00e4ntyneen n\u00e4k\u00f6isen\u00e4, mulkaisee minua ja mumisee jotain Kopiostokorvauksista. Kaikkein pahinta oli, ett\u00e4 levy oli vioittunut ja j\u00e4i soimaan paikoilleen ennenkuin sain musiikin hiljennetty\u00e4. Huh huh &#8211; ei tullut Irwinist\u00e4 meik\u00e4n fania.<\/p>\n\n\n\n<p><strong>Onko DJ-ty\u00f6 vaikuttanut siihen, millainen olet nyky\u00e4\u00e4n?<\/strong><\/p>\n\n\n\n<p>Olen toiminut kouluttajana ja luennoijana koko ty\u00f6urani ajan. DJ-ty\u00f6 on antanut valmiuksia esim. esiintymisj\u00e4nnitykseen ja yleis\u00f6n huomioimiseen.<\/p>\n\n\n\n<p>Olin pitk\u00e4\u00e4n t\u00f6iss\u00e4 FINTRAssa ja aina mukana kaikissa toimikunnissa j\u00e4rjest\u00e4m\u00e4ss\u00e4 juhlia ja riekkumassa lavalla. Vaihdoin 23 vuoden ty\u00f6rupeaman j\u00e4lkeen Kauppakorkeakouluun ja p\u00e4\u00e4tin, ett\u00e4 pid\u00e4n matalampaa profiilia. Kunnes uudessa ty\u00f6paikassa perustettiin lauluryhm\u00e4 (jossa soitti mm. V\u00e4rttin\u00e4n hanuristi. Ryhm\u00e4 esiintyi Kauppiksen juhlissa) ja kunnes er\u00e4\u00e4ll\u00e4 ty\u00f6matkalla bussissa Mikkelist\u00e4 Helsinkiin virittelin ty\u00f6kavereille kaanon-laulun. Silloinen Kauppakorkeakoulun rehtori oli my\u00f6s bussissa ja mukana menossa. Hyvin helposti yst\u00e4vien kanssa iltaa vietett\u00e4ess\u00e4 rupean soittamaan levyj\u00e4, musiikkia (yleis\u00f6n pyynn\u00f6st\u00e4 huolimatta vai miten se menik\u00e4\u00e4n ;)). Ja l\u00e4hipubin karaokelista on my\u00f6s tullut tutuksi. Se siit\u00e4 pid\u00e4ttyvyydest\u00e4. Eli vastaus on, ett\u00e4 on vaikuttanut.<\/p>\n\n\n\n<figure class=\"wp-block-image size-full\"><img decoding=\"async\" loading=\"lazy\" width=\"298\" height=\"298\" src=\"https:\/\/www.hitit.fi\/wp-content\/uploads\/2024\/11\/1686479616690.jpg\" alt=\"\" class=\"wp-image-10403\" srcset=\"https:\/\/www.hitit.fi\/wp-content\/uploads\/2024\/11\/1686479616690.jpg 298w, https:\/\/www.hitit.fi\/wp-content\/uploads\/2024\/11\/1686479616690-150x150.jpg 150w\" sizes=\"(max-width: 298px) 100vw, 298px\" \/><\/figure>\n\n\n\n<p><strong>Kaikkien aikojen TOP-hittisi<\/strong><\/p>\n\n\n\n<p>Seuraavat eiv\u00e4t ole paremmuusj\u00e4rjestyksess\u00e4:<\/p>\n\n\n\n<p>1) <strong>Haikaran<\/strong> tuotanto (kasvoimme progressiivisen rockin maailmaan sis\u00e4\u00e4n)<\/p>\n\n\n\n<p>2) <strong>Cat Stevens: Morning has broken<\/strong> (on vaan niin hienoa ja koskettavaa musisointia)<\/p>\n\n\n\n<p>3) <strong>Vesa-Matti Loiri: Lapin kes\u00e4, Nocturne<\/strong> (sanoitukset puhuttelevat ja tietysti my\u00f6s loistava Loirin tulkinta)<\/p>\n\n\n\n<p>4)<strong> Junnu Vainio: Kotkan poikii ilman siipii<\/strong> (ja lukemattomat muut hienot biisit sanoituksellisesti ja muutenkin)<\/p>\n\n\n\n<p>5) <strong>Yves Montand: Les feuilles mortes<\/strong> (tuo mieleen Ranskassa vietetyt ajat, on nykyisin yksi vakkari-karaokebiiseist\u00e4ni, en francais, naturellement)<\/p>\n\n\n\n<p>6)<strong> The Beatles: In my Life<\/strong> (koskettava sanoitus, hieno sovitus)<\/p>\n\n\n\n<p>7) <strong>Leonard Cohen: Suzanne<\/strong> (karismaattinen tulkitsija, hieno stoori)<\/p>\n\n\n\n<p>8) <strong>Queen: Bohemian Rhapsody<\/strong> (uskomaton sovitus mutta surullinen loppu Mercurylla)<\/p>\n\n\n\n<p>9) <strong>Bob Dylan: A Hard Rain\u00b4A-Gonna Fall<\/strong> (osallistava teksti, jonka tajusin vasta my\u00f6hemm\u00e4ll\u00e4 i\u00e4ll\u00e4)<\/p>\n\n\n\n<p>10) <strong>David Bowie: Space Oddity<\/strong> (ja moni muukin Bowien biisi, yksinkertaisesti nerokkaita sovituksia ja musiikillisesti t\u00e4yskymppej\u00e4)<\/p>\n\n\n\n<p><\/p>\n","protected":false},"excerpt":{"rendered":"<p>DJ Aira Davidsson (o.s. Lattunen, s.1952), Lahen ensimm\u00e4inen naispuolinen DJ, my\u00f6hemmin FM, MA, ty\u00f6ura koulutusbisneksess\u00e4, FINTRA &#8211; Kansainv\u00e4lisen kaupan koulutuskeskus,&#8230;<\/p>\n","protected":false},"author":2,"featured_media":0,"parent":0,"menu_order":0,"comment_status":"closed","ping_status":"closed","template":"","meta":[],"_links":{"self":[{"href":"https:\/\/www.hitit.fi\/index.php\/wp-json\/wp\/v2\/pages\/10401"}],"collection":[{"href":"https:\/\/www.hitit.fi\/index.php\/wp-json\/wp\/v2\/pages"}],"about":[{"href":"https:\/\/www.hitit.fi\/index.php\/wp-json\/wp\/v2\/types\/page"}],"author":[{"embeddable":true,"href":"https:\/\/www.hitit.fi\/index.php\/wp-json\/wp\/v2\/users\/2"}],"replies":[{"embeddable":true,"href":"https:\/\/www.hitit.fi\/index.php\/wp-json\/wp\/v2\/comments?post=10401"}],"version-history":[{"count":2,"href":"https:\/\/www.hitit.fi\/index.php\/wp-json\/wp\/v2\/pages\/10401\/revisions"}],"predecessor-version":[{"id":10407,"href":"https:\/\/www.hitit.fi\/index.php\/wp-json\/wp\/v2\/pages\/10401\/revisions\/10407"}],"wp:attachment":[{"href":"https:\/\/www.hitit.fi\/index.php\/wp-json\/wp\/v2\/media?parent=10401"}],"curies":[{"name":"wp","href":"https:\/\/api.w.org\/{rel}","templated":true}]}}