{"id":10476,"date":"2024-12-08T17:43:31","date_gmt":"2024-12-08T15:43:31","guid":{"rendered":"https:\/\/www.hitit.fi\/?page_id=10476"},"modified":"2024-12-09T19:49:43","modified_gmt":"2024-12-09T17:49:43","slug":"turkulaista-diskoelamaa-70-80-luvulla","status":"publish","type":"page","link":"https:\/\/www.hitit.fi\/index.php\/turkulaista-diskoelamaa-70-80-luvulla\/","title":{"rendered":"Turkulaista diskoel\u00e4m\u00e4\u00e4 70 \u2013 80-luvulla"},"content":{"rendered":"\n<p><\/p>\n\n\n\n<p>T\u00e4m\u00e4n jutun kirjoitti pitk\u00e4n linjan <strong>DJ Vexu <\/strong>alias <strong>Pekka Vekkeli.<\/strong> Kiitos hienosta ajankuvasta! <\/p>\n\n\n\n<figure class=\"wp-block-image size-large\"><img decoding=\"async\" loading=\"lazy\" width=\"1024\" height=\"576\" src=\"https:\/\/www.hitit.fi\/wp-content\/uploads\/2024\/12\/diskomenoa-1024x576.jpg\" alt=\"\" class=\"wp-image-10477\" srcset=\"https:\/\/www.hitit.fi\/wp-content\/uploads\/2024\/12\/diskomenoa-1024x576.jpg 1024w, https:\/\/www.hitit.fi\/wp-content\/uploads\/2024\/12\/diskomenoa-300x169.jpg 300w, https:\/\/www.hitit.fi\/wp-content\/uploads\/2024\/12\/diskomenoa-768x432.jpg 768w, https:\/\/www.hitit.fi\/wp-content\/uploads\/2024\/12\/diskomenoa-1536x864.jpg 1536w, https:\/\/www.hitit.fi\/wp-content\/uploads\/2024\/12\/diskomenoa-2048x1152.jpg 2048w\" sizes=\"(max-width: 1024px) 100vw, 1024px\" \/><\/figure>\n\n\n\n<p><strong>Purkkaa ja jyt\u00e4\u00e4<\/strong><\/p>\n\n\n\n<p>Kaikki olisi voinut p\u00e4\u00e4tty\u00e4 kohdaltani my\u00f6s toisin. Ensimm\u00e4inen LP-levyni oli nimitt\u00e4in voitettu Alice Cooperin Billion Dollar Babies ja kasettimankalla oli tullut \u00e4\u00e4nitetty\u00e4 l\u00e4hinn\u00e4 purkka- ja jyt\u00e4osastoa kuten Mud, Sweet, Gary Glitter, David Bowie, Slade, Deep Purple jne. Taloyhti\u00f6mme vihoviimeinen py\u00f6r\u00e4kellarin huone oli annettu meille teineille, joiden suosikkina pauhasi Uriah Heepin Easy Livin\u00b4 yh\u00e4 uudestaan ja uudestaan. 1976 kes\u00e4ll\u00e4 kanadanserkkuni olivat kyl\u00e4ilem\u00e4ss\u00e4 Turussa ja p\u00e4\u00e4simme katsomaan tuoretta kassamenestyst\u00e4 Saturday Night Fever, vaikka vaadittua 16 vuoden ik\u00e4\u00e4 ei meist\u00e4 jokaisella ollutkaan. Olin pelastettu.<\/p>\n\n\n\n<p>Ainoa alaik\u00e4isille tarkoitettu disco oli Le Chat, sittemmin samoissa tiloissa toimi seksiravintola Showtime Puutarhakadulla. Sinne sitten \u00e4ngettiin vet\u00e4m\u00e4ll\u00e4 rohkaisuksi \u201dpieni omppu\u201d juuri ennen sis\u00e4\u00e4nmenoa. Dj: t Artti (Jari Artinsalo) ja Kale olivat kokolailla samaa ik\u00e4luokkaa yleis\u00f6ns\u00e4 kanssa ja mieleen ovat j\u00e4\u00e4neet jatkuvalla soitolla olleet Kiss\u00b4n \u201d I was made 4 lovin\u00b4 U\u201d ja Rod Stewartin \u201d Do U think I\u00b4m sexy\u201d. Spiikkailua, k\u00e4sien yhteen hakkaamista, kilpailuja ja ihan sit\u00e4 samaa mit\u00e4 kohta opiskelijadiscoissakin. Ylip\u00e4\u00e4t\u00e4\u00e4n monien k\u00e4sitys DJ:st\u00e4 tuntui olevan suoraan elokuvasta American Graffiti ja radio Dj Wolfman Jack, ik\u00e4\u00e4n kuin sit\u00e4 omaa persoonaa ei olisi syntynyt ilman hassua hattua, huutoa ja rekvisiittaa.<\/p>\n\n\n\n<p>Turussa, kuten varmaan monissa muissakin kaupungeissa discotoiminta oli lapsenkengiss\u00e4, pioneerihenkist\u00e4 ja l\u00e4hes t\u00e4ysin koulujen ja opistojen hallussa. Ei ollut seduloita eiv\u00e4tk\u00e4 ketjut olleet kiinnostuneita 18-vuotiaiden vaatimattomista viikkorahoista. Omia diskojaan py\u00f6rittiv\u00e4t viikonloppuisin mm. Kauppaopisto, Teku, Kauppakorkean \u201dMonttu\u201d, \u00c5bo Akademin K\u00e5ren sek\u00e4 maanantaisin ravintola-ammattikoulun Aurora. Yhteist\u00e4 kaikille oli, ett\u00e4 diskotilana oli useimmiten matala ruokasali ja tarjolla limsaa, sipsej\u00e4 ja l\u00e4mmint\u00e4 III-olutta. Poikkeuksena olivat Aurora ja K\u00e5ren, joka toimi \u00c5bo Akademin juhlasalissa ja jolla oli A-oikeudet.<\/p>\n\n\n\n<p>Opiskelijadiskojen ohjelmaan kuului, ett\u00e4 DJ spiikkasi jotakuinkin jokaisen kappaleen ripattimaisella vauhdilla ja innostuksella &#8211; ja h\u00f6lm\u00f6j\u00e4 kilpailuja oli l\u00e4pi illan. Palkinnoista ei ollut niin v\u00e4li\u00e4, kunhan saatiin taas osallistua ja h\u00f6lm\u00f6ill\u00e4 oikein luvan kanssa. N\u00e4ist\u00e4 edell\u00e4 mainituista diskoista ylivoimaisesti suosituin oli ehdottomasti K\u00e5ren, joka keskittyi erityisesti kes\u00e4aikaan ja ker\u00e4si silloin eri koulujen nuorison yhteen. Oma merkityksens\u00e4 kes\u00e4n ylivoimaisuuteen oli tietysti sekin, ett\u00e4 kaikki muut sulkivat. LOL.<\/p>\n\n\n\n<p>Iskeri\u00e4 voitaneen sit\u00e4kin pit\u00e4\u00e4 opiskelijapaikkana, sill\u00e4 se toimi Turun Ylioppilaskyl\u00e4 S\u00e4\u00e4ti\u00f6n vuokralaisena talossa, joka oli t\u00e4ynn\u00e4 opiskelija-asuntoja. Siell\u00e4 kuulin ensimm\u00e4ist\u00e4 kertaa DJ:n miksaavan ja tekij\u00e4 oli nimelt\u00e4\u00e4n Davy Esposito. Olen my\u00f6hemmin haastatellut kaveria ja h\u00e4n oli kertomansa mukaan 17-vuotiaana osunut Kanadassa clubille, jossa Dj miksasi. Davy teki itsens\u00e4 tyk\u00f6, kyseli \u201dtyhmi\u00e4\u201d ja sitten tuo Dj oli sitten opettanut perusteet. Poikkeuksena muihin tuon ajan turkulaistiskijukkiin Davy ei spiikannut sanaakaan, mutta vaihtoja ei huomannut ja my\u00f6hemmin kun itse soitin samassa paikassa, l\u00f6ysin kopista lukuisia sinisi\u00e4 ruutuvihkoja, joihin oli tehty valmiit suunnitelmat illalle, alusta loppuun. Parhaimmillaan Iskeri oli niin suosittu, ett\u00e4 lauantaisin mentiin keikalle jo klo.18.00, tunti siit\u00e4 paikka oli t\u00e4ynn\u00e4 ja alkoi tanssit ja valomerkki tuli klo.00.30. Espositon ura kesti vain pari vuotta, sill\u00e4 innostus paloi nopeasti loppuun. Davy teki liki 30 keikkaa kuussa eik\u00e4 juuri s\u00e4\u00e4stellyt itse\u00e4\u00e4n. Niinp\u00e4 soittohalut loppuivat sitten kuin sein\u00e4\u00e4n ja nyrkkeily sek\u00e4 punttien kalistelu veiv\u00e4t miehen.<\/p>\n\n\n\n<p>70-luvulla jatkoaikalupia oli ainakin Turussa mahdollista saada vain, jos ravintola oli hotellin yhteydess\u00e4 ja sill\u00e4 oli mielell\u00e4\u00e4n viel\u00e4 kunnon keitti\u00f6. Niinp\u00e4 esimerkiksi my\u00f6hempin\u00e4 vuosina diskoksi muuttuva Hamburger B\u00f6rs oli tuolloin tasokas ohjelmaravintola, jossa ulkomaiset tanssiorkesterit, Kivikasvot, Marjatta Lepp\u00e4nen sun muut k\u00e4viv\u00e4t esiintym\u00e4ss\u00e4 ja iltaan kuului my\u00f6s illalliskortti.<\/p>\n\n\n\n<p>Vain yksi ravintola oli auki puoli nelj\u00e4\u00e4n ja se oli hotelli Marina Palacen kellarissa sijainnut Submarina, kaupungin ainoa \u201dy\u00f6kerho\u201d sen aikaisella ajattelulla. Yhden kerran onnistuin sinnekin teinin\u00e4 p\u00e4\u00e4sem\u00e4\u00e4n, mutta eip\u00e4 siell\u00e4 ollut juuri n\u00e4ht\u00e4v\u00e4\u00e4. Juomat kalliita, naiset helyiss\u00e4\u00e4n pikkupojille kopeita ja turkulaisia p\u00e4\u00e4tt\u00e4ji\u00e4 siell\u00e4 t\u00e4\u00e4ll\u00e4 tuhannen k\u00e4nniss\u00e4 edustustili\u00e4 tuhoamassa.<\/p>\n\n\n\n<p>My\u00f6hemmin 90-luvulla ty\u00f6skentelin saman hotellin Dancin Marinassa noiden vanhojen baarimestareiden kanssa ja he muistelivat menon olleet varsin hurjaa Submarinassa. Rapuaikaan saattoi jonkun grynderin seurueen lasku tehd\u00e4 25&nbsp;000-30&nbsp;000 markkaa ja mukana py\u00f6riv\u00e4t kaikki nimelt\u00e4 mainitsemattomat, silm\u00e4\u00e4tekev\u00e4t turkulaispoliitikot ja nousukkaat. Rahaa liikkui niin paljon, ett\u00e4 jos ei herra Isoherra jaksanut wc:hen asti ja pissi tekopensaaseen, niin portsari kahden metrin p\u00e4\u00e4ss\u00e4 k\u00e4\u00e4nsi selk\u00e4ns\u00e4 ja k\u00e4veli vihellellen pois.<\/p>\n\n\n\n<p>Rantasipi-hotelleja Turussa oli kaksi, toinen Ylioppilaskyl\u00e4ss\u00e4 Ikituuri (sittemmin Caribia) ja toinen Ruissalon per\u00e4ll\u00e4, kahdeksan kilometri\u00e4 keskustasta. Ikituurin Rendezvous koki parhaat vuotensa vasta 80-luvun puolella ja Ruissalo lopetti konkurssiin 1979, siell\u00e4 ehdin k\u00e4yd\u00e4 kait kaksi kertaa. 70-luvun alkuvuosista en osaa juuri kertoa, Seurahuoneen alakerrassa oli RoseRoom, jonne my\u00f6sk\u00e4\u00e4n en ik\u00e4ni puolesta ehtinyt.<\/p>\n\n\n\n<p>Turkulaisista 70-luvun pioneereista tuli jo mainittu tuo Davy, mutta kaiken kansan keskuudessa viel\u00e4kin suosituimpia taisivat olla Dj:t Pasi Saari alias Pacius ja Markku Aalto alias Macce, niin yhdess\u00e4 kuin erikseen. Siihen aikaan ravintolat mainostivat l\u00e4hes joka viikonloppu lehdess\u00e4, kuka oli soittovuorossa ja ihmiset valitsivat p\u00e4\u00e4m\u00e4\u00e4r\u00e4ns\u00e4 monesti Dj:n, eik\u00e4 paikan mukaan.<\/p>\n\n\n\n<p>Jos tunnistit kirjoittajan, meilaa Penalle osoitteeseen pena@hitit.fi<\/p>\n","protected":false},"excerpt":{"rendered":"<p>T\u00e4m\u00e4n jutun kirjoitti pitk\u00e4n linjan DJ Vexu alias Pekka Vekkeli. Kiitos hienosta ajankuvasta! Purkkaa ja jyt\u00e4\u00e4 Kaikki olisi voinut p\u00e4\u00e4tty\u00e4&#8230;<\/p>\n","protected":false},"author":2,"featured_media":0,"parent":0,"menu_order":0,"comment_status":"closed","ping_status":"closed","template":"","meta":[],"_links":{"self":[{"href":"https:\/\/www.hitit.fi\/index.php\/wp-json\/wp\/v2\/pages\/10476"}],"collection":[{"href":"https:\/\/www.hitit.fi\/index.php\/wp-json\/wp\/v2\/pages"}],"about":[{"href":"https:\/\/www.hitit.fi\/index.php\/wp-json\/wp\/v2\/types\/page"}],"author":[{"embeddable":true,"href":"https:\/\/www.hitit.fi\/index.php\/wp-json\/wp\/v2\/users\/2"}],"replies":[{"embeddable":true,"href":"https:\/\/www.hitit.fi\/index.php\/wp-json\/wp\/v2\/comments?post=10476"}],"version-history":[{"count":3,"href":"https:\/\/www.hitit.fi\/index.php\/wp-json\/wp\/v2\/pages\/10476\/revisions"}],"predecessor-version":[{"id":10484,"href":"https:\/\/www.hitit.fi\/index.php\/wp-json\/wp\/v2\/pages\/10476\/revisions\/10484"}],"wp:attachment":[{"href":"https:\/\/www.hitit.fi\/index.php\/wp-json\/wp\/v2\/media?parent=10476"}],"curies":[{"name":"wp","href":"https:\/\/api.w.org\/{rel}","templated":true}]}}