{"id":1356,"date":"2015-11-06T19:18:16","date_gmt":"2015-11-06T19:18:16","guid":{"rendered":"http:\/\/www.hitit.fi\/?page_id=1356"},"modified":"2026-04-15T20:18:18","modified_gmt":"2026-04-15T17:18:18","slug":"tata-suomi-tanssii","status":"publish","type":"page","link":"https:\/\/www.hitit.fi\/index.php\/viihdeuutiset\/tata-suomi-tanssii\/","title":{"rendered":"T\u00e4t\u00e4 Suomi tanssii huhtikuun loppupuolella 2026"},"content":{"rendered":"\n<figure class=\"wp-block-table\"><table><tbody><tr><td><strong><\/strong><\/td><td><strong>ed<\/strong><\/td><td><strong>Vkot<\/strong><\/td><td><strong>Kappale<\/strong><\/td><td><strong>Artisti<\/strong><\/td><td><strong>Levymerkki<\/strong><\/td><\/tr><tr><td><strong>1<\/strong><\/td><td><strong>1<\/strong><\/td><td><strong>10<\/strong><\/td><td><strong>Lululai<\/strong><\/td><td><strong>Komiat<\/strong><\/td><td><strong>Omak.<\/strong><\/td><\/tr><tr><td><strong>2<\/strong><\/td><td><strong>2<\/strong><\/td><td><strong>10<\/strong><\/td><td><strong>Hyv\u00e4, paras, parempi<\/strong><\/td><td><strong>\u00c4ss\u00e4t<\/strong><\/td><td><strong>Poptori<\/strong><\/td><\/tr><tr><td><strong>3<\/strong><\/td><td><strong>3<\/strong><\/td><td><strong>8<\/strong><\/td><td><strong>Aikuisten leikkei<\/strong><\/td><td><strong>Benjamin Enroth<\/strong><\/td><td><strong>Omak.<\/strong><\/td><\/tr><tr><td><strong>4<\/strong><\/td><td><strong>6<\/strong><\/td><td><strong>4<\/strong><\/td><td><strong>Seh\u00e4n olen min\u00e4<\/strong><\/td><td><strong>Seppo Tammilehto<\/strong><\/td><td><strong>Poptori<\/strong><\/td><\/tr><tr><td><strong>5<\/strong><\/td><td><strong>4<\/strong><\/td><td><strong>38<\/strong><\/td><td><strong>On aihetta juhlaan<\/strong><\/td><td><strong>Mikko M\u00e4kel\u00e4inen<\/strong><\/td><td><strong>Omak.<\/strong><\/td><\/tr><tr><td><strong>6<\/strong><\/td><td><strong>5<\/strong><\/td><td><strong>42<\/strong><\/td><td><strong>T\u00e4htip\u00f6ly\u00e4<\/strong><\/td><td><strong>Sami Saari &amp; Jazzpojat<\/strong><\/td><td><strong>Omak.<\/strong><\/td><\/tr><tr><td><strong>7<\/strong><\/td><td><strong>*<\/strong><\/td><td><strong>*<\/strong><\/td><td><strong>Joet tulvimaan itke<\/strong><\/td><td><strong>Sarian<\/strong><\/td><td><strong>Smilemusic<\/strong><\/td><\/tr><tr><td><strong>8<\/strong><\/td><td><strong>12<\/strong><\/td><td><strong>10<\/strong><\/td><td><strong>Kipin\u00e4\u00e4<\/strong><\/td><td><strong>Visa &amp; Valoilmi\u00f6<\/strong><\/td><td><strong>Gebardi<\/strong><\/td><\/tr><tr><td><strong>9<\/strong><\/td><td><strong>7<\/strong><\/td><td><strong>8<\/strong><\/td><td><strong>Myrskyluodon Maija<\/strong><\/td><td><strong>The Sounds<\/strong><\/td><td><strong>The Sounds<\/strong><\/td><\/tr><tr><td><strong>10<\/strong><\/td><td><strong>10<\/strong><\/td><td><strong>42<\/strong><\/td><td><strong>Yksi rakkaustarina<\/strong><\/td><td><strong>Komiat<\/strong><\/td><td><strong>Omak.<\/strong><\/td><\/tr><tr><td><strong>11<\/strong><\/td><td><strong>11<\/strong><\/td><td><strong>23<\/strong><\/td><td><strong>My Love<\/strong><\/td><td><strong>Matti ja Teppo<\/strong><\/td><td><strong>MTR-Music<\/strong><\/td><\/tr><tr><td><strong>12<\/strong><\/td><td><strong>14<\/strong><\/td><td><strong>4<\/strong><\/td><td><strong>Tein m\u00e4 niin, tein m\u00e4 n\u00e4in<\/strong><\/td><td><strong>Visa &amp; Valoilmi\u00f6 ft. Antti Sarpila<\/strong><\/td><td><strong>Gebardi<\/strong><\/td><\/tr><tr><td><strong>13<\/strong><\/td><td><strong>18<\/strong><\/td><td><strong>2<\/strong><\/td><td><strong>Maailman toisella puolen<\/strong><\/td><td><strong>King Drapes<\/strong><\/td><td><strong>Omak.<\/strong><\/td><\/tr><tr><td><strong>14<\/strong><\/td><td><strong>16<\/strong><\/td><td><strong>12<\/strong><\/td><td><strong>Viel\u00e4 tuut ik\u00e4v\u00f6im\u00e4\u00e4n<\/strong><\/td><td><strong>Lipa Liukkonen &amp; Laitakadun Kulkijat<\/strong><\/td><td><strong>Omak.<\/strong><\/td><\/tr><tr><td><strong>15<\/strong><\/td><td><strong>*<\/strong><\/td><td><strong>*<\/strong><\/td><td><strong>You&#8217;re my everything<\/strong><\/td><td><strong>Janne Leino<\/strong><\/td><td><strong>O&#8217;Niel<\/strong><\/td><\/tr><tr><td><strong>16<\/strong><\/td><td><strong>8<\/strong><\/td><td><strong>12<\/strong><\/td><td><strong>Pitk\u00e4 katse<\/strong><\/td><td><strong>Pekka Tiilikainen &amp; Janne Saksan studio-ork.<\/strong><\/td><td><strong>Wanaja<\/strong><\/td><\/tr><tr><td><strong>17<\/strong><\/td><td><strong>13<\/strong><\/td><td><strong>6<\/strong><\/td><td><strong>Maalaispoika oon<\/strong><\/td><td><strong>Mikko Alatalo &amp; Kuopion Kaupunginorkesteri<\/strong><\/td><td><strong>Suomi-solistit<\/strong><\/td><\/tr><tr><td><strong>18<\/strong><\/td><td><strong>9<\/strong><\/td><td><strong>48<\/strong><\/td><td><strong>Et tullut mukaan<\/strong><\/td><td><strong>Anja Niskanen<\/strong><\/td><td><strong>Omak.<\/strong><\/td><\/tr><tr><td><strong>19<\/strong><\/td><td><strong>26<\/strong><\/td><td><strong>2<\/strong><\/td><td><strong>M\u00e4 voin olla ilman sua<\/strong><\/td><td><strong>Sounds Of The Clouds<\/strong><\/td><td><strong>Helibor<\/strong><\/td><\/tr><tr><td><strong>20<\/strong><\/td><td><strong>20<\/strong><\/td><td><strong>46<\/strong><\/td><td><strong>Pe-la-su<\/strong><\/td><td><strong>Tommi Soidinm\u00e4ki<\/strong><\/td><td><strong>Ekso Records<\/strong><\/td><\/tr><tr><td><strong>21<\/strong><\/td><td><strong>22<\/strong><\/td><td><strong>2<\/strong><\/td><td><strong>Sinun omasi<\/strong><\/td><td><strong>Merja Rantam\u00e4ki<\/strong><\/td><td><strong>Poptori<\/strong><\/td><\/tr><tr><td><strong>22<\/strong><\/td><td><strong>19<\/strong><\/td><td><strong>16<\/strong><\/td><td><strong>Viesti<\/strong><\/td><td><strong>Kaija Pohjola<\/strong><\/td><td><strong>Omak.<\/strong><\/td><\/tr><tr><td><strong>23<\/strong><\/td><td><strong>21<\/strong><\/td><td><strong>18<\/strong><\/td><td><strong>Maksat kun jaksat<\/strong><\/td><td><strong>Pekka Tiilikainen &amp; Sweet Jeena<\/strong><\/td><td><strong>Wanaja<\/strong><\/td><\/tr><tr><td><strong>24<\/strong><\/td><td><strong>17<\/strong><\/td><td><strong>23<\/strong><\/td><td><strong>Kahdentekev\u00e4\u00e4<\/strong><\/td><td><strong>Tommi Soidinm\u00e4ki<\/strong><\/td><td><strong>Ekso Records<\/strong><\/td><\/tr><tr><td><strong>25<\/strong><\/td><td><strong>15<\/strong><\/td><td><strong>2<\/strong><\/td><td><strong>Takavalot<\/strong><\/td><td><strong>LEIA<\/strong><\/td><td><strong>Nordic Bridge<\/strong><\/td><\/tr><tr><td><strong>26<\/strong><\/td><td><strong>23<\/strong><\/td><td><strong>23<\/strong><\/td><td><strong>Hiillos<\/strong><\/td><td><strong>Meiju Suvas ft.Juno<\/strong><\/td><td><strong>Mekkala<\/strong><\/td><\/tr><tr><td><strong>27<\/strong><\/td><td><strong>24<\/strong><\/td><td><strong>27<\/strong><\/td><td><strong>Tunneaallot<\/strong><\/td><td><strong>Hanna Hirvonen<\/strong><\/td><td><strong>RHP Tuotanto<\/strong><\/td><\/tr><tr><td><strong>28<\/strong><\/td><td><strong>25<\/strong><\/td><td><strong>44<\/strong><\/td><td><strong>Jos et s\u00e4 soita<\/strong><\/td><td><strong>Anna Hanski &amp; Dimitri Keiski<\/strong><\/td><td><strong>Poptori<\/strong><\/td><\/tr><tr><td><strong>29<\/strong><\/td><td><strong>27<\/strong><\/td><td><strong>6<\/strong><\/td><td><strong>Onnelliset p\u00e4iv\u00e4t<\/strong><\/td><td><strong>Anitta Mattila<\/strong><\/td><td><strong>RHP Tuotanto<\/strong><\/td><\/tr><tr><td><strong>30<\/strong><\/td><td><strong>*<\/strong><\/td><td><strong>*<\/strong><\/td><td><strong>London \u201977<\/strong><\/td><td><strong>Bubba Feathers<\/strong><\/td><td><strong>Goofin&#8217;<\/strong><\/td><\/tr><\/tbody><\/table><figcaption class=\"wp-element-caption\">(C) Discopress Oy<\/figcaption><\/figure>\n","protected":false},"excerpt":{"rendered":"<p>edVkotKappaleArtistiLevymerkki1110LululaiKomiatOmak.2210Hyv\u00e4, paras, parempi\u00c4ss\u00e4tPoptori338Aikuisten leikkeiBenjamin EnrothOmak.464Seh\u00e4n olen min\u00e4Seppo TammilehtoPoptori5438On aihetta juhlaanMikko M\u00e4kel\u00e4inenOmak.6542T\u00e4htip\u00f6ly\u00e4Sami Saari &amp; JazzpojatOmak.7**Joet tulvimaan itkeSarianSmilemusic81210Kipin\u00e4\u00e4Visa &amp; Valoilmi\u00f6Gebardi978Myrskyluodon MaijaThe SoundsThe&#8230;<\/p>\n","protected":false},"author":1,"featured_media":0,"parent":23,"menu_order":0,"comment_status":"closed","ping_status":"closed","template":"","meta":[],"_links":{"self":[{"href":"https:\/\/www.hitit.fi\/index.php\/wp-json\/wp\/v2\/pages\/1356"}],"collection":[{"href":"https:\/\/www.hitit.fi\/index.php\/wp-json\/wp\/v2\/pages"}],"about":[{"href":"https:\/\/www.hitit.fi\/index.php\/wp-json\/wp\/v2\/types\/page"}],"author":[{"embeddable":true,"href":"https:\/\/www.hitit.fi\/index.php\/wp-json\/wp\/v2\/users\/1"}],"replies":[{"embeddable":true,"href":"https:\/\/www.hitit.fi\/index.php\/wp-json\/wp\/v2\/comments?post=1356"}],"version-history":[{"count":294,"href":"https:\/\/www.hitit.fi\/index.php\/wp-json\/wp\/v2\/pages\/1356\/revisions"}],"predecessor-version":[{"id":10995,"href":"https:\/\/www.hitit.fi\/index.php\/wp-json\/wp\/v2\/pages\/1356\/revisions\/10995"}],"up":[{"embeddable":true,"href":"https:\/\/www.hitit.fi\/index.php\/wp-json\/wp\/v2\/pages\/23"}],"wp:attachment":[{"href":"https:\/\/www.hitit.fi\/index.php\/wp-json\/wp\/v2\/media?parent=1356"}],"curies":[{"name":"wp","href":"https:\/\/api.w.org\/{rel}","templated":true}]}}