{"id":372,"date":"2015-01-25T15:41:53","date_gmt":"2015-01-25T15:41:53","guid":{"rendered":"http:\/\/www.hitit.fi\/?page_id=372"},"modified":"2022-04-28T19:21:19","modified_gmt":"2022-04-28T16:21:19","slug":"kuukauden-levyt-2005","status":"publish","type":"page","link":"https:\/\/www.hitit.fi\/index.php\/kuukauden-levyt-2005\/","title":{"rendered":"Kuukauden Levyt 2005"},"content":{"rendered":"<h3 class=\"western\"><span style=\"font-family: Arial,sans-serif;\"><span style=\"font-size: medium;\">Tammikuu<\/span><\/span><\/h3>\n<p><span style=\"font-family: Arial,sans-serif;\"><span style=\"font-size: medium;\"><b>SANI \u2013 Kaikki laulut (Sony BMG) <\/b><\/span><\/span><\/p>\n<p><span style=\"font-family: Arial,sans-serif;\"><span style=\"font-size: medium;\">&#8211; Jotkut tekev\u00e4t mit\u00e4 osaavat, toiset mit\u00e4 haluavat&#8230;vakuuttava debyytti. <b>Aki Mikkola, Radio West, Huittinen <\/b>&#8211; Pori<br \/>\n&#8211; Odotettua rauhallisempi meininki, mutta toisaalta juuri rauhallisissa ja herkiss\u00e4 lauluissa Sanin kaunis \u00e4\u00e4ni tulee parhaiten esiin. <b>Marja Tuomisaari, Sun FM, Ikaalinen <\/b>\u2013 Tampere \u2013 Kankaanp\u00e4\u00e4 &#8211; Parkano<br \/>\n&#8211; Mukavan vaihteleva levy. Monia radiosoittoon p\u00e4\u00e4sevi\u00e4 viisuja ja onhan Sanin \u00e4\u00e4ni ihana&#8230; <b>Anssi Saarelainen, Radio Salminen<\/b>, Iisalmi \u2013 Pohjois-Savo<br \/>\n&#8211; Hienon artistin hieno paluu \u00e4\u00e4neen, johon on l\u00f6ytynyt kiinnostavia v\u00e4rej\u00e4 ja taivutuksia. Laulut j\u00e4\u00e4v\u00e4t askarruttamaan. Ei sovellu kertak\u00e4ytt\u00f6\u00f6n. <b>Hannu Virtanen, Radio Manta<\/b>, Vammala-Nokia<\/span><\/span><\/p>\n<h3><span style=\"font-family: Arial,sans-serif;\"><span style=\"font-size: medium;\">Helmikuu<\/span><\/span><\/h3>\n<p><span style=\"font-family: Arial,sans-serif;\"><span style=\"font-size: medium;\"><b>JUICE LESKINEN &amp; MIKKO ALATALO &#8211; KLASSIKOIDEN ILTA (Musiikkijakelu) <\/b><\/span><\/span><\/p>\n<p><span style=\"font-family: Arial,sans-serif;\"><span style=\"font-size: medium;\">&#8211; T\u00e4m\u00e4 kaksikko toimii! Ammattilaisia on ilo kuunnella. Ty\u00f6st\u00e4 nauttiminen kuuluu mainiosti l\u00e4pi. <b>P. Karppinen<\/b>, Radio Kajaus, Kajaani-Kainuu-Kuusamo<br \/>\n&#8211; Albumi pullollaan Suomi-popin historiaa! <b>Aki Mikkola<\/b>, Radio West, Huittinen-Pori<br \/>\n&#8211; Juice &amp; Mikko on meill\u00e4 ykk\u00f6nen. Y\u00f6n albumi on varmaan hyv\u00e4, jos mollimusasta tykk\u00e4\u00e4. <b>Jukka Paronen <\/b>, Radio Keski-Savo, Pieks\u00e4m\u00e4ki-Varkaus <\/span><\/span><\/p>\n<h3 class=\"western\"><span style=\"font-family: Arial,sans-serif;\"><span style=\"font-size: medium;\">Maaliskuu<\/span><\/span><\/h3>\n<p><span style=\"font-family: Arial,sans-serif;\"><span style=\"font-size: medium;\"><b>AKI SIRKESALO &#8211; SANASTA MIEST\u00c4 (EMI) <\/b><\/span><\/span><\/p>\n<p><span style=\"font-family: Arial,sans-serif;\"><span style=\"font-size: medium;\">&#8211; Akin traaginen menehtyminen Thaimaassa ei voinut olla vaikuttamatta tunteisiin t\u00e4ss\u00e4 \u00e4\u00e4nestyksess\u00e4. Eip\u00e4 silti, levylt\u00e4 l\u00f6ytyy monta raitaa, jotka olisivat varmasti olleet radiohittej\u00e4 ilman katastrofiakin. Kunnianosoitus oman tiens\u00e4 ja tyylilajinsa valinneelle laulajalle, jonka ty\u00f6n j\u00e4lki on ollut aina laadukasta. <b>Marja Tuomisaari<\/b>, Sun FM, Pirkanmaa-Pohjois-Satakunta<br \/>\n&#8211; T\u00e4ss\u00e4 nyt kyll\u00e4 painaa vaakakupissa aika lailla taannoinen Kaakkois-Aasian luonnonkatastrofi, ei voi mit\u00e4\u00e4n. Itsekin koin henkil\u00f6kohtaisen menetyksen, kun lapsuudenyst\u00e4v\u00e4 perheineen katosi Thaimaan Khao Lakissa (olivat samassa hotellissa kuin Sirkesalot). <b>Jussi H\u00e4kkil\u00e4<\/b>, Radio Pooki. Keski- ja Pohjois-Pohjanmaa, Meri-Lappi<br \/>\n&#8211; Sirkesalon levy on kaiken draamankin j\u00e4lkeen Akin paras. <b>Liina Matveinen<\/b>, Radio Rex, Joensuu-Pohjois-Karjala<br \/>\n&#8211; Aikuisen miehen tunteista kernita Andersson, L\u00e4hiradio, Helsinki<\/span><\/span><\/p>\n<h3 class=\"western\"><span style=\"font-family: Arial,sans-serif;\"><span style=\"font-size: medium;\">Huhtikuu<\/span><\/span><\/h3>\n<p><span style=\"font-family: Arial,sans-serif;\"><span style=\"font-size: medium;\"><b>TAIKAKUU &#8211; HILJAINEN ON LAULU RAKKAUDEN (MAGNUM) <\/b><\/span><\/span><\/p>\n<p><span style=\"font-family: Arial,sans-serif;\"><span style=\"font-size: medium;\">&#8211; Taikakuun levy on upea musiikillinen ilotulitus. Nopeasti menn\u00e4\u00e4n tunnelmasta toiseen valssista rokkiin, mutta joka kappale on tehty rautaisella ammattitaidolla. Jokainen kappale on loistavasti esitetty tarina. Levyn j\u00e4lkeen haluaa lis\u00e4\u00e4 ja lis\u00e4\u00e4 ja useankin kuuntelun j\u00e4lkeen l\u00f6yt\u00e4\u00e4 aina jotain uutta. <b>P. Karppinen <\/b>, Radio Kajaus, Kajaani-Kainuu-Kuusamo<br \/>\n&#8211; Palavat syd\u00e4met ja Hiljainen on laulu rakkauden edustavat uusiutunutta ja ryhdik\u00e4st\u00e4 Taikakuuta. Uudelle levylle t\u00e4ydet pinnat. Tosin joku muukin olisi voinut saada hyv\u00e4t pisteet, jos vaan olisi n\u00e4kynyt. <b>Marja Tuomisaari<\/b>, Sun FM, Tampere-Ikaalinen-Parkano-Kankaanp\u00e4\u00e4<br \/>\n&#8211; Monipuolinen levy t\u00e4ynn\u00e4 hittej\u00e4! <b>Tarja Kultavuori<\/b>, J\u00e4rviradio, Alaj\u00e4rvi-Jyv\u00e4skyl\u00e4-Viitasaari-Pihtipudas<br \/>\n&#8211; Tehoaa jopa ei-tanssimusiikkia-kiitos \u2013kuuntelijaan. <b>Liina Matveinen<\/b>, Radio Rex, Joensuu-Pohjois-Karjala<\/span><\/span><\/p>\n<h3 class=\"western\"><span style=\"font-family: Arial,sans-serif;\"><span style=\"font-size: medium;\">Toukokuu<\/span><\/span><\/h3>\n<p><span style=\"font-family: Arial,sans-serif;\"><span style=\"font-size: medium;\"><b>GEIR R\u00d6NNING &#8211; READY FOR THE RIDE (EDEL\/MAGNUM) JA JANNE TULKKI &#8211; TARINOITA (P.F.M.) <\/b><\/span><\/span><\/p>\n<p><b>GEIR R\u00d6NNING<\/b><br \/>\n&#8211; Geirill\u00e4 on vahva \u00e4\u00e4ni ja taitava tulkinta. Euroviisujen finaalista putoaminen j\u00e4\u00e4nee miehen uran ponnahduslaudaksi. <b>Pauliina Kankare<\/b>, Radio West, Huittinen-Pori-Satakunta<br \/>\n&#8211; Ei voittanut Geir Euroviisuja, ei. Sympaattisen oloinen laulaja ansaitsee kuitenkin t\u00e4ydet pinnat kansainv\u00e4lisen tason poplaulu\u00e4\u00e4nest\u00e4 ja tulkintakyvyst\u00e4. Virkist\u00e4v\u00e4 tuulahdus suomalaiseen musiikkimaailmaan. <b>Marja Tuomisaari<\/b>, Sun FM, Ikaalinen-Parkano-Kankaanp\u00e4\u00e4-Tampere<br \/>\n&#8211; Ehdottomasti annan \u00e4\u00e4neni Geir R\u00f6nningille. Olen jopa ehtinyt kuuntelemaan albumin ja sopii minun musiikkivartalolleni t\u00e4ydellisesti. Sit\u00e4 paitsi euroviisuissa miehen esitys aivan huippuluokkaa. <b>Eija K\u00f6lhi<\/b>, Radio Foni, Porvoo<\/p>\n<p><b>JANNE TULKKI<\/b><\/p>\n<p><span style=\"font-family: Arial,sans-serif;\"><span style=\"font-size: medium;\">&#8211; Sovitukset ovat t\u00e4ynn\u00e4 hienoja pieni\u00e4 yksityiskohtia, jotka kuulee parhaiten kuuntelemalla levy\u00e4 kuulokkeilla. Teksteilt\u00e4\u00e4n levy p\u00e4ihitt\u00e4\u00e4 l\u00e4hes koko Jannen aikaisemman levytysmateriaalin. <b>Anita Andersson<\/b>, L\u00e4hiradio, Helsinki<br \/>\n&#8211; N\u00e4in valoisien kes\u00e4\u00f6iden ihaniin hetkiin Janne Tulkki sopii erinomaisesti. <b>Maija Latva<\/b>, Radio Manta, Vammala-Nokia<\/span><\/span><\/p>\n<h3>Kes\u00e4kuu<\/h3>\n<p><span style=\"font-family: Arial,sans-serif;\"><span style=\"font-size: medium;\"><b>KATARIINA H\u00c4NNINEN &#8211; PIMENEE (MEDIAMUSIIKKI) <\/b><\/span><\/span><\/p>\n<p><span style=\"font-family: Arial,sans-serif;\"><span style=\"font-size: medium;\">&#8211; H\u00e4nnisen Katariinasta tulemme toivon mukaan nauttimaan viel\u00e4 monena vuotena. Levy sopii loistavasti sek\u00e4 nuorem-man ett\u00e4 aikuisemman radiokuuntelijan makuun. Ei ollut vaikea valinta! <b>Liina Matveinen<\/b>, Radio Rex, Joensuu-Pohjois-Karjala<br \/>\n&#8211; Liven\u00e4 raju rokkipakkaus, jopa Muskan manttelin perij\u00e4. Levy monta astetta kesympi mutta antaa lupauksia ja odotuksia tulevaisuuden suhteen. <b>Anita Andersson<\/b>, L\u00e4hiradio, Helsinki<br \/>\n&#8211; Nuorekas, el\u00e4m\u00e4nmakuinen kokonaisuus. <b>Tiina Sihvonen<\/b>, J\u00e4rviradio, Alaj\u00e4rvi-Jyv\u00e4skyl\u00e4-Viitasaari-Pihtipudas<br \/>\n<\/span><\/span><\/p>\n<h3><span style=\"font-family: Arial,sans-serif;\"><span style=\"font-size: medium;\">Hein\u00e4kuu<\/span><\/span><\/h3>\n<p><span style=\"font-family: Arial,sans-serif;\"><span style=\"font-size: medium;\"><b>PEKKANISKAN POJAT &#8211; KAHDET ASKELEET (PNP) <\/b><\/span><\/span><\/p>\n<p><span style=\"font-family: Arial,sans-serif;\"><span style=\"font-size: medium;\">&#8211; Konstailematon sinivalkoinen tanssilevy. <b>Aki Mikkola<\/b>, Radio West, Huittinen-Pori-Satakunta<br \/>\n&#8211; N\u00e4in kes\u00e4ll\u00e4 tanssilavat ovat voimissaan ja t\u00e4m\u00e4 levy tuo tanssipaikan kotiin. Vanhoja klassikoita hienosti uudelleen tehtyn\u00e4. Muistoja mieleen tulee varmasti monelle. Hienoa ty\u00f6t\u00e4. <b>P\u00e4ivi Karppinen<\/b>, Radio Kajaus, Kajaani-Kainuu-Kuusamo<br \/>\n<\/span><\/span><\/p>\n<h3><span style=\"font-family: Arial,sans-serif;\"><span style=\"font-size: medium;\">Elokuu<\/span><\/span><\/h3>\n<p><span style=\"font-family: Arial,sans-serif;\"><span style=\"font-size: medium;\"><b>SARA NUNES &#8211; HOW TO RULE THE WORLD IN 12 EZ LESSONS (Rubato)<\/b> <\/span><\/span><\/p>\n<p><span style=\"font-family: Arial,sans-serif;\"><span style=\"font-size: medium;\">&#8211; T\u00e4m\u00e4 tytt\u00f6 osaa asenteen ja otteet. Kerrankin englannin \u00e4\u00e4nt\u00e4mys ei s\u00e4r\u00e4hd\u00e4 korvaan! Soitossa jo useampikin biisi. <b>Liina Matveinen<\/b>, Radio Rex, Joensuu, Pohjois-Karjala<br \/>\n&#8211; Saralle pisteet hyv\u00e4st\u00e4 englanninkielest\u00e4, teksteist\u00e4, live-esiintymisest\u00e4 ja koska levy on ensimm\u00e4iseksi levyksi todella hyv\u00e4. <b>Anita Andersson<\/b>, L\u00e4hiradio, Helsinki<br \/>\n&#8211; Simon ei osaa laulaa, mutta Sara osaa. Pippurinen pakkaus kaiken kaikkiaan. <b>Marja Tuomisaari<\/b>, Sun FM, Ikaa-linen-Tampere-Parkano-Kankaanp\u00e4\u00e4-Pirkanmaa<br \/>\n&#8211; Upea nuori nainen ja hienot sanoitukset. <b>Jukka Paronen<\/b>, Radio Keski-Savo, Pieks\u00e4m\u00e4ki<\/span><\/span><\/p>\n<h3><span style=\"font-family: Arial,sans-serif;\"><span style=\"font-size: medium;\">Syyskuu<\/span><\/span><\/h3>\n<p><span style=\"font-family: Arial,sans-serif;\"><span style=\"font-size: medium;\"><b>JANI WICKHOLM &#8211; ALUMIINIT\u00c4HDET (Sony BMG)<\/b> <\/span><\/span><\/p>\n<p><span style=\"font-family: Arial,sans-serif;\"><span style=\"font-size: medium;\">&#8211; Jo ensimm\u00e4isen Idols-kisan my\u00f6t\u00e4 selvisi, ett\u00e4 Janilla on kaikki edellytykset j\u00e4\u00e4d\u00e4 kestosuosikiksi. Laajan kohdeyleis\u00f6n artisti, jonka esitt\u00e4mien laulujen tekstit ja tulkinta ovat ihanan rauhoittavia kaiken h\u00e4lyn keskell\u00e4. <b>Marja Tuomisaari<\/b>, Sun FM, Ikaalinen-Tampere-Parkano-Kankaanp\u00e4\u00e4<br \/>\n&#8211; Syyskuussa tuli hyvi\u00e4 levyj\u00e4. Kolmen parhaan j\u00e4rjestys hankala valita, mutta valinta osui Jani Wickhol-miin. Alumiinit\u00e4hdet on tasokas levy kaikin puolin, vaikka ehk\u00e4 liikaakin samoilla resepteill\u00e4 menn\u00e4\u00e4n kuin debyyttilevyll\u00e4kin. <b>Anssi Saarelainen<\/b>, Radio Salminen &amp; Oikea Asema, Iisalmi-Kuopio-Varkaus<br \/>\n&#8211; T\u00e4m\u00e4n kuun tarjonnasta ehdoton suosikkini on Jani Wickholm. <b>Eija K\u00f6lhi<\/b>, Radio Foni, Porvoo<\/span><\/span><\/p>\n<h3 class=\"western\"><span style=\"font-family: Arial,sans-serif;\"><span style=\"font-size: medium;\">Lokakuu<\/span><\/span><\/h3>\n<p><span style=\"font-family: Arial,sans-serif;\"><span style=\"font-size: medium;\"><b>ANSSI KELA \u2013 RAKKAUS ON MURHA (Sony BMG)<\/b> <\/span><\/span><\/p>\n<p><span style=\"font-family: Arial,sans-serif;\"><span style=\"font-size: medium;\">&#8211; Lauluntekij\u00f6iden eliitti\u00e4! <b>Hippi Hovi<\/b>, Radio Vaasa<\/span><\/span><\/p>\n<h3><span style=\"font-family: Arial,sans-serif;\"><span style=\"font-size: medium;\">Marraskuu<\/span><\/span><\/h3>\n<p><span style=\"font-family: Arial,sans-serif;\"><span style=\"font-size: medium;\"><b>IRINA &#8211; \u00c4L\u00c4 RIKO KAAVAA (EMI)<\/b> <\/span><\/span><\/p>\n<p><span style=\"font-family: Arial,sans-serif;\"><span style=\"font-size: medium;\">&#8211; Irina on loistavaa radiosoittomatskua, vaikka t\u00e4ytyy sen verran kritisoida, ett\u00e4 Apulanta jyr\u00e4\u00e4 meid\u00e4n naisartistien taustajoukoissa ehk\u00e4 turhan helposti kuultavissa, mutta t\u00e4m\u00e4n levyn melodioihin ja sanoituksiin j\u00e4\u00e4 koukkuun. <b>Liina Matveinen<\/b>, Radio Rex, Joensuu, Pohjois-Karjala<br \/>\n&#8211; Irinasta on kasvanut monipuolinen tulkitsija. Erikoismaininnan saavat tekstitt\u00e4j\u00e4t. Tarinat ovat ajoittain ahdistaviakin, mutta sen verran abstrakteja, ett\u00e4 niist\u00e4 eri-ik\u00e4iset kuuntelijat l\u00f6yt\u00e4v\u00e4t varmasti samaistumiskohteita. <b>Marja Tuomisaari<\/b>, Sun FM, Ikaalinen-Parkano-Kankaanp\u00e4\u00e4-Tampere, Luoteis-Pirkanmaa<br \/>\n&#8211; Irina jatkaa vahvaa ja hyv\u00e4ksi havaittua linjaansa ja onnistuu upealla sanoitusdebyytill\u00e4\u00e4n Hiljaisuus-kappaleessa. <b>Pauliina Kankare<\/b>, Radio West, Huittinen-Pori, Satakunta <\/span><\/span><\/p>\n<h3 class=\"western\"><span style=\"font-family: Arial,sans-serif;\"><span style=\"font-size: medium;\">Joulukuu<\/span><\/span><\/h3>\n<p><span style=\"font-family: Arial,sans-serif;\"><span style=\"font-size: medium;\"><b>EMMA SALOKOSKI ENSEMBLE &#8211; KAKSI MANNERTA (TEXICALLI RECORDS)<\/b> <\/span><\/span><\/p>\n<p><span style=\"font-family: Arial,sans-serif;\"><span style=\"font-size: medium;\">&#8211; Emma on loistava laulaja. <b>Marja Tuomisaari<\/b>, Sun FM, Ikaalinen-Tampere-Parkano-Kankaanp\u00e4\u00e4<br \/>\n&#8211; Musiikkia, jossa yhdistyy tunne ja taito <b>Hippi Hovi<\/b>, Radio Vaasa<\/span><\/span><\/p>\n<h3>Vuoden joululevy<\/h3>\n<p><span style=\"font-family: Arial,sans-serif;\"><span style=\"font-size: medium;\"><b>ANTTI SARPILA feat. JOHANNA IIVANAINEN &#8211; SWINGING CHRISTMAS (omak.)<\/b> <\/span><\/span><\/p>\n<p><span style=\"font-family: Arial,sans-serif;\"><span style=\"font-size: medium;\">&#8211; Iloinen joulumeininki puree meik\u00e4l\u00e4iseen. <b>Marja Tuomisaari<\/b>, Sun FM, Ikaalinen-Tampere-Parkano-Kankaanp\u00e4\u00e4<br \/>\n&#8211; Levylt\u00e4 huokuu soittamisen ilo. <b>Hippi Hovi<\/b>, Radio Vaasa<\/span><\/span><\/p>\n","protected":false},"excerpt":{"rendered":"<p>Tammikuu SANI \u2013 Kaikki laulut (Sony BMG) &#8211; Jotkut tekev\u00e4t mit\u00e4 osaavat, toiset mit\u00e4 haluavat&#8230;vakuuttava debyytti. Aki Mikkola, Radio West,&#8230;<\/p>\n","protected":false},"author":1,"featured_media":0,"parent":0,"menu_order":0,"comment_status":"closed","ping_status":"closed","template":"","meta":[],"_links":{"self":[{"href":"https:\/\/www.hitit.fi\/index.php\/wp-json\/wp\/v2\/pages\/372"}],"collection":[{"href":"https:\/\/www.hitit.fi\/index.php\/wp-json\/wp\/v2\/pages"}],"about":[{"href":"https:\/\/www.hitit.fi\/index.php\/wp-json\/wp\/v2\/types\/page"}],"author":[{"embeddable":true,"href":"https:\/\/www.hitit.fi\/index.php\/wp-json\/wp\/v2\/users\/1"}],"replies":[{"embeddable":true,"href":"https:\/\/www.hitit.fi\/index.php\/wp-json\/wp\/v2\/comments?post=372"}],"version-history":[{"count":1,"href":"https:\/\/www.hitit.fi\/index.php\/wp-json\/wp\/v2\/pages\/372\/revisions"}],"predecessor-version":[{"id":8005,"href":"https:\/\/www.hitit.fi\/index.php\/wp-json\/wp\/v2\/pages\/372\/revisions\/8005"}],"wp:attachment":[{"href":"https:\/\/www.hitit.fi\/index.php\/wp-json\/wp\/v2\/media?parent=372"}],"curies":[{"name":"wp","href":"https:\/\/api.w.org\/{rel}","templated":true}]}}