{"id":378,"date":"2015-01-25T15:46:33","date_gmt":"2015-01-25T15:46:33","guid":{"rendered":"http:\/\/www.hitit.fi\/?page_id=378"},"modified":"2022-04-28T19:21:37","modified_gmt":"2022-04-28T16:21:37","slug":"378-2","status":"publish","type":"page","link":"https:\/\/www.hitit.fi\/index.php\/378-2\/","title":{"rendered":"Kuukauden Levyt 2007"},"content":{"rendered":"<h3 class=\"western\"><span style=\"font-family: Arial,sans-serif;\"><span style=\"font-size: medium;\">Tammikuu <\/span><\/span><\/h3>\n<p><span style=\"font-family: Arial,sans-serif;\"><span style=\"font-size: medium;\"><b>VILLE LEINONEN \u2013 Hei! (Poko)<\/b><\/span><\/span><\/p>\n<p>&#8211; Villen metka \u00e4\u00e4ni tuo tuttuihin kipaleisiin ihan uutta s\u00e4v\u00e4yst\u00e4. Mahtavat sovitukset! Hieno, erilai-nen iskelm\u00e4levy. <b>Pauliina Parto<\/b>, Radio Manta, Vammala-Nokia<br \/>\n&#8211; Kun toisten kappaleita ryhtyy ty\u00f6st\u00e4m\u00e4\u00e4n omiksi versioiksi, liikutaan minun mielest\u00e4ni heikoilla. Leinonen on onnistunut useiden biisien suhteen mallikkaasti. Levy\u00e4 kuunnellessa ei mieless\u00e4 py\u00f6ri &#8221;voi tsiisus!&#8221; vaan mielenkiinnolla odottaa seuraavaa kipaletta. N\u00e4iss\u00e4 on my\u00f6s sit\u00e4 jotain omaa ja se toimii. <b>Milla Holm<\/b>, Radio Rex, Joensuu-Pohjois-Karjala<br \/>\n&#8211; Harvoin sit\u00e4 en\u00e4\u00e4 huomaa yll\u00e4ttyv\u00e4ns\u00e4 n\u00e4in t\u00e4ydellisesti. Ville Leinonen onnistui siin\u00e4. Vanhat laulut saavat t\u00e4ysin uusia s\u00e4vyj\u00e4, jotkut vaativat v\u00e4h\u00e4n sulattelua. Totuttelun j\u00e4lkeen sit\u00e4 liukenee biiseihin mukaan kuin sokeri kuumaan juomaan. <b>Marja Tuomisaari<\/b>, Radio Sun, Pirkanmaa<\/p>\n<h3 class=\"western\"><span style=\"font-family: Arial,sans-serif;\"><span style=\"font-size: medium;\">Helmikuu <\/span><\/span><\/h3>\n<p><span style=\"font-family: Arial,sans-serif;\"><span style=\"font-size: medium;\"><b>ANTTI SARPILA SWING BAND \u2013 25th Anniversary (Antti Sarpila Oy)<\/b><\/span><\/span><\/p>\n<p>&#8211; Antti Sarpila tekee uudella albumillaan hienoa ja ennen kaikkea intomielist\u00e4 ty\u00f6t\u00e4 classic jazzin eteen. <b>Hippi Hovi<\/b>, Radio Vaasa<\/p>\n<h3 class=\"western\"><span style=\"font-family: Arial,sans-serif;\"><span style=\"font-size: medium;\">Maaliskuu <\/span><\/span><\/h3>\n<p><span style=\"font-family: Arial,sans-serif;\"><span style=\"font-size: medium;\"><b>JORMA K\u00c4\u00c4RI\u00c4INEN \u2013 Yhden t\u00e4hden hotelli (EMI)<\/b><\/span><\/span><\/p>\n<p>&#8211; Rakkaus musiikkiin! <b>Hippi Hovi<\/b>, Radio Vaasa<br \/>\n&#8211; Mies on kypsynyt kuin Medocin viini. Ilmeisen innostava tiimi biisintekij\u00f6ist\u00e4 alkaen on osasyyllinen ehk\u00e4 K\u00e4\u00e4ri\u00e4isen tyylikk\u00e4imp\u00e4\u00e4n albumiin. Eik\u00e4 nyt ole ajateltu ensimm\u00e4isen\u00e4 tanssikansaa, vaan n\u00e4it\u00e4 pi-t\u00e4\u00e4 jo voi kuunnella ihan omin p\u00e4in. <b>Seppo Mustonen<\/b>, Radio Rex, Joensuu \u2013 Pohjois-Karjala<br \/>\n&#8211; Jorma K\u00e4\u00e4ri\u00e4inen on tuonut sympaattisen puolen esiin sek\u00e4 Yhden t\u00e4hden hotelli &#8211; albumillaan ett\u00e4 samannimisell\u00e4 dokumenttielokuvalla. Yhteisty\u00f6 musiikkialan ammattilaisten kanssa on kantanut hedelm\u00e4\u00e4 ja albumi on taattua K\u00e4\u00e4ri\u00e4is-laatua. Levy ei j\u00e4\u00e4nyt yhden t\u00e4hden arvoiseksi. <b>Mari Pekkanen<\/b>, SUN Radio, Pirkanmaa-Pohjois-Satakunta<\/p>\n<h3><span style=\"font-family: Arial,sans-serif;\"><span style=\"font-size: medium;\">Huhtikuu <\/span><\/span><\/h3>\n<p><span style=\"font-family: Arial,sans-serif;\"><span style=\"font-size: medium;\"><b>LAURA VOUTILAINEN &#8211; Kosketa mua (Here\/HMC\/Bonnier)<\/b><\/span><\/span><\/p>\n<p>&#8211; Raikas, monipuolinen, koskettava kaikin puolin toimiva kokonaisuus. <b>P\u00e4ivi Karppinen<\/b>, Radio Kajaus, Kajaani-Kainuu-Kuusamo<br \/>\n&#8211; Ei mit\u00e4\u00e4n perinteist\u00e4 suoraviivaista iskelm\u00e4\u00e4, vaan uutta, koukuttavaa ja rytmik\u00e4st\u00e4 tanssimusiikkia. Laura osaa sek\u00e4 revitell\u00e4 ett\u00e4 herkistell\u00e4. Vaukke vau! <b>Pauliina Parto<\/b>, Radio Manta, Vammala-Nokia<br \/>\n&#8211; Laura vei meill\u00e4 voiton varsin tasav\u00e4kisess\u00e4 kilpailussa. Laura on monitasoinen viihdetaiteilija, joka ymm\u00e4rt\u00e4\u00e4 hyv\u00e4n shown p\u00e4\u00e4lle. Levyll\u00e4 on monta vahvaa biisi\u00e4, jotka tuovat laulajasta taas esiin uusia puolia. Siin\u00e4 on &#8221;jotain uutta, jotain vanhaa ja jotain sinist\u00e4&#8221;. <b>Marja Tuomisaari<\/b>, Radio Sun, Pirkanmaa<\/p>\n<h3><span style=\"font-family: Arial,sans-serif;\"><span style=\"font-size: medium;\">Toukokuu <\/span><\/span><\/h3>\n<p><span style=\"font-family: Arial,sans-serif;\"><span style=\"font-size: medium;\"><b>JUHA METS\u00c4PER\u00c4 \u2013Opitko rakastamaan (Hurmio)<\/b><\/span><\/span><\/p>\n<p>&#8211; Esikoislevy\u00e4 ehjempi kokonaisuus, joka toimii sek\u00e4 tanssijalle ett\u00e4 tunnelmoijalle. Oulun poika on l\u00f6yt\u00e4nyt oman tyylins\u00e4. <b>Jenni Puhakka<\/b>, Radio Rex, Joensuu<br \/>\n&#8211; Juhan varma tyyli ja taito toimii oivallisesti my\u00f6s t\u00e4ll\u00e4 kokonaisuudella. Ehk\u00e4 ykk\u00f6seen verrattuna lis\u00e4\u00e4 tullut rentoutta \u00e4\u00e4neen. <b>P\u00e4ivi Karppinen<\/b>, Radio Kajaus, Kajaani<br \/>\n&#8211; Ykk\u00f6salbumi loi odotuksia artistin suhteen. Kakkosalbumi jatkaa ykk\u00f6sen jalanj\u00e4ljill\u00e4. Silti Juha Mets\u00e4per\u00e4 onnistui yll\u00e4tt\u00e4m\u00e4\u00e4n t\u00e4ydellisesti Jamppa Tuomisen vanhalla hitill\u00e4 Aamu toi, ilta vei. Hyv\u00e4 sovitus ja maukas tulkinta. <b>Marja Tuomisaari<\/b>, Radio SUN, Lemp\u00e4\u00e4l\u00e4<\/p>\n<h3>Kes\u00e4kuu<\/h3>\n<p><span style=\"font-family: Arial,sans-serif;\"><span style=\"font-size: medium;\"><b>HELI RUOTSALAINEN \u2013 Tuulen suuntaan (Edel)<\/b><\/span><\/span><\/p>\n<p>&#8211; Raikas ja iloisenoloinen uusi tuulahdus iskelm\u00e4taivaalle. Levyll\u00e4 monta hyv\u00e4\u00e4 iskelm\u00e4biisi\u00e4, joista uusimpana l\u00f6yt\u00f6n\u00e4 suomalaiskansallista kes\u00e4romantiikkaa tihkuva Oljenkorsia ruutupaidassa. <b>Marja Tuomisaari<\/b> \/ Radio SUN, Pirkanmaa<\/p>\n<p><b>TAIKAKUU \u2013 Uuteen el\u00e4m\u00e4\u00e4n (Magnum)<\/b><\/p>\n<p>&#8211; Levy, joka sykkii el\u00e4m\u00e4\u00e4, suuria tunteita ja ei p\u00e4\u00e4st\u00e4 kuulijaansa helpolla. Levy on kuvaus el\u00e4m\u00e4st\u00e4 ja asioista joista jokainen l\u00f6yt\u00e4\u00e4 itsens\u00e4. Loistava levy my\u00f6s heille, joilla ei tanssijalkaa kutita. Kuuntelemaan ja tunnelmoimaan vaan. <b>P\u00e4ivi Karppinen<\/b> \/ Radio Kajaus, Kajaani<br \/>\n&#8211; T\u00e4m\u00e4 pumppu tykitt\u00e4\u00e4 nyt ihan uudella tarmolla. Reilusti rokimpi yleisilme, Raappanan riipaiseva \u00e4\u00e4ni ja tuttu Taikakuu-soundi tarttuvat sek\u00e4 vanhaan ett\u00e4 uuteen tuttavaan. Levyll\u00e4 on useampikin radiohitti. <b>Jenni Puhakka <\/b>\/ Radio Rex, Joensuu<\/p>\n<h3><span style=\"font-family: Arial,sans-serif;\"><span style=\"font-size: medium;\">Hein\u00e4kuu <\/span><\/span><\/h3>\n<p><span style=\"font-family: Arial,sans-serif;\"><span style=\"font-size: medium;\"><b>ANNIKA EKLUND \u2013 Rakkausseikkailu 2007 (Warner)<\/b><\/span><\/span><\/p>\n<p>&#8211; Lupaava laulaja lunastaa lupauksiaan: Upea \u00e4\u00e4ni, valloittava persoona ja hyv\u00e4t biisit! <b>Seppo Mustonen<\/b> , Radio Rex, Pohjois-Karjala<br \/>\n&#8211; Annika Eklundin raikas \u00e4\u00e4ni ja Kerkko Koskisen nerokkaat kipaleet toimii saumattomasti yhteen. Ultra Bra -henkiset Ole hiljaa ja suutele mua sek\u00e4 Rakkausseikkailu 2007 soivat meill\u00e4 tiuhaan &#8211; my\u00f6s toisentyyppinen T\u00e4ysin maassa oon saa osakseen kuulijoiden toivepyynt\u00f6j\u00e4. T\u00e4m\u00e4 on sit\u00e4 Suomen suven raikkautta vailla vertaa! <b>Jyrki Hakanen<\/b> , Radio SUN &#8211; Pirkanmaa &#8211; Satakunta &#8211; Kanta-H\u00e4me<\/p>\n<h3 class=\"western\"><span style=\"font-family: Arial,sans-serif;\"><span style=\"font-size: medium;\">Elokuu <\/span><\/span><\/h3>\n<p><span style=\"font-family: Arial,sans-serif;\"><span style=\"font-size: medium;\"><b>FREDI \u2013 Soittaja (Bonnier)<\/b><\/span><\/span><\/p>\n<p>&#8211; Onpahan niin hieno levy, ett\u00e4 sanattomaksi aivan j\u00e4\u00e4. Tehokkaita, tunteikkaita ja moneen makuun toimivia kappaleita. <b>P\u00e4ivi Karppinen<\/b>, Radio Kajaus, Kajaani-Kuusamo-Kainuu-Koillismaa<br \/>\n&#8211; Tunnistettavan ja persoonallisen laulu\u00e4\u00e4nen omaava artisti. Laadukas ja monipuolinen levy. Tyylik\u00e4s paluu eturiviin. <b>Marja Tuomisaari<\/b>, Radio SUN, Pirkanmaa-Satakunta-Kanta-H\u00e4me<\/p>\n<h3>Syyskuu<\/h3>\n<p><span style=\"font-family: Arial,sans-serif;\"><span style=\"font-size: medium;\"><b>TIINA PITK\u00c4NEN \u2013 Yksin\u00e4isin tytt\u00f6 kaupungin (Hurmio)<\/b><\/span><\/span><\/p>\n<p>&#8211; Tiina Pitk\u00e4nen on ihastuttavan luonnollinen ja ammattitaitoinen laulaja. Esikoislevylt\u00e4 l\u00f6ytynyt jo monta hyv\u00e4\u00e4 radiohitti\u00e4, joista Jos-kappale teki radiomme listaenn\u00e4tyksen olemalla kuusi viikkoa ykk\u00f6sen\u00e4. S\u00e4vellys ja sanoituspuolelta l\u00f6ytyy paitsi vanhoja konkareita, my\u00f6s lupaavia uusia tekij\u00f6it\u00e4. <b>Marja Tuomisaari<\/b> \/ Radio Sun, Pirkanmaa<br \/>\n&#8211; Tiinan levy tarjoilee monia tunteita niin kuulijoille kuin tanssijoillekin. Tiinasta kuullaan varmasti jatkossa paljon. <b>P\u00e4ivi Karppinen <\/b>\/ Radio Kajaus, Kajaani-Kainuu-Kuusamo-Koillismaa<\/p>\n<h3 class=\"western\"><span style=\"font-family: Arial,sans-serif;\"><span style=\"font-size: medium;\">Lokakuu <\/span><\/span><\/h3>\n<p><span style=\"font-family: Arial,sans-serif;\"><span style=\"font-size: medium;\"><b>KAIJA KOO &#8211; H-hetki (Bonnier)<\/b><\/span><\/span><\/p>\n<p>&#8211; J\u00e4lleen kerran h\u00e4n on onnistunut tekem\u00e4\u00e4n levyllisen lauluja suomalaisten mieliin ja osin my\u00f6s syd\u00e4miin &#8211; siis Markku Impi\u00f6. Kaikki kunnia tottakai my\u00f6s tulkitsijalle, mutta ilman Markun lauluja Kaija Koo ei olisi Kaija Koo, sori. Markku Impi\u00f6 on biisintekij\u00e4n\u00e4 aliarvostettu. <b>Matti V\u00e4lisalo<\/b>, Radio SuomiPop, Helsinki<br \/>\n&#8211; Kaija on niin Kaija. Uusiutuva, mutta kuitenkin niin &#8221;kaijamaiselta&#8221; saundaava, ett\u00e4 my\u00f6s vanhat fanit l\u00f6yt\u00e4v\u00e4t kuuntelemaan. <b>Minna Mustonen<\/b>, Radio 967, Kokkola<br \/>\n&#8211; Mit\u00e4p\u00e4 sit\u00e4, hieno levy j\u00e4lleen Kaijalta. <b>Piia Koriseva<\/b>, Radio 88,2, Salo<\/p>\n<h3 class=\"western\"><span style=\"font-family: Arial,sans-serif;\"><span style=\"font-size: medium;\">Marraskuu <\/span><\/span><\/h3>\n<p><span style=\"font-family: Arial,sans-serif;\"><span style=\"font-size: medium;\"><b>PAULA KOIVUNIEMI \u2013 Timantti (Edel)<\/b><\/span><\/span><\/p>\n<p>&#8211; Mihin kaikkeen Paula viel\u00e4 ylt\u00e4\u00e4k\u00e4\u00e4n? Levy vie menness\u00e4\u00e4n ensi tahdeista asti. <b>P\u00e4ivi Karppinen<\/b>, Radio Kajaus, Kajaani<br \/>\n&#8211; Paula on pitk\u00e4n uransa varrella aina onnistunut uusiutumaan ja vaikuttamaan jotenkin tuoreelta. Rohkea, mutta samalla herkk\u00e4 taiteilija loistaa albumin nimen mukaisesti timanttina my\u00f6s laulajiemme joukossa. <b>Marja Tuomisaari<\/b>, Radio Sun, Pirkanmaa<br \/>\n&#8211; Kyll\u00e4 se &#8221;vanhakin&#8221; viel\u00e4 osaa ja n\u00e4ytt\u00e4\u00e4 nuoremmille kaapin paikan&#8230; <b>Jussi H\u00e4kkil\u00e4<\/b>, Radio Pooki, Keski- ja Pohjois-Pohjanmaa, Meri-Lappi<\/p>\n<h3 class=\"western\"><span style=\"font-family: Arial,sans-serif;\"><span style=\"font-size: medium;\">Vuoden joululevy<\/span><\/span><\/h3>\n<p><span style=\"font-family: Arial,sans-serif;\"><span style=\"font-size: medium;\"><b>CLUB FOR FIVE<\/b><\/span><\/span><\/p>\n<p><span style=\"font-family: Arial,sans-serif;\"><span style=\"font-size: medium;\"><b>Club For Five \u2013 Rekiretki (Universal)<\/b><\/span><\/span><\/p>\n<p>&#8211; Kerrassaan hurmaavan iloinen paketti tuttuja ja v\u00e4h\u00e4n uudempiakin joululauluja. Tuntuu, ett\u00e4 a cappella -laulu sopii erityisen hyvin jouluiseen tunnelmaan. <b>Pauliina Parto<\/b>, Radio Manta,Vammala-Nokia<\/p>\n","protected":false},"excerpt":{"rendered":"<p>Tammikuu VILLE LEINONEN \u2013 Hei! (Poko) &#8211; Villen metka \u00e4\u00e4ni tuo tuttuihin kipaleisiin ihan uutta s\u00e4v\u00e4yst\u00e4. Mahtavat sovitukset! Hieno, erilai-nen&#8230;<\/p>\n","protected":false},"author":1,"featured_media":0,"parent":0,"menu_order":0,"comment_status":"closed","ping_status":"closed","template":"","meta":[],"_links":{"self":[{"href":"https:\/\/www.hitit.fi\/index.php\/wp-json\/wp\/v2\/pages\/378"}],"collection":[{"href":"https:\/\/www.hitit.fi\/index.php\/wp-json\/wp\/v2\/pages"}],"about":[{"href":"https:\/\/www.hitit.fi\/index.php\/wp-json\/wp\/v2\/types\/page"}],"author":[{"embeddable":true,"href":"https:\/\/www.hitit.fi\/index.php\/wp-json\/wp\/v2\/users\/1"}],"replies":[{"embeddable":true,"href":"https:\/\/www.hitit.fi\/index.php\/wp-json\/wp\/v2\/comments?post=378"}],"version-history":[{"count":1,"href":"https:\/\/www.hitit.fi\/index.php\/wp-json\/wp\/v2\/pages\/378\/revisions"}],"predecessor-version":[{"id":8007,"href":"https:\/\/www.hitit.fi\/index.php\/wp-json\/wp\/v2\/pages\/378\/revisions\/8007"}],"wp:attachment":[{"href":"https:\/\/www.hitit.fi\/index.php\/wp-json\/wp\/v2\/media?parent=378"}],"curies":[{"name":"wp","href":"https:\/\/api.w.org\/{rel}","templated":true}]}}