{"id":392,"date":"2015-01-25T18:44:45","date_gmt":"2015-01-25T18:44:45","guid":{"rendered":"http:\/\/www.hitit.fi\/?page_id=392"},"modified":"2022-04-28T19:21:45","modified_gmt":"2022-04-28T16:21:45","slug":"kuukauden-levyt-2008","status":"publish","type":"page","link":"https:\/\/www.hitit.fi\/index.php\/kuukauden-levyt-2008\/","title":{"rendered":"Kuukauden Levyt 2008"},"content":{"rendered":"<h3><span style=\"font-family: Arial,sans-serif;\"><span style=\"font-size: medium;\">Tammikuu <\/span><\/span><\/h3>\n<p><span style=\"font-family: Arial,sans-serif;\"><span style=\"font-size: medium;\"><b>TAUSKI &#8211; Oranssin auringon alla (Power)<\/b><br \/>\n&#8211; Aurinkoinen ja toimiva levy. Tauski tykitt\u00e4\u00e4 edelleen, hyv\u00e4\u00e4 kannatti odottaa. <b>P\u00e4ivi Karppinen<\/b>, Radio Kajaus, Kajaani-Kainuu-Koillismaa<br \/>\n&#8211; Ihan kaikista tuotannollisista ja sovituksellisista ratkaisuista en tyk\u00e4nnyt. Tuli liikaa ys\u00e4ri mieleen, vaikka se nyt onkin kai back &#8211; joko nyt? Mutta kyll\u00e4h\u00e4n Tauskin samettista \u00e4\u00e4nt\u00e4 <\/span><\/span><\/p>\n<h3><span style=\"font-family: Arial,sans-serif;\"><span style=\"font-size: medium;\">Helmikuu <\/span><\/span><\/h3>\n<p><span style=\"font-family: Arial,sans-serif;\"><span style=\"font-size: medium;\"><b>MATTI ESKO &#8211; Tavallinen sankari (Edel)<\/b><br \/>\n&#8211; Mattihan kuulostaa olevansa el\u00e4m\u00e4ns\u00e4 vedossa. Miehek\u00e4st\u00e4 meininki\u00e4 ilman korostettua \u00e4ij\u00e4ily\u00e4. <b>Marja Tuomisaari<\/b>, Radio Sun<br \/>\n&#8211; Matti Esko on juuri se tavallinen sankari, josta h\u00e4n uudella albumillaan laulaa. K\u00e4he\u00e4-\u00e4\u00e4ninen charmi puree vuosikymmenest\u00e4 toiseen. <b>Pauliina Parto<\/b>, Radio Manta<br \/>\nkuuntele mielell\u00e4\u00e4n. <b>Marja Tuomisaari<\/b>, Radio SUN, Pirkanmaa-Kanta-H\u00e4me<\/span><\/span><\/p>\n<h3 class=\"western\"><span style=\"font-family: Arial,sans-serif;\"><span style=\"font-size: medium;\">Maaliskuu <\/span><\/span><\/h3>\n<p><span style=\"font-family: Arial,sans-serif;\"><span style=\"font-size: medium;\"><b>JIPPU \u2013 Kuka teki minusta t\u00e4m\u00e4n naisen (HMC)<\/b><br \/>\n&#8211; Onhan Jippu sent\u00e4\u00e4n Jippu, mutta toivottavasti my\u00f6s vaihteleva Jippu!?! Henk.koht pid\u00e4n &#8221;Jipun&#8221; tyyppisest\u00e4 kerronnallisesta laulutavasta. Biisit ovat omia tarinoitaan vaikka ihan arkip\u00e4iiv\u00e4n sattumuksista. <b>Minna Mustonen<\/b>, Radio 967, Kokkola \u2013 Keski-Pohjanmaa<br \/>\n&#8211; Kokonaisvaltainen levy, joka kuvaa hyvin nuoren naisen taitoja tehd\u00e4 n\u00e4k\u00f6ist\u00e4ns\u00e4 musiikkia. <b>Piia Koriseva<\/b>, Radio 88,2, Salo &#8211; Forssa<br \/>\n&#8211; Albumi, jota kuunnellessa mielenkiinto pysyy yll\u00e4 koko ajan. <b>Hippi Hovi<\/b>, Radio Vaasa<\/span><\/span><\/p>\n<h3><span style=\"font-family: Arial,sans-serif;\"><span style=\"font-size: medium;\">Huhtikuu <\/span><\/span><\/h3>\n<p><span style=\"font-family: Arial,sans-serif;\"><span style=\"font-size: medium;\"><b>PAULI HANHINIEMI &amp; HEHKUMO \u2013 Aukkoja tarinassa (Universal)<\/b><br \/>\n&#8211; Tyylill\u00e4 ja taiten tehty\u00e4 folkpoppia. <b>Jussi H\u00e4kkil\u00e4<\/b>, Radio Pooki, Keski- ja Pohjois-Pohjanmaa, Meri-Lappi<br \/>\n&#8211; Kuukauden uutuuksista Hanhiniemen uusi on ylivoimainen. <b>Hippi Hovi<\/b>, Radio Vaasa <\/span><\/span><\/p>\n<h3 class=\"western\"><span style=\"font-family: Arial,sans-serif;\"><span style=\"font-size: medium;\">Toukokuu <\/span><\/span><\/h3>\n<p><span style=\"font-family: Arial,sans-serif;\"><span style=\"font-size: medium;\"><b>JANI &amp; JETSETTERS \u2013 Unelmien kiitotie (Universal)<\/b><br \/>\n&#8211; Jani &amp; Jetsetters t\u00e4r\u00e4ytti sellaisen kakkoslevyn, ett\u00e4 ihan ihmetytt\u00e4\u00e4. Hyv\u00e4n tasalaatuinen levy, jossa paljon loistavia biisej\u00e4. Surf-rautalanka toimii. <b>Anssi Saarelainen<\/b>, Radio Oikea Asema, Iisalmi-Kuopio-Varkaus<br \/>\n&#8211; Hyvin valitut kappaleet tekev\u00e4t toimivan kokonaisuuden. <b>P\u00e4ivi Karppinen<\/b>, Radio Kajaus, Kajaani-Kainuu-Koillismaa-Kuusamo<br \/>\n&#8211; Takuuvarma kes\u00e4n hittilevy, joka yhdess\u00e4 karismaattisen b\u00e4ndin kanssa tulee sulattamaan kes\u00e4syd\u00e4mi\u00e4 ymp\u00e4ri Suomen. Paljon tuttua Jani &amp; Jetsettersi\u00e4, mutta my\u00f6s navakasti pirteit\u00e4 tuulahduksia. Ilman t\u00e4t\u00e4 levy\u00e4 olo olisi kuin makkaralla nakkipaketissa. <b>Heidi Kahra<\/b>, Radio Sun, Lemp\u00e4\u00e4l\u00e4-Ikaalinen-Pirkanmaa-Kanta-H\u00e4me<br \/>\n&#8211; Surf-iskelm\u00e4 sulatti syd\u00e4met jo ensilevyll\u00e4 ja Unelmien kiitotie taitaa vied\u00e4 pojat viel\u00e4 syvemm\u00e4lle suomalaisten suosikiksi. Levy on tunnelmaltaan toimiva yhdistelm\u00e4 uutta ja vanhaa, ja sit\u00e4 tuntuu olevan kuuntelijakuntakin. Raikas levy tutulla surf-soundilla. <b>Jenni Puhakka<\/b>, Iskelm\u00e4 Rex, Joensuu-Pohjois-Karjala<br \/>\n&#8211; Unelmien kiitotie on taattua Jani &amp; Jetsettersi\u00e4; uniikkia ja upeaa rockia ja surfia. <b>Pauliina Parto<\/b>, Radio Manta, Vammala-Nokia<\/span><\/span><\/p>\n<h3><span style=\"font-family: Arial,sans-serif;\"><span style=\"font-size: medium;\">Kes\u00e4kuu <\/span><\/span><\/h3>\n<p><span style=\"font-family: Arial,sans-serif;\"><span style=\"font-size: medium;\"><b>SUVI TER\u00c4SNISKA \u2013 S\u00e4rkyneiden syd\u00e4nten tie (HMC \/ Warner)<\/b><br \/>\n&#8211; Mit\u00e4 mahtaa olla lis\u00e4tty Oulun juomaveteen, kun sielt\u00e4 tulee varsin tiuhaan uusia tuikkivia t\u00e4hti\u00e4 iskelm\u00e4taivaalle. Ter\u00e4sniskan tytt\u00f6kin t\u00e4r\u00e4ytti sellaisen esikoisalbumin, ett\u00e4 moni konkarikin kalpenee sen rinnalla. \u00c4\u00e4ni erottuu edukseen, kappaleet kest\u00e4v\u00e4t kuuntelua ja tulkintakin on varsin vaikuttavaa laulajan nuoresta i\u00e4st\u00e4 huolimatta. J\u00e4\u00e4mme odottamaan jatkoa. <b>Jenni Puhakka \/ Iskelm\u00e4 Rex<\/b>, Joensuu &#8211; Pohjois-Karjala<br \/>\n&#8211; Laulaja, josta kuullaan tulevaisuudessa paljon. <b>P\u00e4ivi Karppinen \/ Radio Kajaus<\/b>, Kajaaani \u2013 Kainuu \u2013 Kuusamo -Koillismaa<br \/>\n&#8211; T\u00e4ll\u00e4 kertaa ykk\u00f6sen valinta oli itsest\u00e4\u00e4n selv\u00e4. Nuori tytt\u00f6 ja t\u00e4llainen \u00e4\u00e4ni! Suvi hurmasi minut heti ensisinkullaan ja levy\u00e4 on odotettu kuin kuuta nousevaa. <b>Pauliina Parto, Radio Manta<\/b><\/span><\/span><\/p>\n<h3><span style=\"font-family: Arial,sans-serif;\"><span style=\"font-size: medium;\">Hein\u00e4kuu <\/span><\/span><\/h3>\n<p><span style=\"font-family: Arial,sans-serif;\"><span style=\"font-size: medium;\"><b>TAIVALKUNTA BEAT \u2013 Kaunis kulkija (MTG)<\/b><br \/>\n&#8211; Kitarapohjainen iskelm\u00f6inti toimii aina. Tossu notkuu&#8230; <b>Jussi H\u00e4kkil\u00e4, Radio Pooki<\/b>, Keski- ja Pohjois-Pohjanmaa, Meri-Lappi<br \/>\n&#8211; Rauhallinenkin levy toimii ja pist\u00e4\u00e4 ajattelemaan. <b>P.Karppinen, Radio Kajaus<\/b>, Kajaani \u2013 Kainuu &#8211; Kuusamo<\/span><\/span><\/p>\n<h3><span style=\"font-family: Arial,sans-serif;\"><span style=\"font-size: medium;\">Elokuu <\/span><\/span><\/h3>\n<p><span style=\"font-family: Arial,sans-serif;\"><span style=\"font-size: medium;\"><b>SIMO SILMU \u2013 Punaisessa talossa (Warner)<\/b><br \/>\n&#8211; Simo Silmu osoittaa kolmannella sooloalbumillaan kohoavansa suomalaisten mieslaulajien k\u00e4rkikastiin. Miehen \u00e4\u00e4ni kypsyy aromikkaaksi hyv\u00e4n viinin tavoin. <b>Marja Tuomisaari<\/b>, Radio Sun, Pirkanmaa &#8211; Satakunta &#8211; Kanta-H\u00e4me<br \/>\n&#8211; Simo Silmu on tehnyt levyllisen ihan mukavan soljuvaa musaa. Ei ehk\u00e4 ihan hittiainesta (toivottavasti olen v\u00e4\u00e4r\u00e4ss\u00e4), mutta radiosoitossa eteenp\u00e4in viev\u00e4\u00e4 musaa. Muutoin syssyn uutuuksista tulee mieleen mummon sanonta, ett\u00e4 vanhaa soppaa l\u00e4mmitt\u00e4ess\u00e4 ei saa muuta kuin huonot perunat. (Toisaalta taitaa se kaalisoppa parantua l\u00e4mmitett\u00e4ess\u00e4). <b>Minna Mustonen<\/b>, Radio 967, Kokkola<br \/>\n&#8211; Yksinkertaisesti: Simo Silmun laulanta kantaa ilman Y\u00f6linnun siipien havinaakin. <b>Pauliina Parto<\/b>, Radio Manta, Vammala-Nokia<br \/>\n&#8211; Ei t\u00e4\u00e4 kehumalla t\u00e4st\u00e4 komistu. Kuuntele ite! <b>Jussi H\u00e4kkil\u00e4<\/b>, Radio Pooki, Keski- ja Pohjois-Pohjanmaa, Meri-Lappi<\/span><\/span><\/p>\n<h3 class=\"western\"><span style=\"font-family: Arial,sans-serif;\"><span style=\"font-size: medium;\">Syyskuu <\/span><\/span><\/h3>\n<p><span style=\"font-family: Arial,sans-serif;\"><span style=\"font-size: medium;\"><b>JUHA TAPIO \u2013 Suurenmoinen el\u00e4m\u00e4 (Warner)<\/b><br \/>\n&#8211; Juha Tapio onnistuu olemaan eri-ik\u00e4isten suosikki. Laulut on tehty &#8221;isolla syd\u00e4mell\u00e4&#8221;. Tekstintekij\u00e4n\u00e4 mestarillinen. <b>Marja Tuomisaari<\/b>, Radio Sun, Pirkanmaa &#8211; Satakunta &#8211; Kanta-H\u00e4me<br \/>\n&#8211; Lauluja, joita kest\u00e4\u00e4 kuunnella useampaankin kertaan. Ajatuksella. <b>Jussi H\u00e4kkil\u00e4<\/b>, Radio Pooki, Keski- ja Pohjois-Pohjanmaa, Meri-Lappi<br \/>\n&#8211; Juhan levyn kappaleet ovat ajattomia eiv\u00e4tk\u00e4 kulu puhki ahkerallakaan soitolla. <b>P\u00e4ivi Karppinen<\/b>, Radio Kajaus, Kajaani \u2013 Kainuu &#8211; Kuusamo<br \/>\n&#8211; Herk\u00e4t sanoitukset ja Juhan karheanpehme\u00e4 \u00e4\u00e4ni sopivat t\u00e4ydellisesti n\u00e4ihin h\u00e4m\u00e4riin syysiltoihin. Viipyilev\u00e4n kokonaisuuden positiivisin yll\u00e4tt\u00e4j\u00e4 on kappale Min\u00e4 olen, sin\u00e4 olet. Se osoittaa, ett\u00e4 miehelt\u00e4 sujuu my\u00f6s rokahtavampi tempo. <b>Pauliina Parto<\/b>, Radio Manta, Vammala-Nokia<\/span><\/span><\/p>\n<h3 class=\"western\"><span style=\"font-family: Arial,sans-serif;\"><span style=\"font-size: medium;\">Lokakuu <\/span><\/span><\/h3>\n<p><span style=\"font-family: Arial,sans-serif;\"><span style=\"font-size: medium;\"><b>SUVI HILTUNEN \u2013 Oot valovuoden p\u00e4\u00e4ss\u00e4 (AllStar Music)<\/b><br \/>\n&#8211; Lahjakas ja raikas Suvi teki valloittavan esikoislevyn. Monta hyv\u00e4\u00e4 radiobiisi\u00e4. <b>Marja Tuomisaari <\/b>\/ Radio Sun, Pirkanmaa &#8211; Satakunta &#8211; Kanta-H\u00e4me<br \/>\n&#8211; Miten niin ved\u00e4n kotiin p\u00e4in&#8230;.? <b>Jussi H\u00e4kkil\u00e4 <\/b>\/ Radio Pooki, Keski- ja Pohjois-Pohjanmaa, Meri-Lappi<br \/>\n&#8211; Lahjakas ja taitava laulajatar. Kappaleiden valintaan k\u00e4ytetty aikaa, kokonaisuus toimii. Laulunt\u00e4yteinen tulevaisuus edess\u00e4. <b>P\u00e4ivi Karppinen<\/b> \/ Radio Kajaus, Kajaani \u2013 Kainuu &#8211; Kuusamo<\/span><\/span><\/p>\n<h3 class=\"western\"><span style=\"font-family: Arial,sans-serif;\"><span style=\"font-size: medium;\">Marraskuu <\/span><\/span><\/h3>\n<p><span style=\"font-family: Arial,sans-serif;\"><span style=\"font-size: medium;\"><b>VESA-MATTI LOIRI &#8211; Kasari (Warner)<\/b><br \/>\n&#8211; Pelkistetyn kaunis kokonaisuus, joka rakentuu Veskun tumman ja syv\u00e4n \u00e4\u00e4nen varaan. Ja mik\u00e4 onkaan rakentuessa, sen verran ainutlaatuista tulkintaa Loiri tarjoilee! <b>Pauliina Parto<\/b> \/ Radio Manta, Vammala-Nokia<br \/>\n&#8211; Vesku on tulkitsija vaikka voissa paistas&#8230; <b>Jussi H\u00e4kkil\u00e4 <\/b>\/ Radio Pooki, Keski- ja Pohjois-Pohjanmaa, Meri-Lappi<br \/>\n&#8211; Kyl n\u00e4\u00e4s Turhapuro on ykk\u00f6nen. <b>Ilmari Aikio<\/b>\/ Radio Inari<\/span><\/span><\/p>\n<h3 class=\"western\"><span style=\"font-family: Arial,sans-serif;\"><span style=\"font-size: medium;\">Vuoden joululevy<\/span><\/span><\/h3>\n<p><span style=\"font-family: Arial,sans-serif;\"><span style=\"font-size: medium;\"><b>FINLANDERS- Joulun rauhaa (MTG)<\/b><br \/>\n&#8211; Hieno sekoitus uusia ja jo ennest\u00e4\u00e4n tuttuja joululauluja. Jos t\u00e4m\u00e4 levy ei saa aikaan jouluisia tunnelmia niin ei mik\u00e4\u00e4n. Vankkumatonta Finkkujen taituruutta j\u00e4lleen kerran! Meid\u00e4n jouluun t\u00e4m\u00e4 ainakin kuuluu! <b>Piia Koriseva<\/b> \/ Radio 88,2, Salo<br \/>\n&#8211; Yhtye toimii my\u00f6s jouluisissa tunnelmissa. T\u00e4ll\u00e4 p\u00e4\u00e4see joulutunnelmaan. <b>P\u00e4ivi Karppinen<\/b> \/ Radio Kajaus, Kajaani-Kainuu-Koillismaa<br \/>\n&#8211; Jouluista tanssimusaa ei ole koskaan liikaa. <b>Jussi H\u00e4kkil\u00e4<\/b> \/ Radio Pooki, Keski- ja Pohjois-Pohjanmaa, Meri-Lappi<br \/>\n&#8211; Uskon oikeesti joulupukkiin&#8230; <b>Iskelm\u00e4-tonttu <\/b>\/ Radio Inari <\/span><\/span><\/p>\n","protected":false},"excerpt":{"rendered":"<p>Tammikuu TAUSKI &#8211; Oranssin auringon alla (Power) &#8211; Aurinkoinen ja toimiva levy. Tauski tykitt\u00e4\u00e4 edelleen, hyv\u00e4\u00e4 kannatti odottaa. P\u00e4ivi Karppinen,&#8230;<\/p>\n","protected":false},"author":1,"featured_media":0,"parent":0,"menu_order":0,"comment_status":"closed","ping_status":"closed","template":"","meta":[],"_links":{"self":[{"href":"https:\/\/www.hitit.fi\/index.php\/wp-json\/wp\/v2\/pages\/392"}],"collection":[{"href":"https:\/\/www.hitit.fi\/index.php\/wp-json\/wp\/v2\/pages"}],"about":[{"href":"https:\/\/www.hitit.fi\/index.php\/wp-json\/wp\/v2\/types\/page"}],"author":[{"embeddable":true,"href":"https:\/\/www.hitit.fi\/index.php\/wp-json\/wp\/v2\/users\/1"}],"replies":[{"embeddable":true,"href":"https:\/\/www.hitit.fi\/index.php\/wp-json\/wp\/v2\/comments?post=392"}],"version-history":[{"count":1,"href":"https:\/\/www.hitit.fi\/index.php\/wp-json\/wp\/v2\/pages\/392\/revisions"}],"predecessor-version":[{"id":8008,"href":"https:\/\/www.hitit.fi\/index.php\/wp-json\/wp\/v2\/pages\/392\/revisions\/8008"}],"wp:attachment":[{"href":"https:\/\/www.hitit.fi\/index.php\/wp-json\/wp\/v2\/media?parent=392"}],"curies":[{"name":"wp","href":"https:\/\/api.w.org\/{rel}","templated":true}]}}