{"id":395,"date":"2015-01-25T18:49:06","date_gmt":"2015-01-25T18:49:06","guid":{"rendered":"http:\/\/www.hitit.fi\/?page_id=395"},"modified":"2022-04-28T19:21:51","modified_gmt":"2022-04-28T16:21:51","slug":"395-2","status":"publish","type":"page","link":"https:\/\/www.hitit.fi\/index.php\/395-2\/","title":{"rendered":"Kuukauden Levyt 2009"},"content":{"rendered":"<h3><span style=\"font-family: Arial,sans-serif;\"><span style=\"font-size: medium;\">Tammikuu <\/span><\/span><\/h3>\n<p><span style=\"font-family: Arial,sans-serif;\"><span style=\"font-size: medium;\"><b>SUSANNA HEIKKI \u2013 Vietellen (Magnum)<\/b><br \/>\n&#8211; Susanna on tehnyt n\u00e4ytt\u00e4v\u00e4n paluun musiikin pariin. Aikuisen naisen el\u00e4m\u00e4\u00e4 tulkitaan vahvalla tunteella.: <b>P\u00e4ivi Karppinen<\/b> \/ Radio Kajaus, Kajaani \u2013 Kainuu &#8211; Kuusamo<br \/>\n&#8211; Ykk\u00f6nen. <b>Iskelm\u00e4-Ilmari<\/b> \/ Radio Inari<br \/>\n&#8211; Euroviisuveto Norjan edustuskappaleesta on aivan yliveto! Levytyksien ja keikkailun tauko tuntuu vain kypsytt\u00e4neen jo ennest\u00e4\u00e4nkin mukavan pehme\u00e4\u00e4 laulu\u00e4\u00e4nt\u00e4. <b>Marja Tuomisaari<\/b>, \/ Radio Sun, Pirkanmaa &#8211; Satakunta \u2013 Kanta-H\u00e4me<\/span><\/span><\/p>\n<h3><span style=\"font-family: Arial,sans-serif;\"><span style=\"font-size: medium;\">Helmikuu <\/span><\/span><\/h3>\n<p><span style=\"font-family: Arial,sans-serif;\"><span style=\"font-size: medium;\"><b>NELJ\u00c4NSUORA \u2013 Teet\u00e4 ja paahtoleip\u00e4\u00e4 (HMC)<\/b><br \/>\n&#8211; Nelj\u00e4nsuoran t\u00e4lt\u00e4 levylt\u00e4 meill\u00e4 menossa jo kolmas listaykk\u00f6nen. Mahtiballadien taitajilla nyt hyv\u00e4 meno p\u00e4\u00e4ll\u00e4&#8230;: <b>Marja Tuomisaari <\/b>\/ Radio Sun, Pirkanmaa &#8211; Satakunta &#8211; Kanta-H\u00e4me<br \/>\n&#8211; Letke\u00e4sti tehty\u00e4 2000-luvun iskelm\u00e4\u00e4, josta tunnistaa tutun Nelj\u00e4nsuora-soundin. Teksteiss\u00e4 tuore ote ikuisiin aiheisiin ja tulkinnassa sopivasti pilkett\u00e4 silm\u00e4kulmassa. <b>Jenni Puhakka <\/b>\/ Iskelm\u00e4 Rex &#8211; Joensuu\/Pohjois-Karjala<\/span><\/span><\/p>\n<h3 class=\"western\"><span style=\"font-family: Arial,sans-serif;\"><span style=\"font-size: medium;\">Maaliskuu <\/span><\/span><\/h3>\n<p><span style=\"font-family: Arial,sans-serif;\"><span style=\"font-size: medium;\"><b>KARI TAPIO \u2013 Viimeiseen pisaraan (Edel)<\/b><br \/>\n&#8211; Klisee, mutta mies vaan paranee vuosien vieriess\u00e4. Maatiaismeiningist\u00e4 lis\u00e4maustetta ennest\u00e4\u00e4n karismaattiseen \u00c4\u00c4NEEN. <b>Jussi H\u00e4kkil\u00e4<\/b> \/ Radio Pooki, Keski- ja Pohjois-Pohjanmaa, Meri-Lappi<br \/>\n&#8211; T\u00e4m\u00e4 toimii! Oikea levy, sopivaan aikaan. <b>P\u00e4ivi Karppinen<\/b> \/ Radio Kajaus, Kajaani \u2013 Kainuu \u2013 Kuusamo<\/span><\/span><\/p>\n<h3><span style=\"font-family: Arial,sans-serif;\"><span style=\"font-size: medium;\">Huhtikuu <\/span><\/span><\/h3>\n<p><span style=\"font-family: Arial,sans-serif;\"><span style=\"font-size: medium;\"><b>ANNIKA EKLUND \u2013 Valonarkaa (Warner)<\/b><br \/>\n&#8211; Julia j\u00e4i henkiin koukutti taas heti alkutahdeista l\u00e4htien eli Kerkon biisit istuvat Annikalle takuuvarmasti. Levyll\u00e4 my\u00f6s upeat Valonarkaa ja Siipirikko tuovat mukavasti monipuolisuutta. <b>Marja Tuomisaari<\/b> \/ Radio Sun, Pirkanmaa &#8211; Satakunta &#8211; Kanta-H\u00e4me<br \/>\n&#8211; Ihanan pirte\u00e4 Annika on palannut entist\u00e4 raikkaampana! <b>Pauliina Parto<\/b> \/ Radio Manta, Vammala \u2013 Satakunta &#8211; Pirkanmaa<br \/>\n&#8211; Ole hiljaa ja kuuntele mua! <b>Ilmari Aikio<\/b> \/ Radio Inari<\/span><\/span><\/p>\n<h3 class=\"western\"><span style=\"font-family: Arial,sans-serif;\"><span style=\"font-size: medium;\">Toukokuu <\/span><\/span><\/h3>\n<p><span style=\"font-family: Arial,sans-serif;\"><span style=\"font-size: medium;\"><b>MARKUS T\u00d6RM\u00c4L\u00c4 &amp; FBI-BEAT \u2013 Kuulethan mua (MTG)<\/b><br \/>\n&#8211; Yhtyeen musiikissa on se tanssimusiikin tunnelma. Osaamista l\u00f6ytyy ja he ovat tyylilleen uskollisia ja hyv\u00e4 n\u00e4in. Vahva ja tasapainoinen levy. <b>Lasse Finska <\/b>\/ Lomaradio 93,6 MHz, p\u00e4\u00e4kaupunkiseutu<br \/>\n&#8211; Tutulla, toimivalla tyylill\u00e4 tehty\u00e4 hyv\u00e4\u00e4 musiikkia.: <b>P\u00e4ivi Karppinen<\/b> \/ Radio Kajaus, Kajaani-Kuusamo-Kainuu.-Koillismaa<\/span><\/span><\/p>\n<h3 class=\"western\"><span style=\"font-family: Arial,sans-serif;\"><span style=\"font-size: medium;\">Kes\u00e4kuu <\/span><\/span><\/h3>\n<p><span style=\"font-family: Arial,sans-serif;\"><span style=\"font-size: medium;\"><b>ANNA PUU (Sony)<\/b><br \/>\n&#8211; Konkareiden k\u00e4denj\u00e4lki kuuluu l\u00e4pi levyn, josta Anna tekee tulkinnoillaan persoonallisen ja monivivahteisen. Kest\u00e4\u00e4 useammankin kuuntelukerran. <b>Jenni Puhakka <\/b>\/ Iskelm\u00e4 Rex &#8211; Joensuu\/Pohjois-Karjala<br \/>\n&#8211; Anna Puu on loistava laulaja, tulkitsija, h\u00e4nt\u00e4 tarvitaan. <b>Jarkki Rintala<\/b> \/ Radio 967 &#8211; Kokkola<br \/>\n&#8211; Hienosti rakennettu tuote. <b>Hippi Hovi<\/b> \/ Radio Vaasa<br \/>\n&#8211; Ensimm\u00e4inen albumi oli hyv\u00e4, toista odotellessa toivon mukaan viel\u00e4 paranee.. <b>Ilmari Aikio <\/b>\/ Radio Inari<\/span><\/span><\/p>\n<h3 class=\"western\"><span style=\"font-family: Arial,sans-serif;\"><span style=\"font-size: medium;\">Hein\u00e4kuu <\/span><\/span><\/h3>\n<p><span style=\"font-family: Arial,sans-serif;\"><span style=\"font-size: medium;\"><b>SINITAIVAS \u2013 Suomen Sinitaivas (Magnum)<\/b><br \/>\n&#8211; Loistavaa tanssi ja kuuntelumusiikkia, k\u00e4y mukavasti tanssijalanalle sek\u00e4 korvalle. <b>Lasse Finska<\/b> \/ Lomaradio, Helsinki-Uusimaa<br \/>\n&#8211; Hieno kokonaisuus, jossa on uusia kappaleita ja muutama vanhempi p\u00e4ivitetty t\u00e4m\u00e4n p\u00e4iv\u00e4n tanssijoille ja kuulijoille. <b>P\u00e4ivi Karppinen<\/b> \/ Radio Kajaus, Kajaani \u2013Kuusamo \u2013 Kainuu &#8211; Koillismaa<br \/>\n&#8211; Tanssikansan tietoisuuteen erityisen monipuolisella ja oikearytmisell\u00e4 ohjelmistollaan ponnahtanut Sinitaivas erottuu edukseen my\u00f6s levyll\u00e4. &#8221;Pikkufinkkujen&#8221; pitk\u00e4soitto on tunnelmaltaan kuin onnistunut tanssi-ilta. <b>Jenni Puhakka <\/b>\/ Iskelm\u00e4 Rex, Joensuu &#8211; Pohjois-Karjala<\/span><\/span><\/p>\n<h3 class=\"western\"><span style=\"font-family: Arial,sans-serif;\"><span style=\"font-size: medium;\">Elokuu <\/span><\/span><\/h3>\n<p><span style=\"font-family: Arial,sans-serif;\"><span style=\"font-size: medium;\"><b>TAIKAKUU \u2013 Seisovaa vett\u00e4 (Magnum)<\/b><br \/>\n&#8211; Ammattilaisten k\u00e4denj\u00e4lki kuuluu kautta linjan ja my\u00f6s tulkinnat ovat saaneet uudenlaista syvyytt\u00e4, kun Taikakuun pojista on tullut miehi\u00e4. Levylt\u00e4 l\u00f6ytyy useampikin irrotus radiosoittoon. <b>Jenni Puhakka<\/b> &#8211; Iskelm\u00e4 Rex, Joensuu\/Pohjois-Karjala<br \/>\n&#8211; Loistava kokonaisuus j\u00e4lleen kerran. Kappaleita joka tunnelmaan kuunnellen kuin tanssienkin. <b>P\u00e4ivi Karppinen<\/b> &#8211; Radio Kajaus, Kajaani-Kainuu-Koillismaa<br \/>\n&#8211; Perusvarmaa Taikakuuta. Onnen t\u00e4hti-ilta ja Piikkilankaa ovat soineet meill\u00e4 paljon. <b>Jyrki Hakanen<\/b> &#8211; Radio Sun, Pirkanmaa-Kanta-H\u00e4me-Satakunta<br \/>\n&#8211; Aitoa ja oikeaa Taikakuuta. T\u00e4ss\u00e4 on esitt\u00e4misen meininki\u00e4 ja Taikakuun pojat ovat aidolla musiikin asialla. <b>Lasse Finska<\/b> \u2013 Lomaradio, Helsinki\/Uusimaa <\/span><\/span><\/p>\n<h3><span style=\"font-family: Arial,sans-serif;\"><span style=\"font-size: medium;\">Syyskuu <\/span><\/span><\/h3>\n<p><span style=\"font-family: Arial,sans-serif;\"><span style=\"font-size: medium;\"><b>JANI &amp; JETSETTERS \u2013 Matkalaiset (Universal)<\/b><br \/>\n&#8211; Tuotanto paranee levy levylt\u00e4. Soittamisen ilon kuulee. <b>P\u00e4ivi Karppinen<\/b> &#8211; Radio Kajaus, Kajaani-Kainuu-Koillismaa<br \/>\n&#8211; Ammattitaitoa. Lenn\u00e4 pois on ollut yksi SUN Radion kovimpia hittej\u00e4 kuluvana vuonna. Kumpikin jatkaa tuoreimpana lohkaisuna samalla hittilinjalla. <b>Jyrki Hakanen<\/b> &#8211; Radio Sun, Pirkanmaa-Kanta-H\u00e4me-Satakunta<\/span><\/span><\/p>\n<h3><span style=\"font-family: Arial,sans-serif;\"><span style=\"font-size: medium;\">Lokakuu <\/span><\/span><\/h3>\n<p><span style=\"font-family: Arial,sans-serif;\"><span style=\"font-size: medium;\"><b>TOPI SORSAKOSKI &#8211; Itse asiassa (Finpile) <\/b><br \/>\n&#8211; Upeista ehdokkaista Topi vie t\u00e4ll\u00e4 kertaa pisimm\u00e4n korren. Hienoja tekstej\u00e4 yhdistettyn\u00e4 Topin sielukkuuteen. Kest\u00e4\u00e4 kuuntelua. <b>Jyrki Hakanen<\/b> &#8211; Radio Sun, Pirkanmaa-Kanta-H\u00e4me-Satakunta<\/span><\/span><\/p>\n<h3 class=\"western\"><span style=\"font-family: Arial,sans-serif;\"><span style=\"font-size: medium;\">Marraskuu <\/span><\/span><\/h3>\n<p><span style=\"font-family: Arial,sans-serif;\"><span style=\"font-size: medium;\"><b>RESSU REDFORD &amp; JUSSI RAINIO \u2013 R &amp; J (Bonnier)<\/b><br \/>\n&#8211; Suomipopin takavuosien ikonit ovat vahvassa vireess\u00e4. Prinsessa ja Katariina soivat meill\u00e4 ahkerasti. <b>Jyrki Hakanen<\/b> &#8211; Radio Sun, Pirkanmaa-Kanta-H\u00e4me-Satakunta<br \/>\n&#8211; Hyv\u00e4\u00e4 kasarimeininki\u00e4 vahvoilta ammattilaisilta t\u00e4h\u00e4n synkk\u00e4\u00e4n syksyyn. <b>Jarkki Rintala<\/b> &#8211; Radio 967, Kokkola-Keski-Pohjanmaa<\/span><\/span><\/p>\n<h3 class=\"western\"><span style=\"font-family: Arial,sans-serif;\"><span style=\"font-size: medium;\">Joulukuu <\/span><\/span><\/h3>\n<p><span style=\"font-family: Arial,sans-serif;\"><span style=\"font-size: medium;\"><b>ERI ESITT\u00c4JI\u00c4 &#8211; Juice4ever (Poptori)<\/b><br \/>\n&#8211; Kun Mikko Alatalo, Mika Sundqvist, Pate Mustaj\u00e4rvi, Seppo Tammilehto ja kumppanit menev\u00e4t studioon Juicea d\u00e4ng-d\u00e4ng\u00e4\u00e4m\u00e4\u00e4n, silloin on turha tyrkytt\u00e4\u00e4 muita kuukauden levyksi. Vuoden levykin valmistui samalla. <b>Jarkki Rintala<\/b> &#8211; Radio 967, Kokkola-Keski-Pohjanmaa<br \/>\n&#8211; Juice forever! <b>Ilmari Aikio<\/b> &#8211; Radio Inari<br \/>\n&#8211; I\u00e4tt\u00f6m\u00e4t kappaleet toimivat uusina tulkintoina. <b>P\u00e4ivi Karppinen<\/b> &#8211; Radio Kajaus, Kajaani-Kainuu-Koillismaa<\/span><\/span><\/p>\n<p>&nbsp;<\/p>\n<h3><span style=\"font-family: Arial,sans-serif;\"><span style=\"font-size: medium;\">Vuoden joululevy<\/span><\/span><\/h3>\n<p><span style=\"font-family: Arial,sans-serif;\"><span style=\"font-size: medium;\"><b>SUVI TER\u00c4SNISKA &#8211; Tulkoon joulu (HMC)<\/b><br \/>\n&#8211; T\u00e4t\u00e4 on odotettu &#8211; kokonainen joulualbumi upealta Suvilta! Hei mummo -biisi on Sun Radion toivotuimpia joululauluja. <b>Jyrki Hakanen<\/b> &#8211; Sun Radio, Pirkanmaa-Kanta-H\u00e4me-Satakunta<br \/>\n&#8211; Jouluksi mummolaan odottelemaan pikkuveljen joulupuuron valmistumista. <b>Ilmari Aikio<\/b>, Radio Inari<br \/>\n&#8211; Koskettava ja herkk\u00e4. <b>Liina Matveinen<\/b>, Iskelm\u00e4 Rex, Joensuu-Pohjois-Karjala<\/span><\/span><\/p>\n","protected":false},"excerpt":{"rendered":"<p>Tammikuu SUSANNA HEIKKI \u2013 Vietellen (Magnum) &#8211; Susanna on tehnyt n\u00e4ytt\u00e4v\u00e4n paluun musiikin pariin. Aikuisen naisen el\u00e4m\u00e4\u00e4 tulkitaan vahvalla tunteella.:&#8230;<\/p>\n","protected":false},"author":1,"featured_media":0,"parent":0,"menu_order":0,"comment_status":"closed","ping_status":"closed","template":"","meta":[],"_links":{"self":[{"href":"https:\/\/www.hitit.fi\/index.php\/wp-json\/wp\/v2\/pages\/395"}],"collection":[{"href":"https:\/\/www.hitit.fi\/index.php\/wp-json\/wp\/v2\/pages"}],"about":[{"href":"https:\/\/www.hitit.fi\/index.php\/wp-json\/wp\/v2\/types\/page"}],"author":[{"embeddable":true,"href":"https:\/\/www.hitit.fi\/index.php\/wp-json\/wp\/v2\/users\/1"}],"replies":[{"embeddable":true,"href":"https:\/\/www.hitit.fi\/index.php\/wp-json\/wp\/v2\/comments?post=395"}],"version-history":[{"count":1,"href":"https:\/\/www.hitit.fi\/index.php\/wp-json\/wp\/v2\/pages\/395\/revisions"}],"predecessor-version":[{"id":8009,"href":"https:\/\/www.hitit.fi\/index.php\/wp-json\/wp\/v2\/pages\/395\/revisions\/8009"}],"wp:attachment":[{"href":"https:\/\/www.hitit.fi\/index.php\/wp-json\/wp\/v2\/media?parent=395"}],"curies":[{"name":"wp","href":"https:\/\/api.w.org\/{rel}","templated":true}]}}