{"id":399,"date":"2015-01-25T18:55:44","date_gmt":"2015-01-25T18:55:44","guid":{"rendered":"http:\/\/www.hitit.fi\/?page_id=399"},"modified":"2022-04-28T19:21:58","modified_gmt":"2022-04-28T16:21:58","slug":"kuukauden-levyt-2010","status":"publish","type":"page","link":"https:\/\/www.hitit.fi\/index.php\/kuukauden-levyt-2010\/","title":{"rendered":"Kuukauden Levyt 2010"},"content":{"rendered":"<h3><span style=\"font-family: Arial,sans-serif;\"><span style=\"font-size: medium;\">Tammikuu<br \/>\n<\/span><\/span><\/h3>\n<p><span style=\"font-family: Arial,sans-serif;\"><span style=\"font-size: medium;\"><b>TOMI MARKKOLA \u2013 Muistan (Mediamusiikki)<\/b><br \/>\n&#8211; Mukava kokonaisuus. J\u00e4iset puut ja luminen maa sopii vallitsevaan postikorttimaisemaan paremmin kuin hyvin. <b>Jyrki Hakanen<\/b> &#8211; Radio Sun, Pirkanmaa-Kanta-H\u00e4me-Satakunta<br \/>\n&#8211; Loistavaa uutta Tomi Markkolaa, aivan kuin tuulahdus entisest\u00e4. Mies on kuosissa musiikissaan. <b>Lasse Fnska<\/b> \/Lomaradio (Nettiradio)<br \/>\n<\/span><\/span><\/p>\n<h3><span style=\"font-family: Arial,sans-serif;\"><span style=\"font-size: medium;\">Helmikuu <\/span><\/span><\/h3>\n<p><span style=\"font-family: Arial,sans-serif;\"><span style=\"font-size: medium;\"><b>MIKAEL KONTTINEN \u2013 Ota kiinni (Universal)<\/b><br \/>\n&#8211; Kiinni otettiin &#8211; ja t\u00e4m\u00e4 koppi todella kannatti! Yksin\u00e4inen on jo kolmas hitti t\u00e4lt\u00e4 albumilta Sun Radion listalla. <b>Jyrki Hakanen<\/b> &#8211; Radio Sun, Pirkanmaa-Kanta-H\u00e4me-Satakunta<br \/>\n&#8211; Monipuolinen musiikillinen kokonaisuus. <b>P\u00e4ivi Karppinen<\/b> &#8211; Radio Kajaus, Kajaani-Kainuu-Koillismaa<br \/>\n<\/span><\/span><\/p>\n<h3><span style=\"font-family: Arial,sans-serif;\"><span style=\"font-size: medium;\">Maaliskuu <\/span><\/span><\/h3>\n<p><span style=\"font-family: Arial,sans-serif;\"><span style=\"font-size: medium;\"><b>JANNE RAAPPANA \u2013 Rakkaus on hulluus (EMI)<\/b><br \/>\n&#8211; Monipuolisen musiikin taitava tulkitsija. Kokonaisuus usean kuuntelun arvoinen, ja aina paranee. <b>P\u00e4ivi Karppinen<\/b> \/ Radio Kajaus<br \/>\n&#8211; Eih\u00e4n t\u00e4m\u00e4 kehumalla t\u00e4st\u00e4 komistu&#8230; <b>Jussi H\u00e4kkil\u00e4<\/b> \/ Radio Pooki<\/span><\/span><\/p>\n<h3><span style=\"font-family: Arial,sans-serif;\"><span style=\"font-size: medium;\">Huhtikuu <\/span><\/span><\/h3>\n<p><span style=\"font-family: Arial,sans-serif;\"><span style=\"font-size: medium;\"><b>JUKKA LAMPELA \u2013 Sun luo (Magnum)<\/b><br \/>\n&#8211; T\u00e4st\u00e4 ei levy en\u00e4\u00e4 paremmaksi voi muuttua. Hittej\u00e4 kaikki! <b>P\u00e4ivi Karppinen <\/b>\/ Radio Kajaus<br \/>\n&#8211; Radioon ja tanssiparketeille varsin miellytt\u00e4v\u00e4 ja mukava kokonaisuus hyv\u00e4\u00e4 kotimaista musiikkia. <b>Lasse Fnska<\/b> \/ Lomaradio <\/span><\/span><\/p>\n<h3><span style=\"font-family: Arial,sans-serif;\"><span style=\"font-size: medium;\">Toukokuu <\/span><\/span><\/h3>\n<p><span style=\"font-family: Arial,sans-serif;\"><span style=\"font-size: medium;\"><b>PASI VAINIONPER\u00c4 \u2013 Rakkaudessa suuria (Warner)<\/b><br \/>\n&#8211; Albumin nime\u00e4 kantava Rakkaudessa suuria on yksi hienoimmista 2000-luvulla t\u00e4h\u00e4n asti tehdyist\u00e4 iskelm\u00e4kappaleista Suomessa. Levyll\u00e4 on my\u00f6s muita hyvi\u00e4 lauluja. <b>Jyrki Hakanen <\/b>\/ Radio Sun<br \/>\n&#8211; Uutta tulokasta sielt\u00e4 paremmasta p\u00e4\u00e4st\u00e4. <b>Jussi H\u00e4kkil\u00e4 <\/b>\/ Radio Pooki<br \/>\n<\/span><\/span><\/p>\n<h3><span style=\"font-family: Arial,sans-serif;\"><span style=\"font-size: medium;\">Kes\u00e4kuu <\/span><\/span><\/h3>\n<p><span style=\"font-family: Arial,sans-serif;\"><span style=\"font-size: medium;\"><b>SEPPO TAMMILEHTO &#8211; Tuuleen kuiskattuja tarinoita (Tamsongs)<\/b><br \/>\n&#8211; Pitk\u00e4nlinjan soittaja ja legendaarista Tammileh-tojen soittajasukua. Kun kuuntelemme tulkintoja, tied\u00e4mme miksi t\u00e4m\u00e4 on kuukaudenlevy. <b>Jarkki Rintala<\/b> \/ Radio 967<br \/>\n&#8211; Reipasta menoa, uutta musaa. <b>Jussi H\u00e4kkil\u00e4<\/b> \/ Radio Pooki<br \/>\n&#8211; Kuukauden levy on Seppo Tammilehdon uusin. Perinteit\u00e4 kunnioittavaa iskelm\u00e4\u00e4. <b>Hippi Hovi<\/b> \/ Radio Vaasa<br \/>\n<\/span><\/span><\/p>\n<h3><span style=\"font-family: Arial,sans-serif;\"><span style=\"font-size: medium;\">Hein\u00e4kuu <\/span><\/span><\/h3>\n<p><span style=\"font-family: Arial,sans-serif;\"><span style=\"font-size: medium;\"><b>JOPE RUONANSUU &#8211; Naamakirja (AXR)<\/b><br \/>\n&#8211; Aina ajan tasalla oleva Jope. Toimii! <b>P\u00e4ivi Karppinen<\/b> \/ Radio Kajaus<br \/>\n&#8211; Loistavaa huumoria ja hauskaa, josta saa pitk\u00e4t naurut useampaankin kertaan. <b>Lasse Finska<\/b> \/ Lomaradio<br \/>\n&#8211; Naamakirjapa hyvinkin &#8211; koukussa ollaan. Jopelle huumori sopii kuin nen\u00e4 p\u00e4\u00e4h\u00e4n.<b>Jyrki Hakanen <\/b>\/ Radio Sun<br \/>\n&#8211; No, Jope tietenki, ku naamakirjassa ollaan \ud83d\ude42 <b>Ilmari Aikio<\/b> \/ Radio Inari<\/span><\/span><\/p>\n<h3 class=\"western\"><span style=\"font-family: Arial,sans-serif;\"><span style=\"font-size: medium;\">Elokuu <\/span><\/span><\/h3>\n<p><span style=\"font-family: Arial,sans-serif;\"><span style=\"font-size: medium;\"><b>IN THE MOOD &#8211; Ajatustenlukija (Spiral)<\/b><br \/>\n&#8211; In the Mood Erottuu positiivisesti rautalankavaikutteisella, 1960-luvun iskelm\u00e4\u00e4 kunnioittavalla musiikilla monista muista tanssiyhtyeist\u00e4. <b>Minna Isotalo<\/b> \/ Radio Manta<br \/>\n&#8211; T\u00e4t\u00e4 levy\u00e4 kannatti odottaa. Kest\u00e4\u00e4 useammankin kuuntelun. <b>P\u00e4ivi Karppinen<\/b> \/ Radio Kajaus<\/span><\/span><\/p>\n<h3 class=\"western\"><span style=\"font-family: Arial,sans-serif;\"><span style=\"font-size: medium;\">Syyskuu <\/span><\/span><\/h3>\n<p><span style=\"font-family: Arial,sans-serif;\"><span style=\"font-size: medium;\"><b>SUVI TER\u00c4SNISKA &#8211; Rakkaus p\u00e4\u00e4llemme sataa (HMC \/ Warner)<\/b><br \/>\n&#8211; Suvin \u00e4\u00e4ni on kerrassaan upea. Uudelle albumille &#8211; kuten ihanalle Suvillekin on helppo povata pitk\u00e4\u00e4 uraa. <b>Jyrki Hakanen <\/b>\/ Radio Sun<br \/>\n&#8211; Sataa vett\u00e4, sataa lunta ja nyt Rakkaus p\u00e4\u00e4llemme sataa. <b>Ilmari Aikio<\/b> \/ Radio Inari<br \/>\n&#8211; Jos mahollista, viel\u00e4 parempi kuin edellinen. <b>Jussi H\u00e4kkil\u00e4<\/b> \/ Radio Pooki<\/span><\/span><\/p>\n<h3 class=\"western\"><span style=\"font-family: Arial,sans-serif;\"><span style=\"font-size: medium;\">Lokakuu <\/span><\/span><\/h3>\n<p><span style=\"font-family: Arial,sans-serif;\"><span style=\"font-size: medium;\"><b>KIRSI RANTO &#8211; L\u00e4ikyt\u00e4t mua (omak.)<\/b><br \/>\n&#8211; El\u00e4m\u00e4nmakuinen levy vahvalla tunteella tulkittuna. <b>P\u00e4ivi Karppinen<\/b> \/ Radio Kajaus<\/span><\/span><\/p>\n<h3 class=\"western\"><span style=\"font-family: Arial,sans-serif;\"><span style=\"font-size: medium;\">Marraskuu <\/span><\/span><\/h3>\n<p><span style=\"font-family: Arial,sans-serif;\"><span style=\"font-size: medium;\"><b>KAIJA KOO &#8211; Irti (P\u00e4ij\u00e4t-H\u00e4meen Sorto &amp; Riisto)<\/b><br \/>\n&#8211; Vapaa artisti tekee menevi\u00e4 kappaleita erinomaisen kokoonpanon kanssa. Toni Wirtanen osaa sanoittaa. <b>Ilmari Aikio<\/b> \/ Radio Inari<br \/>\n&#8211; Kaija Koon Vapaa rikkoi meill\u00e4 Sun Radiossa l\u00e4hes enn\u00e4tyksi\u00e4 olemalla yhdeks\u00e4n viikkoa putkeen listaykk\u00f6sen\u00e4. Uusi albumi on todella hyv\u00e4! <b>Jyrki Hakanen<\/b> \/ Radio Sun<\/span><\/span><\/p>\n<h3 class=\"western\"><span style=\"font-family: Arial,sans-serif;\"><span style=\"font-size: medium;\">Vuoden joululevy<\/span><\/span><\/h3>\n<p><span style=\"font-family: Arial,sans-serif;\"><span style=\"font-size: medium;\"><b>TOMI METS\u00c4KETO &#8211; Kuului laulu enkelten (Sony)<\/b><br \/>\n&#8211; Harkittu kokonaisuus. <b>Hippi Hovi<\/b> \/ Radio Vaasa<br \/>\n&#8211; Melko tyylik\u00e4s kokonaisuus. <b>Jyrki Hakanen <\/b>\/ Radio Sun, Pirkanmaa-Kanta-H\u00e4me-Satakunta<\/span><\/span><\/p>\n","protected":false},"excerpt":{"rendered":"<p>Tammikuu TOMI MARKKOLA \u2013 Muistan (Mediamusiikki) &#8211; Mukava kokonaisuus. J\u00e4iset puut ja luminen maa sopii vallitsevaan postikorttimaisemaan paremmin kuin hyvin&#8230;.<\/p>\n","protected":false},"author":1,"featured_media":0,"parent":0,"menu_order":0,"comment_status":"closed","ping_status":"closed","template":"","meta":[],"_links":{"self":[{"href":"https:\/\/www.hitit.fi\/index.php\/wp-json\/wp\/v2\/pages\/399"}],"collection":[{"href":"https:\/\/www.hitit.fi\/index.php\/wp-json\/wp\/v2\/pages"}],"about":[{"href":"https:\/\/www.hitit.fi\/index.php\/wp-json\/wp\/v2\/types\/page"}],"author":[{"embeddable":true,"href":"https:\/\/www.hitit.fi\/index.php\/wp-json\/wp\/v2\/users\/1"}],"replies":[{"embeddable":true,"href":"https:\/\/www.hitit.fi\/index.php\/wp-json\/wp\/v2\/comments?post=399"}],"version-history":[{"count":1,"href":"https:\/\/www.hitit.fi\/index.php\/wp-json\/wp\/v2\/pages\/399\/revisions"}],"predecessor-version":[{"id":8010,"href":"https:\/\/www.hitit.fi\/index.php\/wp-json\/wp\/v2\/pages\/399\/revisions\/8010"}],"wp:attachment":[{"href":"https:\/\/www.hitit.fi\/index.php\/wp-json\/wp\/v2\/media?parent=399"}],"curies":[{"name":"wp","href":"https:\/\/api.w.org\/{rel}","templated":true}]}}